176.53.219.208 - - [11/Feb/2025:21:13:54 +0000] "GET / HTTP/1.1" 301 246 "-" "Mozilla/5.0 (Windows NT 10.0; Win64; x64) AppleWebKit/537.36 (KHTML, like Gecko) Chrome/94.0.4606.61 Safari/537.36"
176.53.219.208 - - [11/Feb/2025:21:13:54 +0000] "GET / HTTP/1.1" 301 246 "-" "Mozilla/5.0 (Windows NT 10.0; Win64; x64) AppleWebKit/537.36 (KHTML, like Gecko) Chrome/94.0.4606.61 Safari/537.36"
176.53.219.208 - - [11/Feb/2025:21:13:54 +0000] "GET /favicon.ico HTTP/1.1" 200 15377 "-" "Mozilla/5.0 (Windows NT 10.0; Win64; x64) AppleWebKit/537.36 (KHTML, like Gecko) Chrome/94.0.4606.61 Safari/537.36"
95.108.213.219 - - [11/Feb/2025:21:13:56 +0000] "GET / HTTP/1.1" 403 501 "-" "Mozilla/5.0 (compatible; YandexMetrika/2.0; +http://yandex.com/bots yabs01)"
213.180.203.173 - - [11/Feb/2025:21:14:05 +0000] "GET / HTTP/1.1" 403 501 "-" "Mozilla/5.0 (compatible; YandexMetrika/2.0; +http://yandex.com/bots yabs01)"
213.180.203.233 - - [11/Feb/2025:21:14:16 +0000] "GET / HTTP/1.1" 403 501 "-" "Mozilla/5.0 (compatible; YandexMetrika/2.0; +http://yandex.com/bots yabs01)"
213.180.203.235 - - [11/Feb/2025:21:14:26 +0000] "GET / HTTP/1.1" 403 501 "-" "Mozilla/5.0 (compatible; YandexMetrika/2.0; +http://yandex.com/bots yabs01)"
172.69.194.26 - - [11/Feb/2025:21:16:18 +0000] "GET / HTTP/1.1" 403 497 "-" "Mozilla/5.0 (iPhone; CPU iPhone OS 13_2_3 like Mac OS X) AppleWebKit/605.1.15 (KHTML, like Gecko) Version/13.0.3 Mobile/15E148 Safari/604.1"
4.227.36.127 - - [11/Feb/2025:21:21:13 +0000] "GET /robots.txt HTTP/1.1" 200 3729 "-" "Mozilla/5.0 AppleWebKit/537.36 (KHTML, like Gecko; compatible; GPTBot/1.2; +https://openai.com/gptbot)"
20.171.207.50 - - [11/Feb/2025:21:21:14 +0000] "GET /images/site/w850-5889e9c20db08.jpg HTTP/1.1" 200 70492 "-" "Mozilla/5.0 AppleWebKit/537.36 (KHTML, like Gecko; compatible; GPTBot/1.2; +https://openai.com/gptbot)"
95.108.213.221 - - [11/Feb/2025:21:22:54 +0000] "GET / HTTP/1.1" 403 501 "-" "Mozilla/5.0 (compatible; YandexMetrika/2.0; +http://yandex.com/bots yabs01)"
5.255.231.2 - - [11/Feb/2025:21:23:07 +0000] "GET / HTTP/1.1" 403 501 "-" "Mozilla/5.0 (compatible; YandexMetrika/2.0; +http://yandex.com/bots yabs01)"
213.180.203.104 - - [11/Feb/2025:21:23:18 +0000] "GET / HTTP/1.1" 403 501 "-" "Mozilla/5.0 (compatible; YandexMetrika/2.0; +http://yandex.com/bots yabs01)"
95.108.213.112 - - [11/Feb/2025:21:23:31 +0000] "GET / HTTP/1.1" 403 501 "-" "Mozilla/5.0 (compatible; YandexMetrika/2.0; +http://yandex.com/bots yabs01)"
188.68.53.226 - - [11/Feb/2025:21:23:33 +0000] "GET /order/add?id=2946573 HTTP/1.1" 404 3775 "-" "Mozilla/5.0 (Windows NT 10.0; Win64; x64) AppleWebKit/537.36 (KHTML, like Gecko) Chrome/100.0.2709.927 Safari/537.36"
152.53.111.166 - - [11/Feb/2025:21:24:01 +0000] "GET /egypt/sea-serpent?tourId=2944802 HTTP/1.1" 404 3775 "-" "Mozilla/5.0 (Windows NT 10.0; Win64; x64) AppleWebKit/537.36 (KHTML, like Gecko) Chrome/100.0.3376.610 Safari/537.36"
104.236.104.29 - - [11/Feb/2025:21:24:26 +0000] "POST / HTTP/1.1" 301 574 "-" "Mozilla/5.0 (X11; Linux x86_64) AppleWebKit/537.36 (KHTML, like Gecko) Chrome/81.0.4044.129 Safari/537.36"
104.236.104.29 - - [11/Feb/2025:21:24:30 +0000] "POST / HTTP/1.1" 301 3809 "-" "Mozilla/5.0 (X11; Linux x86_64) AppleWebKit/537.36 (KHTML, like Gecko) Chrome/81.0.4044.129 Safari/537.36"
104.236.104.29 - - [11/Feb/2025:21:24:34 +0000] "GET /.env HTTP/1.1" 301 582 "-" "Mozilla/5.0 (X11; Linux x86_64) AppleWebKit/537.36 (KHTML, like Gecko) Chrome/81.0.4044.129 Safari/537.36"
104.236.104.29 - - [11/Feb/2025:21:24:37 +0000] "GET /.env HTTP/1.1" 404 3812 "-" "Mozilla/5.0 (X11; Linux x86_64) AppleWebKit/537.36 (KHTML, like Gecko) Chrome/81.0.4044.129 Safari/537.36"
104.236.104.29 - - [11/Feb/2025:21:24:40 +0000] "GET /.env.bak HTTP/1.1" 301 590 "-" "Mozilla/5.0 (X11; Linux x86_64) AppleWebKit/537.36 (KHTML, like Gecko) Chrome/81.0.4044.129 Safari/537.36"
104.236.104.29 - - [11/Feb/2025:21:24:44 +0000] "GET /.env.bak HTTP/1.1" 404 3812 "-" "Mozilla/5.0 (X11; Linux x86_64) AppleWebKit/537.36 (KHTML, like Gecko) Chrome/81.0.4044.129 Safari/537.36"
104.236.104.29 - - [11/Feb/2025:21:24:47 +0000] "GET /core/.env HTTP/1.1" 301 592 "-" "Mozilla/5.0 (X11; Linux x86_64) AppleWebKit/537.36 (KHTML, like Gecko) Chrome/81.0.4044.129 Safari/537.36"
104.236.104.29 - - [11/Feb/2025:21:24:50 +0000] "GET /core/.env HTTP/1.1" 404 3812 "-" "Mozilla/5.0 (X11; Linux x86_64) AppleWebKit/537.36 (KHTML, like Gecko) Chrome/81.0.4044.129 Safari/537.36"
104.236.104.29 - - [11/Feb/2025:21:24:52 +0000] "GET /public/.env HTTP/1.1" 301 596 "-" "Mozilla/5.0 (X11; Linux x86_64) AppleWebKit/537.36 (KHTML, like Gecko) Chrome/81.0.4044.129 Safari/537.36"
104.236.104.29 - - [11/Feb/2025:21:24:54 +0000] "GET /public/.env HTTP/1.1" 404 3812 "-" "Mozilla/5.0 (X11; Linux x86_64) AppleWebKit/537.36 (KHTML, like Gecko) Chrome/81.0.4044.129 Safari/537.36"
5.255.231.110 - - [11/Feb/2025:21:25:26 +0000] "GET /robots.txt HTTP/1.1" 200 3815 "-" "Mozilla/5.0 (compatible; YandexBot/3.0; +http://yandex.com/bots)"
213.180.203.190 - - [11/Feb/2025:21:25:26 +0000] "GET /maldives/blue-shark-one HTTP/1.1" 404 3812 "-" "Mozilla/5.0 (compatible; YandexBot/3.0; +http://yandex.com/bots)"
152.53.21.148 - - [11/Feb/2025:21:27:24 +0000] "GET /order/add?id=2944021 HTTP/1.1" 404 3775 "-" "Mozilla/5.0 (Windows NT 10.0; Win64; x64) AppleWebKit/537.36 (KHTML, like Gecko) Chrome/100.0.5052.266 Safari/537.36"
47.76.220.119 - - [11/Feb/2025:21:27:57 +0000] "HEAD /robots.txt HTTP/1.1" 301 250 "-" "Mozilla/5.0 (Windows NT 6.2; Win64; x64) AppleWebKit/537.36 (KHTML, like Gecko) Chrome/75.0.3132.9 Safari/537.36"
47.76.220.119 - - [11/Feb/2025:21:27:58 +0000] "HEAD /robots.txt HTTP/1.1" 200 3441 "-" "Mozilla/5.0 (Windows NT 6.2; Win64; x64) AppleWebKit/537.36 (KHTML, like Gecko) Chrome/75.0.3132.9 Safari/537.36"
47.76.220.119 - - [11/Feb/2025:21:27:58 +0000] "GET /robots.txt HTTP/1.1" 301 593 "-" "Mozilla/5.0 (Windows NT 6.2; Win64; x64) AppleWebKit/537.36 (KHTML, like Gecko) Chrome/75.0.3132.9 Safari/537.36"
47.76.220.119 - - [11/Feb/2025:21:27:58 +0000] "GET /robots.txt HTTP/1.1" 200 496 "-" "Mozilla/5.0 (Windows NT 6.2; Win64; x64) AppleWebKit/537.36 (KHTML, like Gecko) Chrome/75.0.3132.9 Safari/537.36"
87.250.224.23 - - [11/Feb/2025:21:28:22 +0000] "GET / HTTP/1.1" 403 501 "-" "Mozilla/5.0 (compatible; YandexMetrika/2.0; +http://yandex.com/bots yabs01)"
213.180.203.185 - - [11/Feb/2025:21:28:35 +0000] "GET / HTTP/1.1" 403 501 "-" "Mozilla/5.0 (compatible; YandexMetrika/2.0; +http://yandex.com/bots yabs01)"
87.250.224.25 - - [11/Feb/2025:21:28:46 +0000] "GET / HTTP/1.1" 403 501 "-" "Mozilla/5.0 (compatible; YandexMetrika/2.0; +http://yandex.com/bots yabs01)"
95.108.213.138 - - [11/Feb/2025:21:28:57 +0000] "GET / HTTP/1.1" 403 501 "-" "Mozilla/5.0 (compatible; YandexMetrika/2.0; +http://yandex.com/bots yabs01)"
220.65.74.84 - - [11/Feb/2025:21:29:22 +0000] "GET / HTTP/1.0" 403 454 "-" "Mozilla/5.0 (Linux; U; Android 4.0.3; ko-kr; LG-L160L Build/IML74K) AppleWebkit/534.30 (KHTML, like Gecko) Version/4.0 Mobile Safari/534.30"
216.244.66.249 - - [11/Feb/2025:21:32:12 +0000] "GET /robots.txt HTTP/1.1" 403 445 "-" "Mozilla/5.0 (compatible; DotBot/1.2; +https://opensiteexplorer.org/dotbot; help@moz.com)"
216.244.66.249 - - [11/Feb/2025:21:32:12 +0000] "GET /robots.txt HTTP/1.1" 301 538 "-" "Mozilla/5.0 (compatible; DotBot/1.2; +https://opensiteexplorer.org/dotbot; help@moz.com)"
216.244.66.249 - - [11/Feb/2025:21:32:13 +0000] "GET /robots.txt HTTP/1.1" 200 3614 "-" "Mozilla/5.0 (compatible; DotBot/1.2; +https://opensiteexplorer.org/dotbot; help@moz.com)"
::1 - - [11/Feb/2025:21:35:47 +0000] "OPTIONS * HTTP/1.0" 200 126 "-" "Apache/2.4.52 (Ubuntu) OpenSSL/3.0.2 (internal dummy connection)"
::1 - - [11/Feb/2025:21:35:48 +0000] "OPTIONS * HTTP/1.0" 200 126 "-" "Apache/2.4.52 (Ubuntu) OpenSSL/3.0.2 (internal dummy connection)"
::1 - - [11/Feb/2025:21:35:49 +0000] "OPTIONS * HTTP/1.0" 200 126 "-" "Apache/2.4.52 (Ubuntu) OpenSSL/3.0.2 (internal dummy connection)"
::1 - - [11/Feb/2025:21:35:50 +0000] "OPTIONS * HTTP/1.0" 200 126 "-" "Apache/2.4.52 (Ubuntu) OpenSSL/3.0.2 (internal dummy connection)"
::1 - - [11/Feb/2025:21:35:51 +0000] "OPTIONS * HTTP/1.0" 200 126 "-" "Apache/2.4.52 (Ubuntu) OpenSSL/3.0.2 (internal dummy connection)"
::1 - - [11/Feb/2025:21:35:52 +0000] "OPTIONS * HTTP/1.0" 200 126 "-" "Apache/2.4.52 (Ubuntu) OpenSSL/3.0.2 (internal dummy connection)"
::1 - - [11/Feb/2025:21:35:53 +0000] "OPTIONS * HTTP/1.0" 200 126 "-" "Apache/2.4.52 (Ubuntu) OpenSSL/3.0.2 (internal dummy connection)"
::1 - - [11/Feb/2025:21:35:54 +0000] "OPTIONS * HTTP/1.0" 200 126 "-" "Apache/2.4.52 (Ubuntu) OpenSSL/3.0.2 (internal dummy connection)"
::1 - - [11/Feb/2025:21:35:55 +0000] "OPTIONS * HTTP/1.0" 200 126 "-" "Apache/2.4.52 (Ubuntu) OpenSSL/3.0.2 (internal dummy connection)"
::1 - - [11/Feb/2025:21:35:56 +0000] "OPTIONS * HTTP/1.0" 200 126 "-" "Apache/2.4.52 (Ubuntu) OpenSSL/3.0.2 (internal dummy connection)"
188.68.37.61 - - [11/Feb/2025:21:36:45 +0000] "GET /egypt/sea-serpent?ym=202603 HTTP/1.1" 404 3775 "-" "Mozilla/5.0 (Windows NT 10.0; Win64; x64) AppleWebKit/537.36 (KHTML, like Gecko) Chrome/100.0.1213.139 Safari/537.36"
95.108.213.89 - - [11/Feb/2025:21:36:56 +0000] "GET / HTTP/1.1" 403 501 "-" "Mozilla/5.0 (compatible; YandexMetrika/2.0; +http://yandex.com/bots yabs01)"
95.108.213.236 - - [11/Feb/2025:21:37:05 +0000] "GET / HTTP/1.1" 403 501 "-" "Mozilla/5.0 (compatible; YandexMetrika/2.0; +http://yandex.com/bots yabs01)"
5.255.231.185 - - [11/Feb/2025:21:37:16 +0000] "GET / HTTP/1.1" 403 501 "-" "Mozilla/5.0 (compatible; YandexMetrika/2.0; +http://yandex.com/bots yabs01)"
95.108.213.219 - - [11/Feb/2025:21:37:25 +0000] "GET / HTTP/1.1" 403 501 "-" "Mozilla/5.0 (compatible; YandexMetrika/2.0; +http://yandex.com/bots yabs01)"
173.252.87.29 - - [11/Feb/2025:21:37:42 +0000] "GET /images/product/w1200-5894.jpg HTTP/1.1" 200 78656 "-" "meta-externalagent/1.1 (+https://developers.facebook.com/docs/sharing/webmasters/crawler)"
173.252.79.1 - - [11/Feb/2025:21:38:29 +0000] "GET /images/entity/h300-5c41849940343.jpg HTTP/1.1" 200 26457 "-" "meta-externalagent/1.1 (+https://developers.facebook.com/docs/sharing/webmasters/crawler)"
5.252.227.78 - - [11/Feb/2025:21:41:15 +0000] "GET /egypt/sea-serpent-grand?tourId=2939242 HTTP/1.1" 404 3775 "-" "Mozilla/5.0 (Windows NT 10.0; Win64; x64) AppleWebKit/537.36 (KHTML, like Gecko) Chrome/100.0.8528.303 Safari/537.36"
216.244.66.249 - - [11/Feb/2025:21:41:43 +0000] "GET /indonesia/ambon_banda_sea_7nights-white_manta HTTP/1.1" 404 3607 "-" "Mozilla/5.0 (compatible; DotBot/1.2; +https://opensiteexplorer.org/dotbot; help@moz.com)"
93.174.93.12 - - [11/Feb/2025:21:41:56 +0000] "\x16\x03\x02\x01o\x01" 400 489 "-" "-"
185.196.220.113 - - [11/Feb/2025:21:42:07 +0000] "GET /wp-login.php HTTP/1.1" 404 3343 "-" "Mozilla/5.0 (compatible; MSIE 9.0; Windows NT 6.1; Trident/5.0)"
185.196.220.113 - - [11/Feb/2025:21:42:07 +0000] "GET /costa-rica/wp-login.php HTTP/1.1" 404 468 "-" "Mozilla/5.0 (compatible; MSIE 9.0; Windows NT 6.1; Trident/5.0)"
172.203.190.140 - - [11/Feb/2025:21:42:26 +0000] "GET /robots.txt HTTP/1.1" 200 3713 "-" "Mozilla/5.0 (Macintosh; Intel Mac OS X 10_15_7) AppleWebKit/537.36 (KHTML, like Gecko) Chrome/131.0.0.0 Safari/537.36; compatible; OAI-SearchBot/1.0; +https://openai.com/searchbot"
69.63.184.14 - - [11/Feb/2025:21:42:37 +0000] "GET /images/site/h300-5889e983b3b0c.jpg HTTP/1.1" 200 24758 "-" "meta-externalagent/1.1 (+https://developers.facebook.com/docs/sharing/webmasters/crawler)"
185.196.220.253 - - [11/Feb/2025:21:43:26 +0000] "GET / HTTP/1.1" 403 441 "-" "Hello World"
3.145.143.67 - - [11/Feb/2025:21:43:37 +0000] "GET / HTTP/1.0" 400 625 "-" "-"
3.145.143.67 - - [11/Feb/2025:21:43:46 +0000] "GET / HTTP/1.0" 400 625 "-" "-"
213.180.203.173 - - [11/Feb/2025:21:44:46 +0000] "GET / HTTP/1.1" 403 501 "-" "Mozilla/5.0 (compatible; YandexMetrika/2.0; +http://yandex.com/bots yabs01)"
66.249.73.5 - - [11/Feb/2025:21:45:03 +0000] "GET /maldives/sights/rasdu-atoll HTTP/1.1" 404 3781 "-" "Mozilla/5.0 (Linux; Android 6.0.1; Nexus 5X Build/MMB29P) AppleWebKit/537.36 (KHTML, like Gecko) Chrome/132.0.6834.159 Mobile Safari/537.36 (compatible; Googlebot/2.1; +http://www.google.com/bot.html)"
213.180.203.233 - - [11/Feb/2025:21:45:08 +0000] "GET / HTTP/1.1" 403 501 "-" "Mozilla/5.0 (compatible; YandexMetrika/2.0; +http://yandex.com/bots yabs01)"
40.77.167.143 - - [11/Feb/2025:21:45:09 +0000] "GET /images/entity_boat/w850-144498209484a6f9accf6626a352fcd5d3cab74593.jpg HTTP/1.1" 200 49045 "-" "Mozilla/5.0 AppleWebKit/537.36 (KHTML, like Gecko; compatible; bingbot/2.0; +http://www.bing.com/bingbot.htm) Chrome/116.0.1938.76 Safari/537.36"
213.180.203.235 - - [11/Feb/2025:21:45:18 +0000] "GET / HTTP/1.1" 403 501 "-" "Mozilla/5.0 (compatible; YandexMetrika/2.0; +http://yandex.com/bots yabs01)"
17.241.227.36 - - [11/Feb/2025:21:45:25 +0000] "GET /robots.txt HTTP/1.1" 200 3714 "-" "Mozilla/5.0 (Macintosh; Intel Mac OS X 10_15_7) AppleWebKit/605.1.15 (KHTML, like Gecko) Version/17.4 Safari/605.1.15 (Applebot/0.1; +http://www.apple.com/go/applebot)"
95.108.213.221 - - [11/Feb/2025:21:45:26 +0000] "GET / HTTP/1.1" 403 501 "-" "Mozilla/5.0 (compatible; YandexMetrika/2.0; +http://yandex.com/bots yabs01)"
17.241.227.36 - - [11/Feb/2025:21:45:26 +0000] "GET /indonesia/sights/lekuan-i-ii-iii HTTP/1.1" 404 461 "-" "Mozilla/5.0 (Macintosh; Intel Mac OS X 10_15_7) AppleWebKit/605.1.15 (KHTML, like Gecko) Version/17.4 Safari/605.1.15 (Applebot/0.1; +http://www.apple.com/go/applebot)"
8.219.110.243 - - [11/Feb/2025:21:48:28 +0000] "-" 408 0 "-" "-"
162.158.187.10 - - [11/Feb/2025:21:48:59 +0000] "GET /robots.txt HTTP/1.1" 403 497 "-" "Mozilla/5.0 AppleWebKit/537.36 (KHTML, like Gecko; compatible; GPTBot/1.2; +https://openai.com/gptbot)"
172.70.214.112 - - [11/Feb/2025:21:49:07 +0000] "GET / HTTP/1.1" 403 497 "-" "Mozilla/5.0 AppleWebKit/537.36 (KHTML, like Gecko; compatible; GPTBot/1.2; +https://openai.com/gptbot)"
152.53.109.4 - - [11/Feb/2025:21:50:26 +0000] "GET /order/add?id=2944801 HTTP/1.1" 404 3775 "-" "Mozilla/5.0 (Windows NT 10.0; Win64; x64) AppleWebKit/537.36 (KHTML, like Gecko) Chrome/100.0.5660.932 Safari/537.36"
43.130.31.17 - - [11/Feb/2025:21:50:34 +0000] "GET / HTTP/1.1" 301 3525 "-" "Mozilla/5.0 (iPhone; CPU iPhone OS 13_2_3 like Mac OS X) AppleWebKit/605.1.15 (KHTML, like Gecko) Version/13.0.3 Mobile/15E148 Safari/604.1"
43.130.31.17 - - [11/Feb/2025:21:50:35 +0000] "GET / HTTP/1.1" 301 3525 "https://167.235.208.182" "Mozilla/5.0 (iPhone; CPU iPhone OS 13_2_3 like Mac OS X) AppleWebKit/605.1.15 (KHTML, like Gecko) Version/13.0.3 Mobile/15E148 Safari/604.1"
43.130.31.17 - - [11/Feb/2025:21:50:37 +0000] "GET / HTTP/1.1" 301 3525 "https://167.235.208.182/" "Mozilla/5.0 (iPhone; CPU iPhone OS 13_2_3 like Mac OS X) AppleWebKit/605.1.15 (KHTML, like Gecko) Version/13.0.3 Mobile/15E148 Safari/604.1"
43.130.31.17 - - [11/Feb/2025:21:50:38 +0000] "GET / HTTP/1.1" 301 3525 "https://167.235.208.182/" "Mozilla/5.0 (iPhone; CPU iPhone OS 13_2_3 like Mac OS X) AppleWebKit/605.1.15 (KHTML, like Gecko) Version/13.0.3 Mobile/15E148 Safari/604.1"
43.130.31.17 - - [11/Feb/2025:21:50:39 +0000] "GET / HTTP/1.1" 301 3525 "https://167.235.208.182/" "Mozilla/5.0 (iPhone; CPU iPhone OS 13_2_3 like Mac OS X) AppleWebKit/605.1.15 (KHTML, like Gecko) Version/13.0.3 Mobile/15E148 Safari/604.1"
43.130.31.17 - - [11/Feb/2025:21:50:39 +0000] "GET / HTTP/1.1" 301 3525 "https://167.235.208.182/" "Mozilla/5.0 (iPhone; CPU iPhone OS 13_2_3 like Mac OS X) AppleWebKit/605.1.15 (KHTML, like Gecko) Version/13.0.3 Mobile/15E148 Safari/604.1"
43.130.31.17 - - [11/Feb/2025:21:50:40 +0000] "GET / HTTP/1.1" 301 3525 "https://167.235.208.182/" "Mozilla/5.0 (iPhone; CPU iPhone OS 13_2_3 like Mac OS X) AppleWebKit/605.1.15 (KHTML, like Gecko) Version/13.0.3 Mobile/15E148 Safari/604.1"
43.130.31.17 - - [11/Feb/2025:21:50:40 +0000] "GET / HTTP/1.1" 301 3525 "https://167.235.208.182/" "Mozilla/5.0 (iPhone; CPU iPhone OS 13_2_3 like Mac OS X) AppleWebKit/605.1.15 (KHTML, like Gecko) Version/13.0.3 Mobile/15E148 Safari/604.1"
43.130.31.17 - - [11/Feb/2025:21:50:41 +0000] "GET / HTTP/1.1" 301 3525 "https://167.235.208.182/" "Mozilla/5.0 (iPhone; CPU iPhone OS 13_2_3 like Mac OS X) AppleWebKit/605.1.15 (KHTML, like Gecko) Version/13.0.3 Mobile/15E148 Safari/604.1"
43.130.31.17 - - [11/Feb/2025:21:50:42 +0000] "GET / HTTP/1.1" 301 3525 "https://167.235.208.182/" "Mozilla/5.0 (iPhone; CPU iPhone OS 13_2_3 like Mac OS X) AppleWebKit/605.1.15 (KHTML, like Gecko) Version/13.0.3 Mobile/15E148 Safari/604.1"
64.124.8.142 - - [11/Feb/2025:21:51:21 +0000] "GET /egypt/lighthouse-miracle-1 HTTP/1.1" 404 3812 "-" "Mozilla/5.0 (compatible; ImagesiftBot; +imagesift.com)"
64.124.8.142 - - [11/Feb/2025:21:51:37 +0000] "GET /egypt/mistral HTTP/1.1" 404 856 "-" "Mozilla/5.0 (compatible; ImagesiftBot; +imagesift.com)"
173.252.79.113 - - [11/Feb/2025:21:51:51 +0000] "GET /images/entity_boat/w1200-5c1b980b1b42e.jpg HTTP/1.1" 200 52363 "-" "meta-externalagent/1.1 (+https://developers.facebook.com/docs/sharing/webmasters/crawler)"
64.124.8.142 - - [11/Feb/2025:21:51:53 +0000] "GET /egypt/bde_port_ghalib_hurghada-red-sea-adventurer HTTP/1.1" 404 856 "-" "Mozilla/5.0 (compatible; ImagesiftBot; +imagesift.com)"
64.124.8.142 - - [11/Feb/2025:21:52:08 +0000] "GET /egypt/test_north_brothers-blue-horizon HTTP/1.1" 404 856 "-" "Mozilla/5.0 (compatible; ImagesiftBot; +imagesift.com)"
64.124.8.142 - - [11/Feb/2025:21:52:26 +0000] "GET /egypt HTTP/1.1" 404 856 "-" "Mozilla/5.0 (compatible; ImagesiftBot; +imagesift.com)"
35.187.31.229 - - [11/Feb/2025:21:52:30 +0000] "GET / HTTP/1.1" 403 445 "-" "Mozilla/5.0 (Windows NT 10.0; Win64; x64) AppleWebKit/537.36 (KHTML, like Gecko) Chrome/84.0.4147.105 Safari/537.36"
5.255.231.2 - - [11/Feb/2025:21:52:38 +0000] "GET / HTTP/1.1" 403 501 "-" "Mozilla/5.0 (compatible; YandexMetrika/2.0; +http://yandex.com/bots yabs01)"
64.124.8.142 - - [11/Feb/2025:21:52:43 +0000] "GET /mozambique/casa-ponta HTTP/1.1" 404 856 "-" "Mozilla/5.0 (compatible; ImagesiftBot; +imagesift.com)"
213.180.203.104 - - [11/Feb/2025:21:52:47 +0000] "GET / HTTP/1.1" 403 501 "-" "Mozilla/5.0 (compatible; YandexMetrika/2.0; +http://yandex.com/bots yabs01)"
95.108.213.112 - - [11/Feb/2025:21:52:56 +0000] "GET / HTTP/1.1" 403 501 "-" "Mozilla/5.0 (compatible; YandexMetrika/2.0; +http://yandex.com/bots yabs01)"
64.124.8.142 - - [11/Feb/2025:21:53:01 +0000] "GET /egypt/north_wrecks_and_reefs-blue-melody HTTP/1.1" 404 856 "-" "Mozilla/5.0 (compatible; ImagesiftBot; +imagesift.com)"
87.250.224.23 - - [11/Feb/2025:21:53:06 +0000] "GET / HTTP/1.1" 403 501 "-" "Mozilla/5.0 (compatible; YandexMetrika/2.0; +http://yandex.com/bots yabs01)"
3.145.143.67 - - [11/Feb/2025:21:53:08 +0000] "GET / HTTP/1.1" 301 3320 "-" "Mozilla/5.0 (Macintosh; Intel Mac OS X 10_15_7) Chrome/126.0.0.0 Safari/537.36"
3.145.143.67 - - [11/Feb/2025:21:53:08 +0000] "GET / HTTP/1.1" 301 253 "https://167.235.208.182/" "Mozilla/5.0 (Macintosh; Intel Mac OS X 10_15_7) Chrome/126.0.0.0 Safari/537.36"
3.145.143.67 - - [11/Feb/2025:21:53:08 +0000] "GET / HTTP/1.1" 301 253 "https://167.235.208.182/" "Mozilla/5.0 (Macintosh; Intel Mac OS X 10_15_7) Chrome/126.0.0.0 Safari/537.36"
3.145.143.67 - - [11/Feb/2025:21:53:08 +0000] "GET / HTTP/1.1" 301 253 "https://167.235.208.182/" "Mozilla/5.0 (Macintosh; Intel Mac OS X 10_15_7) Chrome/126.0.0.0 Safari/537.36"
3.145.143.67 - - [11/Feb/2025:21:53:08 +0000] "GET / HTTP/1.1" 301 253 "https://167.235.208.182/" "Mozilla/5.0 (Macintosh; Intel Mac OS X 10_15_7) Chrome/126.0.0.0 Safari/537.36"
3.145.143.67 - - [11/Feb/2025:21:53:08 +0000] "GET / HTTP/1.1" 301 253 "https://167.235.208.182/" "Mozilla/5.0 (Macintosh; Intel Mac OS X 10_15_7) Chrome/126.0.0.0 Safari/537.36"
3.145.143.67 - - [11/Feb/2025:21:53:09 +0000] "GET / HTTP/1.1" 301 253 "https://167.235.208.182/" "Mozilla/5.0 (Macintosh; Intel Mac OS X 10_15_7) Chrome/126.0.0.0 Safari/537.36"
3.145.143.67 - - [11/Feb/2025:21:53:09 +0000] "GET / HTTP/1.1" 301 253 "https://167.235.208.182/" "Mozilla/5.0 (Macintosh; Intel Mac OS X 10_15_7) Chrome/126.0.0.0 Safari/537.36"
3.145.143.67 - - [11/Feb/2025:21:53:09 +0000] "GET / HTTP/1.1" 301 253 "https://167.235.208.182/" "Mozilla/5.0 (Macintosh; Intel Mac OS X 10_15_7) Chrome/126.0.0.0 Safari/537.36"
3.145.143.67 - - [11/Feb/2025:21:53:09 +0000] "GET / HTTP/1.1" 301 253 "https://167.235.208.182/" "Mozilla/5.0 (Macintosh; Intel Mac OS X 10_15_7) Chrome/126.0.0.0 Safari/537.36"
3.145.143.67 - - [11/Feb/2025:21:53:09 +0000] "GET / HTTP/1.1" 301 253 "https://167.235.208.182/" "Mozilla/5.0 (Macintosh; Intel Mac OS X 10_15_7) Chrome/126.0.0.0 Safari/537.36"
64.124.8.142 - - [11/Feb/2025:21:53:19 +0000] "GET /maldives/emperor-orion HTTP/1.1" 404 856 "-" "Mozilla/5.0 (compatible; ImagesiftBot; +imagesift.com)"
64.124.8.142 - - [11/Feb/2025:21:53:38 +0000] "GET /egypt/brothers_daedalus-golden-dolphin-ii HTTP/1.1" 404 856 "-" "Mozilla/5.0 (compatible; ImagesiftBot; +imagesift.com)"
64.124.8.142 - - [11/Feb/2025:21:53:57 +0000] "GET /egypt/red_sea_north-lyra HTTP/1.1" 404 856 "-" "Mozilla/5.0 (compatible; ImagesiftBot; +imagesift.com)"
64.124.8.142 - - [11/Feb/2025:21:54:18 +0000] "GET /egypt/sights/umm-sid HTTP/1.1" 404 856 "-" "Mozilla/5.0 (compatible; ImagesiftBot; +imagesift.com)"
64.124.8.142 - - [11/Feb/2025:21:54:39 +0000] "GET /egypt/tala HTTP/1.1" 404 856 "-" "Mozilla/5.0 (compatible; ImagesiftBot; +imagesift.com)"
91.218.89.13 - - [11/Feb/2025:21:54:50 +0000] "-" 408 3279 "-" "-"
64.124.8.142 - - [11/Feb/2025:21:54:58 +0000] "GET /egypt/imperial HTTP/1.1" 404 856 "-" "Mozilla/5.0 (compatible; ImagesiftBot; +imagesift.com)"
64.124.8.142 - - [11/Feb/2025:21:55:18 +0000] "GET /egypt/cyclone HTTP/1.1" 404 856 "-" "Mozilla/5.0 (compatible; ImagesiftBot; +imagesift.com)"
64.124.8.142 - - [11/Feb/2025:21:55:37 +0000] "GET /maldives/sights/baa-atoll HTTP/1.1" 404 856 "-" "Mozilla/5.0 (compatible; ImagesiftBot; +imagesift.com)"
64.124.8.142 - - [11/Feb/2025:21:55:58 +0000] "GET /egypt/rocky_zabargad_st_johns-lyra HTTP/1.1" 404 856 "-" "Mozilla/5.0 (compatible; ImagesiftBot; +imagesift.com)"
64.124.8.142 - - [11/Feb/2025:21:56:18 +0000] "GET /maldives/central_atolls-Ocean_Sapphire HTTP/1.1" 404 856 "-" "Mozilla/5.0 (compatible; ImagesiftBot; +imagesift.com)"
64.124.8.142 - - [11/Feb/2025:21:56:39 +0000] "GET /egypt/north_brothers-lyra HTTP/1.1" 404 856 "-" "Mozilla/5.0 (compatible; ImagesiftBot; +imagesift.com)"
64.124.8.142 - - [11/Feb/2025:21:57:01 +0000] "GET /egypt/sea-serpent-serena HTTP/1.1" 404 856 "-" "Mozilla/5.0 (compatible; ImagesiftBot; +imagesift.com)"
152.53.51.102 - - [11/Feb/2025:21:57:15 +0000] "GET /order/add?id=2939618 HTTP/1.1" 404 3775 "-" "Mozilla/5.0 (Windows NT 10.0; Win64; x64) AppleWebKit/537.36 (KHTML, like Gecko) Chrome/100.0.5526.835 Safari/537.36"
64.124.8.142 - - [11/Feb/2025:21:57:24 +0000] "GET /egypt/north_brothers-23428-golden-dolphin-iii HTTP/1.1" 404 856 "-" "Mozilla/5.0 (compatible; ImagesiftBot; +imagesift.com)"
188.166.221.2 - - [11/Feb/2025:21:57:34 +0000] "GET /images/product/h128-58e7b46ac8a36.jpg HTTP/1.1" 200 10385 "-" "Mozilla/5.0 (Windows NT 10.0; Win64; x64; rv:123.0) Gecko/20100101 Firefox/123.0 Config/91.2.2121.13"
51.222.253.8 - - [11/Feb/2025:21:57:37 +0000] "GET /robots.txt HTTP/1.1" 403 445 "-" "Mozilla/5.0 (compatible; AhrefsBot/7.0; +http://ahrefs.com/robot/)"
64.124.8.142 - - [11/Feb/2025:21:57:45 +0000] "GET /egypt/north_brothers-sea-serpent-serena HTTP/1.1" 404 856 "-" "Mozilla/5.0 (compatible; ImagesiftBot; +imagesift.com)"
37.120.184.163 - - [11/Feb/2025:21:57:53 +0000] "GET /egypt/sea-serpent-grand?tourId=2939241 HTTP/1.1" 404 3775 "-" "Mozilla/5.0 (Windows NT 10.0; Win64; x64) AppleWebKit/537.36 (KHTML, like Gecko) Chrome/100.0.7326.277 Safari/537.36"
64.124.8.142 - - [11/Feb/2025:21:58:10 +0000] "GET /egypt/sights/ajlends HTTP/1.1" 404 856 "-" "Mozilla/5.0 (compatible; ImagesiftBot; +imagesift.com)"
64.124.8.142 - - [11/Feb/2025:21:58:35 +0000] "GET /ecuador/humboldt-explorer HTTP/1.1" 404 856 "-" "Mozilla/5.0 (compatible; ImagesiftBot; +imagesift.com)"
64.124.8.142 - - [11/Feb/2025:21:59:01 +0000] "GET /egypt/sights/rif-abu-nuxas HTTP/1.1" 404 856 "-" "Mozilla/5.0 (compatible; ImagesiftBot; +imagesift.com)"
64.124.8.142 - - [11/Feb/2025:21:59:24 +0000] "GET /maldives/central_atolls-duke-of-york HTTP/1.1" 404 856 "-" "Mozilla/5.0 (compatible; ImagesiftBot; +imagesift.com)"
64.124.8.142 - - [11/Feb/2025:21:59:48 +0000] "GET /egypt/north_tiran-heaven-saphir HTTP/1.1" 404 856 "-" "Mozilla/5.0 (compatible; ImagesiftBot; +imagesift.com)"
64.124.8.142 - - [11/Feb/2025:22:00:12 +0000] "GET /egypt/nouran HTTP/1.1" 404 856 "-" "Mozilla/5.0 (compatible; ImagesiftBot; +imagesift.com)"
213.180.203.185 - - [11/Feb/2025:22:00:25 +0000] "GET / HTTP/1.1" 403 501 "-" "Mozilla/5.0 (compatible; YandexMetrika/2.0; +http://yandex.com/bots yabs01)"
87.250.224.25 - - [11/Feb/2025:22:00:34 +0000] "GET / HTTP/1.1" 403 501 "-" "Mozilla/5.0 (compatible; YandexMetrika/2.0; +http://yandex.com/bots yabs01)"
64.124.8.142 - - [11/Feb/2025:22:00:37 +0000] "GET /egypt/st_johns-aldebaran HTTP/1.1" 404 856 "-" "Mozilla/5.0 (compatible; ImagesiftBot; +imagesift.com)"
95.108.213.138 - - [11/Feb/2025:22:00:44 +0000] "GET / HTTP/1.1" 403 501 "-" "Mozilla/5.0 (compatible; YandexMetrika/2.0; +http://yandex.com/bots yabs01)"
95.108.213.89 - - [11/Feb/2025:22:00:55 +0000] "GET / HTTP/1.1" 403 501 "-" "Mozilla/5.0 (compatible; YandexMetrika/2.0; +http://yandex.com/bots yabs01)"
64.124.8.142 - - [11/Feb/2025:22:01:04 +0000] "GET /maldives/carpe-vita HTTP/1.1" 404 856 "-" "Mozilla/5.0 (compatible; ImagesiftBot; +imagesift.com)"
64.124.8.142 - - [11/Feb/2025:22:01:29 +0000] "GET /egypt/hurricane HTTP/1.1" 404 856 "-" "Mozilla/5.0 (compatible; ImagesiftBot; +imagesift.com)"
64.124.8.142 - - [11/Feb/2025:22:02:25 +0000] "GET /egypt/des-aldebaran HTTP/1.1" 404 856 "-" "Mozilla/5.0 (compatible; ImagesiftBot; +imagesift.com)"
64.124.8.142 - - [11/Feb/2025:22:02:55 +0000] "GET /egypt/red_sea_north-blue-melody HTTP/1.1" 404 856 "-" "Mozilla/5.0 (compatible; ImagesiftBot; +imagesift.com)"
64.124.8.142 - - [11/Feb/2025:22:03:28 +0000] "GET /egypt/bde-lyra HTTP/1.1" 404 856 "-" "Mozilla/5.0 (compatible; ImagesiftBot; +imagesift.com)"
64.124.8.246 - - [11/Feb/2025:22:03:38 +0000] "GET /robots.txt HTTP/1.1" 301 594 "-" "Mozilla/5.0 (compatible; ImagesiftBot; +imagesift.com)"
64.124.8.246 - - [11/Feb/2025:22:03:39 +0000] "GET /robots.txt HTTP/1.1" 200 3785 "-" "Mozilla/5.0 (compatible; ImagesiftBot; +imagesift.com)"
64.124.8.246 - - [11/Feb/2025:22:03:39 +0000] "GET /wp-content/uploads/2012/08/Sipadan-Island-big.jpg HTTP/1.1" 301 671 "-" "Mozilla/5.0 (compatible; ImagesiftBot; +imagesift.com)"
64.124.8.142 - - [11/Feb/2025:22:04:02 +0000] "GET /egypt/sights/gabr-el-bint HTTP/1.1" 404 856 "-" "Mozilla/5.0 (compatible; ImagesiftBot; +imagesift.com)"
64.124.8.142 - - [11/Feb/2025:22:04:38 +0000] "GET /maldives/sights/fuvamulah HTTP/1.1" 404 856 "-" "Mozilla/5.0 (compatible; ImagesiftBot; +imagesift.com)"
17.241.219.42 - - [11/Feb/2025:22:05:09 +0000] "GET /turks-and-caicos/sights HTTP/1.1" 404 3741 "-" "Mozilla/5.0 (Macintosh; Intel Mac OS X 10_15_7) AppleWebKit/605.1.15 (KHTML, like Gecko) Version/17.4 Safari/605.1.15 (Applebot/0.1; +http://www.apple.com/go/applebot)"
64.124.8.142 - - [11/Feb/2025:22:05:17 +0000] "GET /maldives/central_atolls-moonima HTTP/1.1" 404 856 "-" "Mozilla/5.0 (compatible; ImagesiftBot; +imagesift.com)"
89.58.29.125 - - [11/Feb/2025:22:05:32 +0000] "GET /egypt/emperor-asmaa?ym=202501 HTTP/1.1" 404 3775 "-" "Mozilla/5.0 (Windows NT 10.0; Win64; x64) AppleWebKit/537.36 (KHTML, like Gecko) Chrome/100.0.4851.969 Safari/537.36"
64.124.8.142 - - [11/Feb/2025:22:05:58 +0000] "GET /ecuador/galapagos_san_cristobal-calipso HTTP/1.1" 404 856 "-" "Mozilla/5.0 (compatible; ImagesiftBot; +imagesift.com)"
64.124.8.142 - - [11/Feb/2025:22:06:40 +0000] "GET /egypt/blue-horizon HTTP/1.1" 404 856 "-" "Mozilla/5.0 (compatible; ImagesiftBot; +imagesift.com)"
64.124.8.142 - - [11/Feb/2025:22:07:27 +0000] "GET /egypt/north_brothers-blue-melody HTTP/1.1" 404 856 "-" "Mozilla/5.0 (compatible; ImagesiftBot; +imagesift.com)"
64.124.8.142 - - [11/Feb/2025:22:08:16 +0000] "GET /egypt/Amelia HTTP/1.1" 404 856 "-" "Mozilla/5.0 (compatible; ImagesiftBot; +imagesift.com)"
95.108.213.236 - - [11/Feb/2025:22:08:16 +0000] "GET / HTTP/1.1" 403 501 "-" "Mozilla/5.0 (compatible; YandexMetrika/2.0; +http://yandex.com/bots yabs01)"
52.167.144.218 - - [11/Feb/2025:22:08:22 +0000] "GET /images/site/w850-5889e97736d7a.jpg HTTP/1.1" 200 82141 "-" "Mozilla/5.0 AppleWebKit/537.36 (KHTML, like Gecko; compatible; bingbot/2.0; +http://www.bing.com/bingbot.htm) Chrome/116.0.1938.76 Safari/537.36"
5.255.231.185 - - [11/Feb/2025:22:08:28 +0000] "GET / HTTP/1.1" 403 501 "-" "Mozilla/5.0 (compatible; YandexMetrika/2.0; +http://yandex.com/bots yabs01)"
95.108.213.219 - - [11/Feb/2025:22:08:37 +0000] "GET / HTTP/1.1" 403 501 "-" "Mozilla/5.0 (compatible; YandexMetrika/2.0; +http://yandex.com/bots yabs01)"
213.180.203.173 - - [11/Feb/2025:22:08:47 +0000] "GET / HTTP/1.1" 403 501 "-" "Mozilla/5.0 (compatible; YandexMetrika/2.0; +http://yandex.com/bots yabs01)"
64.124.8.142 - - [11/Feb/2025:22:09:08 +0000] "GET /egypt/north_8nights-blue-force-2-egypt HTTP/1.1" 404 856 "-" "Mozilla/5.0 (compatible; ImagesiftBot; +imagesift.com)"
64.124.8.142 - - [11/Feb/2025:22:10:06 +0000] "GET /egypt/bde-blue HTTP/1.1" 404 856 "-" "Mozilla/5.0 (compatible; ImagesiftBot; +imagesift.com)"
64.124.8.142 - - [11/Feb/2025:22:11:10 +0000] "GET /maldives/emperor-leo HTTP/1.1" 404 856 "-" "Mozilla/5.0 (compatible; ImagesiftBot; +imagesift.com)"
69.63.184.10 - - [11/Feb/2025:22:11:42 +0000] "GET /images/product/h128-5bd9d0a64fed9.jpg HTTP/1.1" 200 8050 "-" "meta-externalagent/1.1 (+https://developers.facebook.com/docs/sharing/webmasters/crawler)"
64.124.8.142 - - [11/Feb/2025:22:12:44 +0000] "GET /maldives/central_atolls-emperor-explorer HTTP/1.1" 404 3812 "-" "Mozilla/5.0 (compatible; ImagesiftBot; +imagesift.com)"
3.16.167.253 - - [11/Feb/2025:22:14:09 +0000] "GET / HTTP/1.0" 400 625 "-" "-"
45.132.247.173 - - [11/Feb/2025:22:14:24 +0000] "GET /order/add?id=2943310 HTTP/1.1" 404 3775 "-" "Mozilla/5.0 (Windows NT 10.0; Win64; x64) AppleWebKit/537.36 (KHTML, like Gecko) Chrome/100.0.6637.270 Safari/537.36"
3.16.167.253 - - [11/Feb/2025:22:14:25 +0000] "GET / HTTP/1.0" 400 625 "-" "-"
64.124.8.142 - - [11/Feb/2025:22:14:28 +0000] "GET /egypt/bde_pg_hg-odyssey HTTP/1.1" 404 3812 "-" "Mozilla/5.0 (compatible; ImagesiftBot; +imagesift.com)"
64.124.8.142 - - [11/Feb/2025:22:15:59 +0000] "GET /egypt/tiran_north-blue-horizon HTTP/1.1" 404 856 "-" "Mozilla/5.0 (compatible; ImagesiftBot; +imagesift.com)"
213.180.203.233 - - [11/Feb/2025:22:16:01 +0000] "GET / HTTP/1.1" 403 501 "-" "Mozilla/5.0 (compatible; YandexMetrika/2.0; +http://yandex.com/bots yabs01)"
213.180.203.235 - - [11/Feb/2025:22:16:12 +0000] "GET / HTTP/1.1" 403 501 "-" "Mozilla/5.0 (compatible; YandexMetrika/2.0; +http://yandex.com/bots yabs01)"
95.108.213.221 - - [11/Feb/2025:22:16:14 +0000] "GET / HTTP/1.1" 403 501 "-" "Mozilla/5.0 (compatible; YandexMetrika/2.0; +http://yandex.com/bots yabs01)"
5.255.231.2 - - [11/Feb/2025:22:16:17 +0000] "GET / HTTP/1.1" 403 501 "-" "Mozilla/5.0 (compatible; YandexMetrika/2.0; +http://yandex.com/bots yabs01)"
172.71.142.80 - - [11/Feb/2025:22:16:40 +0000] "GET /robots.txt HTTP/1.1" 403 497 "-" "Mozilla/5.0 (compatible; DotBot/1.2; +https://opensiteexplorer.org/dotbot; help@moz.com)"
64.124.8.142 - - [11/Feb/2025:22:17:48 +0000] "GET /egypt/blue-fin HTTP/1.1" 404 856 "-" "Mozilla/5.0 (compatible; ImagesiftBot; +imagesift.com)"
3.16.167.253 - - [11/Feb/2025:22:18:09 +0000] "GET / HTTP/1.1" 301 3320 "-" "Mozilla/5.0 (Macintosh; Intel Mac OS X 10_15_7) Chrome/126.0.0.0 Safari/537.36"
3.16.167.253 - - [11/Feb/2025:22:18:09 +0000] "GET / HTTP/1.1" 301 253 "https://167.235.208.182/" "Mozilla/5.0 (Macintosh; Intel Mac OS X 10_15_7) Chrome/126.0.0.0 Safari/537.36"
3.16.167.253 - - [11/Feb/2025:22:18:09 +0000] "GET / HTTP/1.1" 301 253 "https://167.235.208.182/" "Mozilla/5.0 (Macintosh; Intel Mac OS X 10_15_7) Chrome/126.0.0.0 Safari/537.36"
3.16.167.253 - - [11/Feb/2025:22:18:09 +0000] "GET / HTTP/1.1" 301 253 "https://167.235.208.182/" "Mozilla/5.0 (Macintosh; Intel Mac OS X 10_15_7) Chrome/126.0.0.0 Safari/537.36"
3.16.167.253 - - [11/Feb/2025:22:18:09 +0000] "GET / HTTP/1.1" 301 253 "https://167.235.208.182/" "Mozilla/5.0 (Macintosh; Intel Mac OS X 10_15_7) Chrome/126.0.0.0 Safari/537.36"
3.16.167.253 - - [11/Feb/2025:22:18:09 +0000] "GET / HTTP/1.1" 301 253 "https://167.235.208.182/" "Mozilla/5.0 (Macintosh; Intel Mac OS X 10_15_7) Chrome/126.0.0.0 Safari/537.36"
3.16.167.253 - - [11/Feb/2025:22:18:10 +0000] "GET / HTTP/1.1" 301 253 "https://167.235.208.182/" "Mozilla/5.0 (Macintosh; Intel Mac OS X 10_15_7) Chrome/126.0.0.0 Safari/537.36"
3.16.167.253 - - [11/Feb/2025:22:18:10 +0000] "GET / HTTP/1.1" 301 253 "https://167.235.208.182/" "Mozilla/5.0 (Macintosh; Intel Mac OS X 10_15_7) Chrome/126.0.0.0 Safari/537.36"
3.16.167.253 - - [11/Feb/2025:22:18:10 +0000] "GET / HTTP/1.1" 301 253 "https://167.235.208.182/" "Mozilla/5.0 (Macintosh; Intel Mac OS X 10_15_7) Chrome/126.0.0.0 Safari/537.36"
3.16.167.253 - - [11/Feb/2025:22:18:10 +0000] "GET / HTTP/1.1" 301 253 "https://167.235.208.182/" "Mozilla/5.0 (Macintosh; Intel Mac OS X 10_15_7) Chrome/126.0.0.0 Safari/537.36"
3.16.167.253 - - [11/Feb/2025:22:18:10 +0000] "GET / HTTP/1.1" 301 253 "https://167.235.208.182/" "Mozilla/5.0 (Macintosh; Intel Mac OS X 10_15_7) Chrome/126.0.0.0 Safari/537.36"
64.124.8.142 - - [11/Feb/2025:22:19:59 +0000] "GET /maldives/sheena HTTP/1.1" 404 856 "-" "Mozilla/5.0 (compatible; ImagesiftBot; +imagesift.com)"
216.244.66.249 - - [11/Feb/2025:22:20:06 +0000] "GET /robots.txt HTTP/1.1" 403 445 "-" "Mozilla/5.0 (compatible; DotBot/1.2; +https://opensiteexplorer.org/dotbot; help@moz.com)"
216.244.66.249 - - [11/Feb/2025:22:20:07 +0000] "GET /robots.txt HTTP/1.1" 301 538 "-" "Mozilla/5.0 (compatible; DotBot/1.2; +https://opensiteexplorer.org/dotbot; help@moz.com)"
216.244.66.249 - - [11/Feb/2025:22:20:07 +0000] "GET /robots.txt HTTP/1.1" 200 3614 "-" "Mozilla/5.0 (compatible; DotBot/1.2; +https://opensiteexplorer.org/dotbot; help@moz.com)"
18.213.27.222 - - [11/Feb/2025:22:20:48 +0000] "GET /robots.txt HTTP/1.1" 403 464 "-" "Mozilla/5.0 AppleWebKit/537.36 (KHTML, like Gecko; compatible; Amazonbot/0.1; +https://developer.amazon.com/support/amazonbot) Chrome/119.0.6045.214 Safari/537.36"
3.221.156.96 - - [11/Feb/2025:22:20:54 +0000] "GET /diving-safari-egypt/routes/160/ HTTP/1.1" 403 464 "-" "Mozilla/5.0 AppleWebKit/537.36 (KHTML, like Gecko; compatible; Amazonbot/0.1; +https://developer.amazon.com/support/amazonbot) Chrome/119.0.6045.214 Safari/537.36"
98.82.66.172 - - [11/Feb/2025:22:20:58 +0000] "GET /venues/31/ HTTP/1.1" 403 464 "-" "Mozilla/5.0 AppleWebKit/537.36 (KHTML, like Gecko; compatible; Amazonbot/0.1; +https://developer.amazon.com/support/amazonbot) Chrome/119.0.6045.214 Safari/537.36"
109.107.160.137 - - [11/Feb/2025:22:21:56 +0000] "GET /dominican-republic/sights/el-dudu HTTP/1.1" 301 584 "-" "Mozilla/5.0 (keys-so-bot)"
109.107.160.137 - - [11/Feb/2025:22:21:56 +0000] "GET /dominican-republic/sights/el-dudu HTTP/1.1" 404 3740 "http://safarimaris.com/dominican-republic/sights/el-dudu" "Mozilla/5.0 (keys-so-bot)"
66.249.90.195 - - [11/Feb/2025:22:22:26 +0000] "GET /feed HTTP/1.1" 301 582 "-" "FeedFetcher-Google; (+http://www.google.com/feedfetcher.html)"
217.113.194.124 - - [11/Feb/2025:22:22:33 +0000] "GET /robots.txt HTTP/1.1" 301 594 "-" "Mozilla/5.0 (compatible; Barkrowler/0.9; +https://babbar.tech/crawler)"
217.113.194.124 - - [11/Feb/2025:22:22:33 +0000] "GET /robots.txt HTTP/1.1" 200 3770 "-" "Mozilla/5.0 (compatible; Barkrowler/0.9; +https://babbar.tech/crawler)"
217.113.194.123 - - [11/Feb/2025:22:22:36 +0000] "GET /robots.txt HTTP/1.1" 200 814 "-" "Mozilla/5.0 (compatible; Barkrowler/0.9; +https://babbar.tech/crawler)"
152.53.52.53 - - [11/Feb/2025:22:22:36 +0000] "GET /order/add?id=2943625 HTTP/1.1" 404 3775 "-" "Mozilla/5.0 (Windows NT 10.0; Win64; x64) AppleWebKit/537.36 (KHTML, like Gecko) Chrome/100.0.6994.944 Safari/537.36"
217.113.194.123 - - [11/Feb/2025:22:22:45 +0000] "GET / HTTP/1.1" 301 574 "-" "Mozilla/5.0 (compatible; Barkrowler/0.9; +https://babbar.tech/crawler)"
217.113.194.123 - - [11/Feb/2025:22:22:48 +0000] "GET / HTTP/1.1" 301 626 "-" "Mozilla/5.0 (compatible; Barkrowler/0.9; +https://babbar.tech/crawler)"
64.124.8.142 - - [11/Feb/2025:22:22:51 +0000] "GET /maldives/central_atolls-scubaspa-ying HTTP/1.1" 404 856 "-" "Mozilla/5.0 (compatible; ImagesiftBot; +imagesift.com)"
217.113.194.130 - - [11/Feb/2025:22:22:57 +0000] "GET /country/mexico HTTP/1.1" 301 602 "-" "Mozilla/5.0 (compatible; Barkrowler/0.9; +https://babbar.tech/crawler)"
217.113.194.125 - - [11/Feb/2025:22:23:00 +0000] "GET /about HTTP/1.1" 404 841 "-" "Mozilla/5.0 (compatible; Barkrowler/0.9; +https://babbar.tech/crawler)"
217.113.194.122 - - [11/Feb/2025:22:23:09 +0000] "GET /country/philippines HTTP/1.1" 301 612 "-" "Mozilla/5.0 (compatible; Barkrowler/0.9; +https://babbar.tech/crawler)"
217.113.194.124 - - [11/Feb/2025:22:23:12 +0000] "GET /index HTTP/1.1" 404 841 "-" "Mozilla/5.0 (compatible; Barkrowler/0.9; +https://babbar.tech/crawler)"
217.113.194.129 - - [11/Feb/2025:22:23:21 +0000] "GET /yachts/nouran HTTP/1.1" 301 600 "-" "Mozilla/5.0 (compatible; Barkrowler/0.9; +https://babbar.tech/crawler)"
217.113.194.248 - - [11/Feb/2025:22:23:24 +0000] "GET /search HTTP/1.1" 404 841 "-" "Mozilla/5.0 (compatible; Barkrowler/0.9; +https://babbar.tech/crawler)"
217.113.194.131 - - [11/Feb/2025:22:23:33 +0000] "GET /robots.txt HTTP/1.1" 403 501 "-" "Mozilla/5.0 (compatible; Barkrowler/0.9; +https://babbar.tech/crawler)"
217.113.194.127 - - [11/Feb/2025:22:23:36 +0000] "GET /robots.txt HTTP/1.1" 200 3766 "-" "Mozilla/5.0 (compatible; Barkrowler/0.9; +https://babbar.tech/crawler)"
217.113.194.130 - - [11/Feb/2025:22:23:45 +0000] "GET /country/galapagosy HTTP/1.1" 301 610 "-" "Mozilla/5.0 (compatible; Barkrowler/0.9; +https://babbar.tech/crawler)"
217.113.194.125 - - [11/Feb/2025:22:23:47 +0000] "GET /malta HTTP/1.1" 404 841 "-" "Mozilla/5.0 (compatible; Barkrowler/0.9; +https://babbar.tech/crawler)"
217.113.194.126 - - [11/Feb/2025:22:23:50 +0000] "GET / HTTP/1.1" 403 501 "-" "Mozilla/5.0 (compatible; Barkrowler/0.9; +https://babbar.tech/crawler)"
217.113.194.123 - - [11/Feb/2025:22:23:53 +0000] "GET / HTTP/1.1" 301 626 "-" "Mozilla/5.0 (compatible; Barkrowler/0.9; +https://babbar.tech/crawler)"
213.180.203.104 - - [11/Feb/2025:22:23:55 +0000] "GET / HTTP/1.1" 403 501 "-" "Mozilla/5.0 (compatible; YandexMetrika/2.0; +http://yandex.com/bots yabs01)"
66.249.73.4 - - [11/Feb/2025:22:23:55 +0000] "GET /images/product/w1200-58a6d56871d8e.jpg HTTP/1.1" 200 59155 "-" "Googlebot-Image/1.0"
95.108.213.112 - - [11/Feb/2025:22:23:59 +0000] "GET / HTTP/1.1" 403 501 "-" "Mozilla/5.0 (compatible; YandexMetrika/2.0; +http://yandex.com/bots yabs01)"
87.250.224.23 - - [11/Feb/2025:22:24:01 +0000] "GET / HTTP/1.1" 403 501 "-" "Mozilla/5.0 (compatible; YandexMetrika/2.0; +http://yandex.com/bots yabs01)"
217.113.194.128 - - [11/Feb/2025:22:24:01 +0000] "GET /country/fidzhi HTTP/1.1" 301 602 "-" "Mozilla/5.0 (compatible; Barkrowler/0.9; +https://babbar.tech/crawler)"
213.180.203.185 - - [11/Feb/2025:22:24:02 +0000] "GET / HTTP/1.1" 403 501 "-" "Mozilla/5.0 (compatible; YandexMetrika/2.0; +http://yandex.com/bots yabs01)"
217.113.194.131 - - [11/Feb/2025:22:24:04 +0000] "GET /norway HTTP/1.1" 404 841 "-" "Mozilla/5.0 (compatible; Barkrowler/0.9; +https://babbar.tech/crawler)"
154.54.249.205 - - [11/Feb/2025:22:24:07 +0000] "GET /tours/ HTTP/1.1" 403 501 "-" "Mozilla/5.0 (compatible; Barkrowler/0.9; +https://babbar.tech/crawler)"
217.113.194.122 - - [11/Feb/2025:22:24:09 +0000] "GET /about HTTP/1.1" 404 841 "-" "Mozilla/5.0 (compatible; Barkrowler/0.9; +https://babbar.tech/crawler)"
47.128.44.162 - - [11/Feb/2025:22:24:14 +0000] "GET /robots.txt HTTP/1.1" 200 3599 "-" "Mozilla/5.0 (Linux; Android 5.0) AppleWebKit/537.36 (KHTML, like Gecko) Mobile Safari/537.36 (compatible; Bytespider; spider-feedback@bytedance.com)"
217.113.194.127 - - [11/Feb/2025:22:24:15 +0000] "GET /sights/alsion-2 HTTP/1.1" 301 604 "-" "Mozilla/5.0 (compatible; Barkrowler/0.9; +https://babbar.tech/crawler)"
217.113.194.124 - - [11/Feb/2025:22:24:18 +0000] "GET /jordan HTTP/1.1" 404 841 "-" "Mozilla/5.0 (compatible; Barkrowler/0.9; +https://babbar.tech/crawler)"
217.113.194.248 - - [11/Feb/2025:22:24:20 +0000] "GET /tours/573/ HTTP/1.1" 403 501 "-" "Mozilla/5.0 (compatible; Barkrowler/0.9; +https://babbar.tech/crawler)"
217.113.194.127 - - [11/Feb/2025:22:24:23 +0000] "GET /index HTTP/1.1" 404 841 "-" "Mozilla/5.0 (compatible; Barkrowler/0.9; +https://babbar.tech/crawler)"
154.54.249.205 - - [11/Feb/2025:22:24:29 +0000] "GET /sights/french-kej HTTP/1.1" 301 608 "-" "Mozilla/5.0 (compatible; Barkrowler/0.9; +https://babbar.tech/crawler)"
217.113.194.125 - - [11/Feb/2025:22:24:31 +0000] "GET /bahamas HTTP/1.1" 404 841 "-" "Mozilla/5.0 (compatible; Barkrowler/0.9; +https://babbar.tech/crawler)"
217.113.194.131 - - [11/Feb/2025:22:24:34 +0000] "GET /tours/404/ HTTP/1.1" 403 501 "-" "Mozilla/5.0 (compatible; Barkrowler/0.9; +https://babbar.tech/crawler)"
217.113.194.128 - - [11/Feb/2025:22:24:37 +0000] "GET /search HTTP/1.1" 404 841 "-" "Mozilla/5.0 (compatible; Barkrowler/0.9; +https://babbar.tech/crawler)"
217.113.194.122 - - [11/Feb/2025:22:24:42 +0000] "GET /yachts/blue-force-one HTTP/1.1" 301 616 "-" "Mozilla/5.0 (compatible; Barkrowler/0.9; +https://babbar.tech/crawler)"
217.113.194.124 - - [11/Feb/2025:22:24:45 +0000] "GET /turkey HTTP/1.1" 404 841 "-" "Mozilla/5.0 (compatible; Barkrowler/0.9; +https://babbar.tech/crawler)"
217.113.194.125 - - [11/Feb/2025:22:24:48 +0000] "GET /tours/521/ HTTP/1.1" 403 501 "-" "Mozilla/5.0 (compatible; Barkrowler/0.9; +https://babbar.tech/crawler)"
217.113.194.122 - - [11/Feb/2025:22:24:51 +0000] "GET /malta HTTP/1.1" 404 841 "-" "Mozilla/5.0 (compatible; Barkrowler/0.9; +https://babbar.tech/crawler)"
217.113.194.248 - - [11/Feb/2025:22:24:56 +0000] "GET /routes/south_maldives HTTP/1.1" 301 616 "-" "Mozilla/5.0 (compatible; Barkrowler/0.9; +https://babbar.tech/crawler)"
217.113.194.122 - - [11/Feb/2025:22:24:59 +0000] "GET /panama HTTP/1.1" 404 841 "-" "Mozilla/5.0 (compatible; Barkrowler/0.9; +https://babbar.tech/crawler)"
217.113.194.122 - - [11/Feb/2025:22:25:02 +0000] "GET /tours/684/ HTTP/1.1" 403 501 "-" "Mozilla/5.0 (compatible; Barkrowler/0.9; +https://babbar.tech/crawler)"
217.113.194.129 - - [11/Feb/2025:22:25:05 +0000] "GET /norway HTTP/1.1" 404 841 "-" "Mozilla/5.0 (compatible; Barkrowler/0.9; +https://babbar.tech/crawler)"
217.113.194.126 - - [11/Feb/2025:22:25:10 +0000] "GET /sights/baa-atoll HTTP/1.1" 301 606 "-" "Mozilla/5.0 (compatible; Barkrowler/0.9; +https://babbar.tech/crawler)"
217.113.194.129 - - [11/Feb/2025:22:25:13 +0000] "GET /belize HTTP/1.1" 404 841 "-" "Mozilla/5.0 (compatible; Barkrowler/0.9; +https://babbar.tech/crawler)"
217.113.194.131 - - [11/Feb/2025:22:25:16 +0000] "GET /tours/all/ HTTP/1.1" 403 501 "-" "Mozilla/5.0 (compatible; Barkrowler/0.9; +https://babbar.tech/crawler)"
217.113.194.123 - - [11/Feb/2025:22:25:18 +0000] "GET /hawaii HTTP/1.1" 404 841 "-" "Mozilla/5.0 (compatible; Barkrowler/0.9; +https://babbar.tech/crawler)"
217.113.194.123 - - [11/Feb/2025:22:25:24 +0000] "GET /sights/blyu-xol HTTP/1.1" 301 604 "-" "Mozilla/5.0 (compatible; Barkrowler/0.9; +https://babbar.tech/crawler)"
217.113.194.128 - - [11/Feb/2025:22:25:27 +0000] "GET /colombia HTTP/1.1" 404 841 "-" "Mozilla/5.0 (compatible; Barkrowler/0.9; +https://babbar.tech/crawler)"
217.113.194.129 - - [11/Feb/2025:22:25:29 +0000] "GET /tours/740/ HTTP/1.1" 403 501 "-" "Mozilla/5.0 (compatible; Barkrowler/0.9; +https://babbar.tech/crawler)"
217.113.194.129 - - [11/Feb/2025:22:25:32 +0000] "GET /ecuador HTTP/1.1" 404 841 "-" "Mozilla/5.0 (compatible; Barkrowler/0.9; +https://babbar.tech/crawler)"
217.113.194.122 - - [11/Feb/2025:22:25:38 +0000] "GET /sights/raa-atoll HTTP/1.1" 301 606 "-" "Mozilla/5.0 (compatible; Barkrowler/0.9; +https://babbar.tech/crawler)"
217.113.194.131 - - [11/Feb/2025:22:25:40 +0000] "GET /maldives HTTP/1.1" 404 841 "-" "Mozilla/5.0 (compatible; Barkrowler/0.9; +https://babbar.tech/crawler)"
217.113.194.125 - - [11/Feb/2025:22:25:43 +0000] "GET /tours/902/ HTTP/1.1" 403 501 "-" "Mozilla/5.0 (compatible; Barkrowler/0.9; +https://babbar.tech/crawler)"
217.113.194.131 - - [11/Feb/2025:22:25:46 +0000] "GET /jordan HTTP/1.1" 404 841 "-" "Mozilla/5.0 (compatible; Barkrowler/0.9; +https://babbar.tech/crawler)"
217.113.194.130 - - [11/Feb/2025:22:25:51 +0000] "GET /sights/atoll-ari HTTP/1.1" 301 606 "-" "Mozilla/5.0 (compatible; Barkrowler/0.9; +https://babbar.tech/crawler)"
217.113.194.124 - - [11/Feb/2025:22:25:54 +0000] "GET /mozambique HTTP/1.1" 404 841 "-" "Mozilla/5.0 (compatible; Barkrowler/0.9; +https://babbar.tech/crawler)"
217.113.194.124 - - [11/Feb/2025:22:25:57 +0000] "GET /venues/144/ HTTP/1.1" 403 501 "-" "Mozilla/5.0 (compatible; Barkrowler/0.9; +https://babbar.tech/crawler)"
217.113.194.131 - - [11/Feb/2025:22:26:00 +0000] "GET /index/ HTTP/1.1" 404 841 "-" "Mozilla/5.0 (compatible; Barkrowler/0.9; +https://babbar.tech/crawler)"
154.54.249.205 - - [11/Feb/2025:22:26:05 +0000] "GET /yachts/duke-of-york HTTP/1.1" 301 612 "-" "Mozilla/5.0 (compatible; Barkrowler/0.9; +https://babbar.tech/crawler)"
217.113.194.125 - - [11/Feb/2025:22:26:08 +0000] "GET /croatia HTTP/1.1" 404 841 "-" "Mozilla/5.0 (compatible; Barkrowler/0.9; +https://babbar.tech/crawler)"
217.113.194.129 - - [11/Feb/2025:22:26:11 +0000] "GET /venues/23/ HTTP/1.1" 403 501 "-" "Mozilla/5.0 (compatible; Barkrowler/0.9; +https://babbar.tech/crawler)"
217.113.194.124 - - [11/Feb/2025:22:26:13 +0000] "GET /bahamas HTTP/1.1" 404 841 "-" "Mozilla/5.0 (compatible; Barkrowler/0.9; +https://babbar.tech/crawler)"
217.113.194.125 - - [11/Feb/2025:22:26:19 +0000] "GET /sights/dos-amigos-grande HTTP/1.1" 301 622 "-" "Mozilla/5.0 (compatible; Barkrowler/0.9; +https://babbar.tech/crawler)"
162.216.150.32 - - [11/Feb/2025:22:26:21 +0000] "GET / HTTP/1.1" 301 3510 "-" "Expanse, a Palo Alto Networks company, searches across the global IPv4 space multiple times per day to identify customers' presences on the Internet. If you would like to be excluded from our scans, please send IP addresses/domains to: scaninfo@paloaltonetworks.com"
162.216.150.32 - - [11/Feb/2025:22:26:21 +0000] "GET / HTTP/1.1" 301 3510 "-" "Expanse, a Palo Alto Networks company, searches across the global IPv4 space multiple times per day to identify customers' presences on the Internet. If you would like to be excluded from our scans, please send IP addresses/domains to: scaninfo@paloaltonetworks.com"
154.54.249.205 - - [11/Feb/2025:22:26:22 +0000] "GET /philippines HTTP/1.1" 404 841 "-" "Mozilla/5.0 (compatible; Barkrowler/0.9; +https://babbar.tech/crawler)"
162.216.150.32 - - [11/Feb/2025:22:26:21 +0000] "GET / HTTP/1.1" 301 3510 "-" "Expanse, a Palo Alto Networks company, searches across the global IPv4 space multiple times per day to identify customers' presences on the Internet. If you would like to be excluded from our scans, please send IP addresses/domains to: scaninfo@paloaltonetworks.com"
162.216.150.32 - - [11/Feb/2025:22:26:22 +0000] "GET / HTTP/1.1" 301 3510 "-" "Expanse, a Palo Alto Networks company, searches across the global IPv4 space multiple times per day to identify customers' presences on the Internet. If you would like to be excluded from our scans, please send IP addresses/domains to: scaninfo@paloaltonetworks.com"
162.216.150.32 - - [11/Feb/2025:22:26:22 +0000] "GET / HTTP/1.1" 301 3510 "-" "Expanse, a Palo Alto Networks company, searches across the global IPv4 space multiple times per day to identify customers' presences on the Internet. If you would like to be excluded from our scans, please send IP addresses/domains to: scaninfo@paloaltonetworks.com"
154.54.249.205 - - [11/Feb/2025:22:26:24 +0000] "GET /venues/45/ HTTP/1.1" 403 501 "-" "Mozilla/5.0 (compatible; Barkrowler/0.9; +https://babbar.tech/crawler)"
217.113.194.122 - - [11/Feb/2025:22:26:27 +0000] "GET /oman HTTP/1.1" 404 841 "-" "Mozilla/5.0 (compatible; Barkrowler/0.9; +https://babbar.tech/crawler)"
217.113.194.126 - - [11/Feb/2025:22:26:32 +0000] "GET /sights/dyoti-rok HTTP/1.1" 301 606 "-" "Mozilla/5.0 (compatible; Barkrowler/0.9; +https://babbar.tech/crawler)"
217.113.194.125 - - [11/Feb/2025:22:26:35 +0000] "GET /palau HTTP/1.1" 404 841 "-" "Mozilla/5.0 (compatible; Barkrowler/0.9; +https://babbar.tech/crawler)"
217.113.194.128 - - [11/Feb/2025:22:26:38 +0000] "GET /venues/31/ HTTP/1.1" 403 501 "-" "Mozilla/5.0 (compatible; Barkrowler/0.9; +https://babbar.tech/crawler)"
217.113.194.123 - - [11/Feb/2025:22:26:41 +0000] "GET /egypt HTTP/1.1" 404 841 "-" "Mozilla/5.0 (compatible; Barkrowler/0.9; +https://babbar.tech/crawler)"
217.113.194.122 - - [11/Feb/2025:22:26:46 +0000] "GET /yachts/emperor-virgo HTTP/1.1" 301 614 "-" "Mozilla/5.0 (compatible; Barkrowler/0.9; +https://babbar.tech/crawler)"
64.124.8.142 - - [11/Feb/2025:22:26:46 +0000] "GET /egypt/c-heaven HTTP/1.1" 404 856 "-" "Mozilla/5.0 (compatible; ImagesiftBot; +imagesift.com)"
154.54.249.205 - - [11/Feb/2025:22:26:49 +0000] "GET /cambodia HTTP/1.1" 404 841 "-" "Mozilla/5.0 (compatible; Barkrowler/0.9; +https://babbar.tech/crawler)"
217.113.194.128 - - [11/Feb/2025:22:26:52 +0000] "GET /venues/292/ HTTP/1.1" 403 501 "-" "Mozilla/5.0 (compatible; Barkrowler/0.9; +https://babbar.tech/crawler)"
154.54.249.205 - - [11/Feb/2025:22:26:54 +0000] "GET /panama HTTP/1.1" 404 841 "-" "Mozilla/5.0 (compatible; Barkrowler/0.9; +https://babbar.tech/crawler)"
