217.113.194.125 - - [12/Feb/2025:00:26:26 +0000] "GET /mexico/socorro_island_8_nights-southern-sport HTTP/1.1" 404 841 "-" "Mozilla/5.0 (compatible; Barkrowler/0.9; +https://babbar.tech/crawler)"
217.113.194.131 - - [12/Feb/2025:00:26:29 +0000] "GET /sudan/sights/rif-angarosh HTTP/1.1" 404 841 "-" "Mozilla/5.0 (compatible; Barkrowler/0.9; +https://babbar.tech/crawler)"
217.113.194.125 - - [12/Feb/2025:00:26:38 +0000] "GET /mexico/sea_of_cortez_5nights-valentina HTTP/1.1" 404 841 "-" "Mozilla/5.0 (compatible; Barkrowler/0.9; +https://babbar.tech/crawler)"
217.113.194.127 - - [12/Feb/2025:00:26:41 +0000] "GET /Cuba/jardines-avalon-f2 HTTP/1.1" 404 841 "-" "Mozilla/5.0 (compatible; Barkrowler/0.9; +https://babbar.tech/crawler)"
217.113.194.126 - - [12/Feb/2025:00:26:53 +0000] "GET /Cuba/jardines-avalon-f1 HTTP/1.1" 404 841 "-" "Mozilla/5.0 (compatible; Barkrowler/0.9; +https://babbar.tech/crawler)"
217.113.194.123 - - [12/Feb/2025:00:26:56 +0000] "GET /french-polynesia/sights/rangiroa-atoll HTTP/1.1" 404 841 "-" "Mozilla/5.0 (compatible; Barkrowler/0.9; +https://babbar.tech/crawler)"
37.120.185.173 - - [12/Feb/2025:00:27:02 +0000] "GET /order/add?id=2939621 HTTP/1.1" 404 3775 "-" "Mozilla/5.0 (Windows NT 10.0; Win64; x64) AppleWebKit/537.36 (KHTML, like Gecko) Chrome/100.0.6025.994 Safari/537.36"
217.113.194.128 - - [12/Feb/2025:00:27:05 +0000] "GET /south-africa/sights/aliwal_shoals HTTP/1.1" 404 841 "-" "Mozilla/5.0 (compatible; Barkrowler/0.9; +https://babbar.tech/crawler)"
217.113.194.130 - - [12/Feb/2025:00:27:08 +0000] "GET /maldives/central_atolls-scubaspa-yang HTTP/1.1" 404 841 "-" "Mozilla/5.0 (compatible; Barkrowler/0.9; +https://babbar.tech/crawler)"
217.113.194.248 - - [12/Feb/2025:00:27:17 +0000] "GET /south-africa/dolphinn_inn_guesthouse HTTP/1.1" 404 841 "-" "Mozilla/5.0 (compatible; Barkrowler/0.9; +https://babbar.tech/crawler)"
217.113.194.127 - - [12/Feb/2025:00:27:30 +0000] "GET /egypt/best_of_red_sea-red-sea-adventurer HTTP/1.1" 404 841 "-" "Mozilla/5.0 (compatible; Barkrowler/0.9; +https://babbar.tech/crawler)"
217.113.194.127 - - [12/Feb/2025:00:27:32 +0000] "GET /croatia/dalmacia_cruise-infinity HTTP/1.1" 404 841 "-" "Mozilla/5.0 (compatible; Barkrowler/0.9; +https://babbar.tech/crawler)"
217.113.194.131 - - [12/Feb/2025:00:27:42 +0000] "GET /egypt/north_8nights-blue-force-2-egypt HTTP/1.1" 404 841 "-" "Mozilla/5.0 (compatible; Barkrowler/0.9; +https://babbar.tech/crawler)"
217.113.194.122 - - [12/Feb/2025:00:27:54 +0000] "GET /fiji/sights/soft-koral-plato HTTP/1.1" 404 841 "-" "Mozilla/5.0 (compatible; Barkrowler/0.9; +https://babbar.tech/crawler)"
217.113.194.126 - - [12/Feb/2025:00:28:06 +0000] "GET /philippines/sights/krokodilovyj-ostrov HTTP/1.1" 404 841 "-" "Mozilla/5.0 (compatible; Barkrowler/0.9; +https://babbar.tech/crawler)"
217.113.194.130 - - [12/Feb/2025:00:28:09 +0000] "GET /fiji/sights/ostrov-makongi HTTP/1.1" 404 841 "-" "Mozilla/5.0 (compatible; Barkrowler/0.9; +https://babbar.tech/crawler)"
154.54.249.205 - - [12/Feb/2025:00:28:21 +0000] "GET /fiji/sights/ostrov-namelala HTTP/1.1" 404 841 "-" "Mozilla/5.0 (compatible; Barkrowler/0.9; +https://babbar.tech/crawler)"
217.113.194.125 - - [12/Feb/2025:00:28:24 +0000] "GET /egypt/rocky_zabargad_st_johns-lyra HTTP/1.1" 404 841 "-" "Mozilla/5.0 (compatible; Barkrowler/0.9; +https://babbar.tech/crawler)"
66.249.65.162 - - [12/Feb/2025:00:28:30 +0000] "GET /robots.txt HTTP/1.1" 200 3750 "-" "Mozilla/5.0 (compatible; Googlebot/2.1; +http://www.google.com/bot.html)"
66.249.65.163 - - [12/Feb/2025:00:28:30 +0000] "GET /cayman-islands HTTP/1.1" 404 3781 "-" "Mozilla/5.0 (Linux; Android 6.0.1; Nexus 5X Build/MMB29P) AppleWebKit/537.36 (KHTML, like Gecko) Chrome/132.0.6834.159 Mobile Safari/537.36 (compatible; Googlebot/2.1; +http://www.google.com/bot.html)"
217.113.194.128 - - [12/Feb/2025:00:28:33 +0000] "GET /philippines/alona-tropical-beach-resort HTTP/1.1" 404 841 "-" "Mozilla/5.0 (compatible; Barkrowler/0.9; +https://babbar.tech/crawler)"
180.102.110.145 - - [12/Feb/2025:00:28:34 +0000] "GET / HTTP/1.1" 403 464 "-" "Sogou web spider/4.0(+http://www.sogou.com/docs/help/webmasters.htm#07)"
217.113.194.125 - - [12/Feb/2025:00:28:36 +0000] "GET /egypt/ras_mohammed_brothers-vita-xplorer HTTP/1.1" 404 841 "-" "Mozilla/5.0 (compatible; Barkrowler/0.9; +https://babbar.tech/crawler)"
217.113.194.125 - - [12/Feb/2025:00:28:45 +0000] "GET /philippines/sights/ostrov-peskador HTTP/1.1" 404 841 "-" "Mozilla/5.0 (compatible; Barkrowler/0.9; +https://babbar.tech/crawler)"
217.113.194.129 - - [12/Feb/2025:00:28:49 +0000] "GET /palau/palau_new_moon_spawning-black-pearl HTTP/1.1" 404 841 "-" "Mozilla/5.0 (compatible; Barkrowler/0.9; +https://babbar.tech/crawler)"
217.113.194.129 - - [12/Feb/2025:00:28:58 +0000] "GET /philippines/sights/ostrov-sikixor HTTP/1.1" 404 841 "-" "Mozilla/5.0 (compatible; Barkrowler/0.9; +https://babbar.tech/crawler)"
154.54.249.205 - - [12/Feb/2025:00:29:10 +0000] "GET /mexico/socorro_9nights-rocio-del-mar HTTP/1.1" 404 841 "-" "Mozilla/5.0 (compatible; Barkrowler/0.9; +https://babbar.tech/crawler)"
217.113.194.125 - - [12/Feb/2025:00:29:13 +0000] "GET /australia/sights/osprej-rif HTTP/1.1" 404 841 "-" "Mozilla/5.0 (compatible; Barkrowler/0.9; +https://babbar.tech/crawler)"
154.54.249.205 - - [12/Feb/2025:00:29:22 +0000] "GET /mexico/socorro_9nights-quino-el-guardian HTTP/1.1" 404 841 "-" "Mozilla/5.0 (compatible; Barkrowler/0.9; +https://babbar.tech/crawler)"
217.113.194.127 - - [12/Feb/2025:00:29:34 +0000] "GET /thailand/sights/rif-shark-fin HTTP/1.1" 404 841 "-" "Mozilla/5.0 (compatible; Barkrowler/0.9; +https://babbar.tech/crawler)"
217.113.194.123 - - [12/Feb/2025:00:29:46 +0000] "GET /mexico/sights/san-xuan-rif-o-kosumel HTTP/1.1" 404 841 "-" "Mozilla/5.0 (compatible; Barkrowler/0.9; +https://babbar.tech/crawler)"
217.113.194.125 - - [12/Feb/2025:00:29:49 +0000] "GET /thailand/sights/ostrov-racha-noi HTTP/1.1" 404 841 "-" "Mozilla/5.0 (compatible; Barkrowler/0.9; +https://babbar.tech/crawler)"
217.113.194.131 - - [12/Feb/2025:00:30:01 +0000] "GET /turks-and-caicos/sights/french-kej HTTP/1.1" 404 841 "-" "Mozilla/5.0 (compatible; Barkrowler/0.9; +https://babbar.tech/crawler)"
217.113.194.127 - - [12/Feb/2025:00:30:04 +0000] "GET /egypt/bde_PG_PG-emperor-elite HTTP/1.1" 404 841 "-" "Mozilla/5.0 (compatible; Barkrowler/0.9; +https://babbar.tech/crawler)"
54.88.179.33 - - [12/Feb/2025:00:30:10 +0000] "GET / HTTP/1.1" 301 3525 "-" "Mozilla/5.0 (Windows NT 10.0; Win64; x64) AppleWebKit/537.36 (KHTML, like Gecko) Chrome/100.0.4896.75 Safari/537.36"
54.88.179.33 - - [12/Feb/2025:00:30:11 +0000] "GET / HTTP/1.1" 301 250 "-" "Mozilla/5.0 (Windows NT 10.0; Win64; x64) AppleWebKit/537.36 (KHTML, like Gecko) Chrome/100.0.4896.75 Safari/537.36"
54.88.179.33 - - [12/Feb/2025:00:30:11 +0000] "GET / HTTP/1.1" 301 250 "-" "Mozilla/5.0 (Windows NT 10.0; Win64; x64) AppleWebKit/537.36 (KHTML, like Gecko) Chrome/100.0.4896.75 Safari/537.36"
54.88.179.33 - - [12/Feb/2025:00:30:11 +0000] "GET / HTTP/1.1" 301 250 "-" "Mozilla/5.0 (Windows NT 10.0; Win64; x64) AppleWebKit/537.36 (KHTML, like Gecko) Chrome/100.0.4896.75 Safari/537.36"
54.88.179.33 - - [12/Feb/2025:00:30:11 +0000] "GET / HTTP/1.1" 301 250 "-" "Mozilla/5.0 (Windows NT 10.0; Win64; x64) AppleWebKit/537.36 (KHTML, like Gecko) Chrome/100.0.4896.75 Safari/537.36"
54.88.179.33 - - [12/Feb/2025:00:30:11 +0000] "GET / HTTP/1.1" 301 250 "-" "Mozilla/5.0 (Windows NT 10.0; Win64; x64) AppleWebKit/537.36 (KHTML, like Gecko) Chrome/100.0.4896.75 Safari/537.36"
54.88.179.33 - - [12/Feb/2025:00:30:11 +0000] "GET / HTTP/1.1" 301 250 "-" "Mozilla/5.0 (Windows NT 10.0; Win64; x64) AppleWebKit/537.36 (KHTML, like Gecko) Chrome/100.0.4896.75 Safari/537.36"
54.88.179.33 - - [12/Feb/2025:00:30:11 +0000] "GET / HTTP/1.1" 301 250 "-" "Mozilla/5.0 (Windows NT 10.0; Win64; x64) AppleWebKit/537.36 (KHTML, like Gecko) Chrome/100.0.4896.75 Safari/537.36"
54.88.179.33 - - [12/Feb/2025:00:30:12 +0000] "GET / HTTP/1.1" 301 250 "-" "Mozilla/5.0 (Windows NT 10.0; Win64; x64) AppleWebKit/537.36 (KHTML, like Gecko) Chrome/100.0.4896.75 Safari/537.36"
54.88.179.33 - - [12/Feb/2025:00:30:12 +0000] "GET / HTTP/1.1" 301 250 "-" "Mozilla/5.0 (Windows NT 10.0; Win64; x64) AppleWebKit/537.36 (KHTML, like Gecko) Chrome/100.0.4896.75 Safari/537.36"
54.88.179.33 - - [12/Feb/2025:00:30:12 +0000] "GET / HTTP/1.1" 301 250 "-" "Mozilla/5.0 (Windows NT 10.0; Win64; x64) AppleWebKit/537.36 (KHTML, like Gecko) Chrome/100.0.4896.75 Safari/537.36"
54.88.179.33 - - [12/Feb/2025:00:30:12 +0000] "GET / HTTP/1.1" 301 250 "-" "Mozilla/5.0 (Windows NT 10.0; Win64; x64) AppleWebKit/537.36 (KHTML, like Gecko) Chrome/100.0.4896.75 Safari/537.36"
54.88.179.33 - - [12/Feb/2025:00:30:12 +0000] "GET / HTTP/1.1" 301 250 "-" "Mozilla/5.0 (Windows NT 10.0; Win64; x64) AppleWebKit/537.36 (KHTML, like Gecko) Chrome/100.0.4896.75 Safari/537.36"
54.88.179.33 - - [12/Feb/2025:00:30:12 +0000] "GET / HTTP/1.1" 301 250 "-" "Mozilla/5.0 (Windows NT 10.0; Win64; x64) AppleWebKit/537.36 (KHTML, like Gecko) Chrome/100.0.4896.75 Safari/537.36"
54.88.179.33 - - [12/Feb/2025:00:30:12 +0000] "GET / HTTP/1.1" 301 250 "-" "Mozilla/5.0 (Windows NT 10.0; Win64; x64) AppleWebKit/537.36 (KHTML, like Gecko) Chrome/100.0.4896.75 Safari/537.36"
54.88.179.33 - - [12/Feb/2025:00:30:13 +0000] "GET / HTTP/1.1" 301 250 "-" "Mozilla/5.0 (Windows NT 10.0; Win64; x64) AppleWebKit/537.36 (KHTML, like Gecko) Chrome/100.0.4896.75 Safari/537.36"
54.88.179.33 - - [12/Feb/2025:00:30:13 +0000] "GET / HTTP/1.1" 301 250 "-" "Mozilla/5.0 (Windows NT 10.0; Win64; x64) AppleWebKit/537.36 (KHTML, like Gecko) Chrome/100.0.4896.75 Safari/537.36"
54.88.179.33 - - [12/Feb/2025:00:30:13 +0000] "GET / HTTP/1.1" 301 250 "-" "Mozilla/5.0 (Windows NT 10.0; Win64; x64) AppleWebKit/537.36 (KHTML, like Gecko) Chrome/100.0.4896.75 Safari/537.36"
54.88.179.33 - - [12/Feb/2025:00:30:13 +0000] "GET / HTTP/1.1" 301 250 "-" "Mozilla/5.0 (Windows NT 10.0; Win64; x64) AppleWebKit/537.36 (KHTML, like Gecko) Chrome/100.0.4896.75 Safari/537.36"
54.88.179.33 - - [12/Feb/2025:00:30:13 +0000] "GET / HTTP/1.1" 301 250 "-" "Mozilla/5.0 (Windows NT 10.0; Win64; x64) AppleWebKit/537.36 (KHTML, like Gecko) Chrome/100.0.4896.75 Safari/537.36"
54.88.179.33 - - [12/Feb/2025:00:30:13 +0000] "GET / HTTP/1.1" 301 250 "-" "Mozilla/5.0 (Windows NT 10.0; Win64; x64) AppleWebKit/537.36 (KHTML, like Gecko) Chrome/100.0.4896.75 Safari/537.36"
54.88.179.33 - - [12/Feb/2025:00:30:13 +0000] "GET / HTTP/1.1" 301 250 "-" "Mozilla/5.0 (Windows NT 10.0; Win64; x64) AppleWebKit/537.36 (KHTML, like Gecko) Chrome/100.0.4896.75 Safari/537.36"
217.113.194.125 - - [12/Feb/2025:00:30:13 +0000] "GET /dominican-republic/sights/el-xikori HTTP/1.1" 404 841 "-" "Mozilla/5.0 (compatible; Barkrowler/0.9; +https://babbar.tech/crawler)"
54.88.179.33 - - [12/Feb/2025:00:30:14 +0000] "GET / HTTP/1.1" 301 250 "-" "Mozilla/5.0 (Windows NT 10.0; Win64; x64) AppleWebKit/537.36 (KHTML, like Gecko) Chrome/100.0.4896.75 Safari/537.36"
54.88.179.33 - - [12/Feb/2025:00:30:14 +0000] "GET / HTTP/1.1" 301 250 "-" "Mozilla/5.0 (Windows NT 10.0; Win64; x64) AppleWebKit/537.36 (KHTML, like Gecko) Chrome/100.0.4896.75 Safari/537.36"
54.88.179.33 - - [12/Feb/2025:00:30:14 +0000] "GET / HTTP/1.1" 301 250 "-" "Mozilla/5.0 (Windows NT 10.0; Win64; x64) AppleWebKit/537.36 (KHTML, like Gecko) Chrome/100.0.4896.75 Safari/537.36"
54.88.179.33 - - [12/Feb/2025:00:30:14 +0000] "GET / HTTP/1.1" 301 250 "-" "Mozilla/5.0 (Windows NT 10.0; Win64; x64) AppleWebKit/537.36 (KHTML, like Gecko) Chrome/100.0.4896.75 Safari/537.36"
54.88.179.33 - - [12/Feb/2025:00:30:14 +0000] "GET / HTTP/1.1" 301 250 "-" "Mozilla/5.0 (Windows NT 10.0; Win64; x64) AppleWebKit/537.36 (KHTML, like Gecko) Chrome/100.0.4896.75 Safari/537.36"
54.88.179.33 - - [12/Feb/2025:00:30:14 +0000] "GET / HTTP/1.1" 301 250 "-" "Mozilla/5.0 (Windows NT 10.0; Win64; x64) AppleWebKit/537.36 (KHTML, like Gecko) Chrome/100.0.4896.75 Safari/537.36"
54.88.179.33 - - [12/Feb/2025:00:30:14 +0000] "GET / HTTP/1.1" 301 250 "-" "Mozilla/5.0 (Windows NT 10.0; Win64; x64) AppleWebKit/537.36 (KHTML, like Gecko) Chrome/100.0.4896.75 Safari/537.36"
54.88.179.33 - - [12/Feb/2025:00:30:15 +0000] "GET / HTTP/1.1" 301 250 "-" "Mozilla/5.0 (Windows NT 10.0; Win64; x64) AppleWebKit/537.36 (KHTML, like Gecko) Chrome/100.0.4896.75 Safari/537.36"
54.88.179.33 - - [12/Feb/2025:00:30:15 +0000] "GET / HTTP/1.1" 301 250 "-" "Mozilla/5.0 (Windows NT 10.0; Win64; x64) AppleWebKit/537.36 (KHTML, like Gecko) Chrome/100.0.4896.75 Safari/537.36"
54.88.179.33 - - [12/Feb/2025:00:30:15 +0000] "GET / HTTP/1.1" 301 250 "-" "Mozilla/5.0 (Windows NT 10.0; Win64; x64) AppleWebKit/537.36 (KHTML, like Gecko) Chrome/100.0.4896.75 Safari/537.36"
54.88.179.33 - - [12/Feb/2025:00:30:15 +0000] "GET / HTTP/1.1" 301 250 "-" "Mozilla/5.0 (Windows NT 10.0; Win64; x64) AppleWebKit/537.36 (KHTML, like Gecko) Chrome/100.0.4896.75 Safari/537.36"
54.88.179.33 - - [12/Feb/2025:00:30:15 +0000] "GET / HTTP/1.1" 301 250 "-" "Mozilla/5.0 (Windows NT 10.0; Win64; x64) AppleWebKit/537.36 (KHTML, like Gecko) Chrome/100.0.4896.75 Safari/537.36"
54.88.179.33 - - [12/Feb/2025:00:30:15 +0000] "GET / HTTP/1.1" 301 250 "-" "Mozilla/5.0 (Windows NT 10.0; Win64; x64) AppleWebKit/537.36 (KHTML, like Gecko) Chrome/100.0.4896.75 Safari/537.36"
54.88.179.33 - - [12/Feb/2025:00:30:15 +0000] "GET / HTTP/1.1" 301 250 "-" "Mozilla/5.0 (Windows NT 10.0; Win64; x64) AppleWebKit/537.36 (KHTML, like Gecko) Chrome/100.0.4896.75 Safari/537.36"
54.88.179.33 - - [12/Feb/2025:00:30:16 +0000] "GET / HTTP/1.1" 301 250 "-" "Mozilla/5.0 (Windows NT 10.0; Win64; x64) AppleWebKit/537.36 (KHTML, like Gecko) Chrome/100.0.4896.75 Safari/537.36"
54.88.179.33 - - [12/Feb/2025:00:30:16 +0000] "GET / HTTP/1.1" 301 250 "-" "Mozilla/5.0 (Windows NT 10.0; Win64; x64) AppleWebKit/537.36 (KHTML, like Gecko) Chrome/100.0.4896.75 Safari/537.36"
54.88.179.33 - - [12/Feb/2025:00:30:16 +0000] "GET / HTTP/1.1" 301 250 "-" "Mozilla/5.0 (Windows NT 10.0; Win64; x64) AppleWebKit/537.36 (KHTML, like Gecko) Chrome/100.0.4896.75 Safari/537.36"
54.88.179.33 - - [12/Feb/2025:00:30:16 +0000] "GET / HTTP/1.1" 301 250 "-" "Mozilla/5.0 (Windows NT 10.0; Win64; x64) AppleWebKit/537.36 (KHTML, like Gecko) Chrome/100.0.4896.75 Safari/537.36"
54.88.179.33 - - [12/Feb/2025:00:30:16 +0000] "GET / HTTP/1.1" 301 250 "-" "Mozilla/5.0 (Windows NT 10.0; Win64; x64) AppleWebKit/537.36 (KHTML, like Gecko) Chrome/100.0.4896.75 Safari/537.36"
54.88.179.33 - - [12/Feb/2025:00:30:16 +0000] "GET / HTTP/1.1" 301 250 "-" "Mozilla/5.0 (Windows NT 10.0; Win64; x64) AppleWebKit/537.36 (KHTML, like Gecko) Chrome/100.0.4896.75 Safari/537.36"
54.88.179.33 - - [12/Feb/2025:00:30:16 +0000] "GET / HTTP/1.1" 301 250 "-" "Mozilla/5.0 (Windows NT 10.0; Win64; x64) AppleWebKit/537.36 (KHTML, like Gecko) Chrome/100.0.4896.75 Safari/537.36"
54.88.179.33 - - [12/Feb/2025:00:30:17 +0000] "GET / HTTP/1.1" 301 250 "-" "Mozilla/5.0 (Windows NT 10.0; Win64; x64) AppleWebKit/537.36 (KHTML, like Gecko) Chrome/100.0.4896.75 Safari/537.36"
54.88.179.33 - - [12/Feb/2025:00:30:17 +0000] "GET / HTTP/1.1" 301 250 "-" "Mozilla/5.0 (Windows NT 10.0; Win64; x64) AppleWebKit/537.36 (KHTML, like Gecko) Chrome/100.0.4896.75 Safari/537.36"
54.88.179.33 - - [12/Feb/2025:00:30:17 +0000] "GET / HTTP/1.1" 301 250 "-" "Mozilla/5.0 (Windows NT 10.0; Win64; x64) AppleWebKit/537.36 (KHTML, like Gecko) Chrome/100.0.4896.75 Safari/537.36"
54.88.179.33 - - [12/Feb/2025:00:30:17 +0000] "GET / HTTP/1.1" 301 250 "-" "Mozilla/5.0 (Windows NT 10.0; Win64; x64) AppleWebKit/537.36 (KHTML, like Gecko) Chrome/100.0.4896.75 Safari/537.36"
54.88.179.33 - - [12/Feb/2025:00:30:17 +0000] "GET / HTTP/1.1" 301 250 "-" "Mozilla/5.0 (Windows NT 10.0; Win64; x64) AppleWebKit/537.36 (KHTML, like Gecko) Chrome/100.0.4896.75 Safari/537.36"
54.88.179.33 - - [12/Feb/2025:00:30:17 +0000] "GET / HTTP/1.1" 301 250 "-" "Mozilla/5.0 (Windows NT 10.0; Win64; x64) AppleWebKit/537.36 (KHTML, like Gecko) Chrome/100.0.4896.75 Safari/537.36"
54.88.179.33 - - [12/Feb/2025:00:30:17 +0000] "GET / HTTP/1.1" 301 250 "-" "Mozilla/5.0 (Windows NT 10.0; Win64; x64) AppleWebKit/537.36 (KHTML, like Gecko) Chrome/100.0.4896.75 Safari/537.36"
54.88.179.33 - - [12/Feb/2025:00:30:18 +0000] "GET / HTTP/1.1" 301 250 "-" "Mozilla/5.0 (Windows NT 10.0; Win64; x64) AppleWebKit/537.36 (KHTML, like Gecko) Chrome/100.0.4896.75 Safari/537.36"
54.88.179.33 - - [12/Feb/2025:00:30:18 +0000] "GET / HTTP/1.1" 403 445 "-" "Mozilla/5.0 (Windows NT 10.0; Win64; x64) AppleWebKit/537.36 (KHTML, like Gecko) Chrome/100.0.4896.75 Safari/537.36"
121.229.156.90 - - [12/Feb/2025:00:30:21 +0000] "GET / HTTP/1.1" 403 464 "-" "Sogou web spider/4.0(+http://www.sogou.com/docs/help/webmasters.htm#07)"
217.113.194.125 - - [12/Feb/2025:00:30:26 +0000] "GET /routes/dajving-safari-v-zalive-chendravasix HTTP/1.1" 404 841 "-" "Mozilla/5.0 (compatible; Barkrowler/0.9; +https://babbar.tech/crawler)"
217.113.194.127 - - [12/Feb/2025:00:30:28 +0000] "GET /micronesia/sights/san-francisco-maru HTTP/1.1" 404 841 "-" "Mozilla/5.0 (compatible; Barkrowler/0.9; +https://babbar.tech/crawler)"
217.113.194.125 - - [12/Feb/2025:00:30:38 +0000] "GET /indonesia/ambon_banda_8nights-blue-manta HTTP/1.1" 404 841 "-" "Mozilla/5.0 (compatible; Barkrowler/0.9; +https://babbar.tech/crawler)"
154.54.249.205 - - [12/Feb/2025:00:30:41 +0000] "GET /micronesia/sights/shinkoku-maru HTTP/1.1" 404 841 "-" "Mozilla/5.0 (compatible; Barkrowler/0.9; +https://babbar.tech/crawler)"
217.113.194.248 - - [12/Feb/2025:00:30:50 +0000] "GET /indonesia/komodo_east_flores-Samambaia HTTP/1.1" 404 841 "-" "Mozilla/5.0 (compatible; Barkrowler/0.9; +https://babbar.tech/crawler)"
154.54.249.205 - - [12/Feb/2025:00:30:53 +0000] "GET /micronesia/sights/rio-de-janeiro-maru HTTP/1.1" 404 841 "-" "Mozilla/5.0 (compatible; Barkrowler/0.9; +https://babbar.tech/crawler)"
217.113.194.127 - - [12/Feb/2025:00:31:05 +0000] "GET /belize/sights/xalf-mun-kej HTTP/1.1" 404 841 "-" "Mozilla/5.0 (compatible; Barkrowler/0.9; +https://babbar.tech/crawler)"
217.113.194.124 - - [12/Feb/2025:00:31:08 +0000] "GET /egypt/north_wrecks_and_reefs-emperor-asmaa HTTP/1.1" 404 841 "-" "Mozilla/5.0 (compatible; Barkrowler/0.9; +https://babbar.tech/crawler)"
217.113.194.127 - - [12/Feb/2025:00:31:20 +0000] "GET /seychelles/seychelles_winter-sea-bird HTTP/1.1" 404 841 "-" "Mozilla/5.0 (compatible; Barkrowler/0.9; +https://babbar.tech/crawler)"
217.113.194.123 - - [12/Feb/2025:00:31:23 +0000] "GET /egypt/daedalus_elphinstone-sea-serpent-glory HTTP/1.1" 404 841 "-" "Mozilla/5.0 (compatible; Barkrowler/0.9; +https://babbar.tech/crawler)"
217.113.194.130 - - [12/Feb/2025:00:31:32 +0000] "GET /seychelles/seychelles_winter-sea-star HTTP/1.1" 404 841 "-" "Mozilla/5.0 (compatible; Barkrowler/0.9; +https://babbar.tech/crawler)"
217.113.194.122 - - [12/Feb/2025:00:31:44 +0000] "GET /seychelles/seychelles_summer-sea-pearl HTTP/1.1" 404 841 "-" "Mozilla/5.0 (compatible; Barkrowler/0.9; +https://babbar.tech/crawler)"
217.113.194.127 - - [12/Feb/2025:00:31:56 +0000] "GET /ecuador/galapagos_islands_baltra-humboldt-explorer HTTP/1.1" 404 841 "-" "Mozilla/5.0 (compatible; Barkrowler/0.9; +https://babbar.tech/crawler)"
217.113.194.129 - - [12/Feb/2025:00:31:59 +0000] "GET /seychelles/seychelles_summer-sea-bird HTTP/1.1" 404 841 "-" "Mozilla/5.0 (compatible; Barkrowler/0.9; +https://babbar.tech/crawler)"
154.54.249.205 - - [12/Feb/2025:00:32:09 +0000] "GET /philippines/tubbataha_6nights-philippine-siren HTTP/1.1" 404 841 "-" "Mozilla/5.0 (compatible; Barkrowler/0.9; +https://babbar.tech/crawler)"
217.113.194.124 - - [12/Feb/2025:00:32:11 +0000] "GET /burma/sights/sea_fan_forest HTTP/1.1" 404 841 "-" "Mozilla/5.0 (compatible; Barkrowler/0.9; +https://babbar.tech/crawler)"
217.113.194.127 - - [12/Feb/2025:00:32:24 +0000] "GET /palau/palau_full_moon_spawning-black-pearl HTTP/1.1" 404 841 "-" "Mozilla/5.0 (compatible; Barkrowler/0.9; +https://babbar.tech/crawler)"
217.113.194.130 - - [12/Feb/2025:00:32:26 +0000] "GET /costa-rica/okeanos-aggressor-i HTTP/1.1" 404 841 "-" "Mozilla/5.0 (compatible; Barkrowler/0.9; +https://babbar.tech/crawler)"
217.113.194.126 - - [12/Feb/2025:00:32:39 +0000] "GET /mexico/mexico_city_tour-hotel-royal-reforma HTTP/1.1" 404 841 "-" "Mozilla/5.0 (compatible; Barkrowler/0.9; +https://babbar.tech/crawler)"
217.113.194.127 - - [12/Feb/2025:00:32:51 +0000] "GET /mexico/sights/senot-aktun-xa HTTP/1.1" 404 841 "-" "Mozilla/5.0 (compatible; Barkrowler/0.9; +https://babbar.tech/crawler)"
217.113.194.248 - - [12/Feb/2025:00:33:03 +0000] "GET /bahamas/bimini_tiger_beach-bahamas-aggressor HTTP/1.1" 404 841 "-" "Mozilla/5.0 (compatible; Barkrowler/0.9; +https://babbar.tech/crawler)"
217.113.194.128 - - [12/Feb/2025:00:33:06 +0000] "GET /mexico/sights/senot-dos-oxos HTTP/1.1" 404 841 "-" "Mozilla/5.0 (compatible; Barkrowler/0.9; +https://babbar.tech/crawler)"
217.113.194.122 - - [12/Feb/2025:00:33:15 +0000] "GET /malta/malta_diving_tour-sunseeker-holiday-complex HTTP/1.1" 404 841 "-" "Mozilla/5.0 (compatible; Barkrowler/0.9; +https://babbar.tech/crawler)"
217.113.194.131 - - [12/Feb/2025:00:33:18 +0000] "GET /mexico/sights/senot-drimgejt HTTP/1.1" 404 841 "-" "Mozilla/5.0 (compatible; Barkrowler/0.9; +https://babbar.tech/crawler)"
95.108.213.89 - - [12/Feb/2025:00:33:25 +0000] "GET / HTTP/1.1" 403 501 "-" "Mozilla/5.0 (compatible; YandexMetrika/2.0; +http://yandex.com/bots yabs01)"
217.113.194.127 - - [12/Feb/2025:00:33:27 +0000] "GET /mexico/senotes_cozumel_11n-anah-suites HTTP/1.1" 404 841 "-" "Mozilla/5.0 (compatible; Barkrowler/0.9; +https://babbar.tech/crawler)"
95.108.213.236 - - [12/Feb/2025:00:33:37 +0000] "GET / HTTP/1.1" 403 501 "-" "Mozilla/5.0 (compatible; YandexMetrika/2.0; +http://yandex.com/bots yabs01)"
154.54.249.205 - - [12/Feb/2025:00:33:40 +0000] "GET /indonesia/ambon_banda-blue-manta HTTP/1.1" 404 841 "-" "Mozilla/5.0 (compatible; Barkrowler/0.9; +https://babbar.tech/crawler)"
217.113.194.122 - - [12/Feb/2025:00:33:42 +0000] "GET /mexico/senotes_cozumel_9n-anah-suites HTTP/1.1" 404 841 "-" "Mozilla/5.0 (compatible; Barkrowler/0.9; +https://babbar.tech/crawler)"
5.255.231.185 - - [12/Feb/2025:00:33:46 +0000] "GET / HTTP/1.1" 403 501 "-" "Mozilla/5.0 (compatible; YandexMetrika/2.0; +http://yandex.com/bots yabs01)"
217.113.194.123 - - [12/Feb/2025:00:33:52 +0000] "GET /indonesia/sights/tatava-ajlend HTTP/1.1" 404 841 "-" "Mozilla/5.0 (compatible; Barkrowler/0.9; +https://babbar.tech/crawler)"
95.108.213.219 - - [12/Feb/2025:00:33:52 +0000] "GET / HTTP/1.1" 403 501 "-" "Mozilla/5.0 (compatible; YandexMetrika/2.0; +http://yandex.com/bots yabs01)"
217.113.194.129 - - [12/Feb/2025:00:33:55 +0000] "GET /mexico/socorro_island_10nights-nautilus-belle-amie HTTP/1.1" 404 841 "-" "Mozilla/5.0 (compatible; Barkrowler/0.9; +https://babbar.tech/crawler)"
217.113.194.123 - - [12/Feb/2025:00:34:04 +0000] "GET /french-polynesia/french-polynesia-master HTTP/1.1" 404 841 "-" "Mozilla/5.0 (compatible; Barkrowler/0.9; +https://babbar.tech/crawler)"
217.113.194.127 - - [12/Feb/2025:00:34:07 +0000] "GET /mexico/socorro_island_10nights-nautilus-under-sea HTTP/1.1" 404 841 "-" "Mozilla/5.0 (compatible; Barkrowler/0.9; +https://babbar.tech/crawler)"
217.113.194.127 - - [12/Feb/2025:00:34:16 +0000] "GET /french-polynesia/sights/toau-island HTTP/1.1" 404 841 "-" "Mozilla/5.0 (compatible; Barkrowler/0.9; +https://babbar.tech/crawler)"
217.113.194.122 - - [12/Feb/2025:00:34:19 +0000] "GET /mexico/socorro_island_8nights-nautilus-belle-amie HTTP/1.1" 404 841 "-" "Mozilla/5.0 (compatible; Barkrowler/0.9; +https://babbar.tech/crawler)"
217.113.194.248 - - [12/Feb/2025:00:34:28 +0000] "GET /maldives/fun_azul_iv_carina HTTP/1.1" 404 841 "-" "Mozilla/5.0 (compatible; Barkrowler/0.9; +https://babbar.tech/crawler)"
217.113.194.122 - - [12/Feb/2025:00:34:40 +0000] "GET /mexico/sights/rek-mama-vina-playa-del-karmen-2 HTTP/1.1" 404 841 "-" "Mozilla/5.0 (compatible; Barkrowler/0.9; +https://babbar.tech/crawler)"
217.113.194.248 - - [12/Feb/2025:00:34:43 +0000] "GET /maldives/central_atolls-conte-max HTTP/1.1" 404 841 "-" "Mozilla/5.0 (compatible; Barkrowler/0.9; +https://babbar.tech/crawler)"
217.113.194.124 - - [12/Feb/2025:00:34:55 +0000] "GET /indonesia/raja_ampat_central_north-ratu-laut HTTP/1.1" 404 841 "-" "Mozilla/5.0 (compatible; Barkrowler/0.9; +https://babbar.tech/crawler)"
154.54.249.205 - - [12/Feb/2025:00:34:58 +0000] "GET /maldives/central_atolls-blue-horizon-3 HTTP/1.1" 404 841 "-" "Mozilla/5.0 (compatible; Barkrowler/0.9; +https://babbar.tech/crawler)"
217.113.194.248 - - [12/Feb/2025:00:35:08 +0000] "GET /indonesia/komodo_11nights_benoa-pindito HTTP/1.1" 404 841 "-" "Mozilla/5.0 (compatible; Barkrowler/0.9; +https://babbar.tech/crawler)"
217.113.194.130 - - [12/Feb/2025:00:35:10 +0000] "GET /maldives/central_atolls-blue-force-i HTTP/1.1" 404 841 "-" "Mozilla/5.0 (compatible; Barkrowler/0.9; +https://babbar.tech/crawler)"
217.113.194.130 - - [12/Feb/2025:00:35:20 +0000] "GET /indonesia/bali_komodo_9nights-mermaid-i HTTP/1.1" 404 841 "-" "Mozilla/5.0 (compatible; Barkrowler/0.9; +https://babbar.tech/crawler)"
217.113.194.124 - - [12/Feb/2025:00:35:32 +0000] "GET /maldives/sights/gaafaru-atoll HTTP/1.1" 404 841 "-" "Mozilla/5.0 (compatible; Barkrowler/0.9; +https://babbar.tech/crawler)"
217.113.194.130 - - [12/Feb/2025:00:35:35 +0000] "GET /indonesia/sights/nusa-penida-nusa-lembongan HTTP/1.1" 404 841 "-" "Mozilla/5.0 (compatible; Barkrowler/0.9; +https://babbar.tech/crawler)"
217.113.194.127 - - [12/Feb/2025:00:35:44 +0000] "GET /maldives/-seafari-exlporer-2 HTTP/1.1" 404 841 "-" "Mozilla/5.0 (compatible; Barkrowler/0.9; +https://babbar.tech/crawler)"
175.110.100.144 - - [12/Feb/2025:00:35:48 +0000] "POST /autodiscover/autodiscover.xml HTTP/1.1" 404 3539 "-" "-"
217.113.194.122 - - [12/Feb/2025:00:35:56 +0000] "GET /maldives/catamaran_charter-leopard-38 HTTP/1.1" 404 841 "-" "Mozilla/5.0 (compatible; Barkrowler/0.9; +https://babbar.tech/crawler)"
217.113.194.130 - - [12/Feb/2025:00:36:09 +0000] "GET /maldives/sachika&ei=*%7CEMAIL%7C* HTTP/1.1" 404 841 "-" "Mozilla/5.0 (compatible; Barkrowler/0.9; +https://babbar.tech/crawler)"
154.54.249.205 - - [12/Feb/2025:00:36:21 +0000] "GET /egypt/deep_south_pg-turquoise HTTP/1.1" 404 841 "-" "Mozilla/5.0 (compatible; Barkrowler/0.9; +https://babbar.tech/crawler)"
217.113.194.127 - - [12/Feb/2025:00:36:24 +0000] "GET /egypt/bde_port_ghalib_hurghada-blue HTTP/1.1" 404 841 "-" "Mozilla/5.0 (compatible; Barkrowler/0.9; +https://babbar.tech/crawler)"
217.113.194.130 - - [12/Feb/2025:00:36:36 +0000] "GET /egypt/rocky_zabargad_st_johns-sea-serpent HTTP/1.1" 404 841 "-" "Mozilla/5.0 (compatible; Barkrowler/0.9; +https://babbar.tech/crawler)"
217.113.194.248 - - [12/Feb/2025:00:36:39 +0000] "GET /egypt/bde_hg-sea-serpent-grand HTTP/1.1" 404 841 "-" "Mozilla/5.0 (compatible; Barkrowler/0.9; +https://babbar.tech/crawler)"
217.113.194.131 - - [12/Feb/2025:00:36:48 +0000] "GET /egypt/north_wrecks_and_reefs-red-sea-adventurer HTTP/1.1" 404 841 "-" "Mozilla/5.0 (compatible; Barkrowler/0.9; +https://babbar.tech/crawler)"
217.113.194.127 - - [12/Feb/2025:00:36:51 +0000] "GET /egypt/red_sea_north-golden-dolphin-iii HTTP/1.1" 404 841 "-" "Mozilla/5.0 (compatible; Barkrowler/0.9; +https://babbar.tech/crawler)"
217.113.194.125 - - [12/Feb/2025:00:37:01 +0000] "GET /egypt/daedalus_fury_shoal-red-sea-adventurer HTTP/1.1" 404 841 "-" "Mozilla/5.0 (compatible; Barkrowler/0.9; +https://babbar.tech/crawler)"
217.113.194.127 - - [12/Feb/2025:00:37:03 +0000] "GET /egypt/north_and_brothers-emperor-elite HTTP/1.1" 404 841 "-" "Mozilla/5.0 (compatible; Barkrowler/0.9; +https://babbar.tech/crawler)"
217.113.194.122 - - [12/Feb/2025:00:37:13 +0000] "GET /fiji/fiji-aggressor-fiji-island-dancer-ii HTTP/1.1" 404 841 "-" "Mozilla/5.0 (compatible; Barkrowler/0.9; +https://babbar.tech/crawler)"
217.113.194.131 - - [12/Feb/2025:00:37:16 +0000] "GET /egypt/north_and_brothers-golden-dolphin-ii HTTP/1.1" 404 841 "-" "Mozilla/5.0 (compatible; Barkrowler/0.9; +https://babbar.tech/crawler)"
217.113.194.129 - - [12/Feb/2025:00:37:28 +0000] "GET /egypt/north_tiran-heaven-saphir HTTP/1.1" 404 841 "-" "Mozilla/5.0 (compatible; Barkrowler/0.9; +https://babbar.tech/crawler)"
152.53.55.76 - - [12/Feb/2025:00:37:29 +0000] "GET /order/add?id=2939280 HTTP/1.1" 404 3775 "-" "Mozilla/5.0 (Windows NT 10.0; Win64; x64) AppleWebKit/537.36 (KHTML, like Gecko) Chrome/100.0.5250.102 Safari/537.36"
217.113.194.131 - - [12/Feb/2025:00:37:31 +0000] "GET /thailand/north_andaman_7nights-thailand-aggressor HTTP/1.1" 404 841 "-" "Mozilla/5.0 (compatible; Barkrowler/0.9; +https://babbar.tech/crawler)"
217.113.194.248 - - [12/Feb/2025:00:37:40 +0000] "GET /egypt/north_tiran-golden-dolphin-ii HTTP/1.1" 404 841 "-" "Mozilla/5.0 (compatible; Barkrowler/0.9; +https://babbar.tech/crawler)"
217.113.194.248 - - [12/Feb/2025:00:37:43 +0000] "GET /thailand/similan_islands_5nights-deep-andaman-queen HTTP/1.1" 404 841 "-" "Mozilla/5.0 (compatible; Barkrowler/0.9; +https://babbar.tech/crawler)"
217.113.194.129 - - [12/Feb/2025:00:37:52 +0000] "GET /egypt/north_tiran-sea-serpent-grand HTTP/1.1" 404 841 "-" "Mozilla/5.0 (compatible; Barkrowler/0.9; +https://babbar.tech/crawler)"
154.54.249.205 - - [12/Feb/2025:00:37:55 +0000] "GET /turks-and-caicos/turks-and-caicos-aggressor-ii HTTP/1.1" 404 841 "-" "Mozilla/5.0 (compatible; Barkrowler/0.9; +https://babbar.tech/crawler)"
217.113.194.123 - - [12/Feb/2025:00:38:04 +0000] "GET /egypt/north_brothers-sea-serpent-serena HTTP/1.1" 404 841 "-" "Mozilla/5.0 (compatible; Barkrowler/0.9; +https://babbar.tech/crawler)"
154.54.249.205 - - [12/Feb/2025:00:38:17 +0000] "GET /slovenija/shkola-yachtinga-regata-barcolana HTTP/1.1" 404 841 "-" "Mozilla/5.0 (compatible; Barkrowler/0.9; +https://babbar.tech/crawler)"
217.113.194.122 - - [12/Feb/2025:00:38:19 +0000] "GET /egypt/daedalus_fury_shoal-blue HTTP/1.1" 404 841 "-" "Mozilla/5.0 (compatible; Barkrowler/0.9; +https://babbar.tech/crawler)"
217.113.194.122 - - [12/Feb/2025:00:38:29 +0000] "GET /mexico/socorro_island_10nights-nautilus-explorer HTTP/1.1" 404 841 "-" "Mozilla/5.0 (compatible; Barkrowler/0.9; +https://babbar.tech/crawler)"
217.113.194.129 - - [12/Feb/2025:00:38:32 +0000] "GET /egypt/st_johns-sea-serpent-grand HTTP/1.1" 404 841 "-" "Mozilla/5.0 (compatible; Barkrowler/0.9; +https://babbar.tech/crawler)"
217.113.194.248 - - [12/Feb/2025:00:38:41 +0000] "GET /mexico/socorro_island_8nights-nautilus-under-sea HTTP/1.1" 404 841 "-" "Mozilla/5.0 (compatible; Barkrowler/0.9; +https://babbar.tech/crawler)"
217.113.194.122 - - [12/Feb/2025:00:38:53 +0000] "GET /mexico/socorro_island_8nights-nautilus-explorer HTTP/1.1" 404 841 "-" "Mozilla/5.0 (compatible; Barkrowler/0.9; +https://babbar.tech/crawler)"
217.113.194.129 - - [12/Feb/2025:00:38:56 +0000] "GET /sudan/sights/rif-shaab-rumi HTTP/1.1" 404 841 "-" "Mozilla/5.0 (compatible; Barkrowler/0.9; +https://babbar.tech/crawler)"
217.113.194.126 - - [12/Feb/2025:00:39:05 +0000] "GET /mexico/sights/senot-tadzh-maxalshugarboul HTTP/1.1" 404 841 "-" "Mozilla/5.0 (compatible; Barkrowler/0.9; +https://babbar.tech/crawler)"
4.227.36.35 - - [12/Feb/2025:00:39:08 +0000] "GET /robots.txt HTTP/1.1" 200 3729 "-" "Mozilla/5.0 AppleWebKit/537.36 (KHTML, like Gecko; compatible; GPTBot/1.2; +https://openai.com/gptbot)"
217.113.194.122 - - [12/Feb/2025:00:39:08 +0000] "GET /croatia/sights/kornati_archipelago HTTP/1.1" 404 841 "-" "Mozilla/5.0 (compatible; Barkrowler/0.9; +https://babbar.tech/crawler)"
217.113.194.126 - - [12/Feb/2025:00:39:17 +0000] "GET /indonesia/derawan_islands-raja-ampat-aggressor HTTP/1.1" 404 841 "-" "Mozilla/5.0 (compatible; Barkrowler/0.9; +https://babbar.tech/crawler)"
217.113.194.130 - - [12/Feb/2025:00:39:20 +0000] "GET /fiji/sights/ostrov-vakajya HTTP/1.1" 404 841 "-" "Mozilla/5.0 (compatible; Barkrowler/0.9; +https://babbar.tech/crawler)"
217.113.194.125 - - [12/Feb/2025:00:39:32 +0000] "GET /maldives/male_vaavu_south_ari-carpe-novo HTTP/1.1" 404 841 "-" "Mozilla/5.0 (compatible; Barkrowler/0.9; +https://babbar.tech/crawler)"
217.113.194.124 - - [12/Feb/2025:00:39:35 +0000] "GET /philippines/visayas_south-seadoors HTTP/1.1" 404 841 "-" "Mozilla/5.0 (compatible; Barkrowler/0.9; +https://babbar.tech/crawler)"
217.113.194.128 - - [12/Feb/2025:00:39:47 +0000] "GET /philippines/sights/barrakuda-lejk HTTP/1.1" 404 841 "-" "Mozilla/5.0 (compatible; Barkrowler/0.9; +https://babbar.tech/crawler)"
217.113.194.127 - - [12/Feb/2025:00:40:00 +0000] "GET /philippines/sights/dona-merelin-rek HTTP/1.1" 404 841 "-" "Mozilla/5.0 (compatible; Barkrowler/0.9; +https://babbar.tech/crawler)"
217.113.194.122 - - [12/Feb/2025:00:40:02 +0000] "GET /egypt/daedalus_fury_shoal-golden-dolphin-ii HTTP/1.1" 404 841 "-" "Mozilla/5.0 (compatible; Barkrowler/0.9; +https://babbar.tech/crawler)"
37.221.199.180 - - [12/Feb/2025:00:40:04 +0000] "GET /order/add?id=2943046 HTTP/1.1" 404 3775 "-" "Mozilla/5.0 (Windows NT 10.0; Win64; x64) AppleWebKit/537.36 (KHTML, like Gecko) Chrome/100.0.8278.783 Safari/537.36"
217.113.194.128 - - [12/Feb/2025:00:40:12 +0000] "GET /philippines/sights/kiokuzan-maru HTTP/1.1" 404 841 "-" "Mozilla/5.0 (compatible; Barkrowler/0.9; +https://babbar.tech/crawler)"
217.113.194.129 - - [12/Feb/2025:00:40:24 +0000] "GET /australia/scubapro-i-ii-iii HTTP/1.1" 404 841 "-" "Mozilla/5.0 (compatible; Barkrowler/0.9; +https://babbar.tech/crawler)"
217.113.194.125 - - [12/Feb/2025:00:40:36 +0000] "GET /thailand/thailand_south-phinisi HTTP/1.1" 404 841 "-" "Mozilla/5.0 (compatible; Barkrowler/0.9; +https://babbar.tech/crawler)"
217.113.194.127 - - [12/Feb/2025:00:40:48 +0000] "GET /thailand/sights/rek-king-cruiser HTTP/1.1" 404 841 "-" "Mozilla/5.0 (compatible; Barkrowler/0.9; +https://babbar.tech/crawler)"
217.113.194.125 - - [12/Feb/2025:00:41:00 +0000] "GET /thailand/similan_richelieu_rock-sawasdee-fasai HTTP/1.1" 404 841 "-" "Mozilla/5.0 (compatible; Barkrowler/0.9; +https://babbar.tech/crawler)"
217.113.194.122 - - [12/Feb/2025:00:41:03 +0000] "GET /dominican-republic/sights/banko-de-la-plata HTTP/1.1" 404 841 "-" "Mozilla/5.0 (compatible; Barkrowler/0.9; +https://babbar.tech/crawler)"
213.180.203.173 - - [12/Feb/2025:00:41:12 +0000] "GET / HTTP/1.1" 403 501 "-" "Mozilla/5.0 (compatible; YandexMetrika/2.0; +http://yandex.com/bots yabs01)"
217.113.194.125 - - [12/Feb/2025:00:41:13 +0000] "GET /cayman-islands/cayman-islands-cayman-aggressor-iv HTTP/1.1" 404 841 "-" "Mozilla/5.0 (compatible; Barkrowler/0.9; +https://babbar.tech/crawler)"
217.113.194.127 - - [12/Feb/2025:00:41:15 +0000] "GET /dominican-republic/sights/o-katalinita HTTP/1.1" 404 841 "-" "Mozilla/5.0 (compatible; Barkrowler/0.9; +https://babbar.tech/crawler)"
213.180.203.233 - - [12/Feb/2025:00:41:24 +0000] "GET / HTTP/1.1" 403 501 "-" "Mozilla/5.0 (compatible; YandexMetrika/2.0; +http://yandex.com/bots yabs01)"
154.54.249.205 - - [12/Feb/2025:00:41:25 +0000] "GET /indonesia/ambon_banda_sea_8nights-white_manta HTTP/1.1" 404 841 "-" "Mozilla/5.0 (compatible; Barkrowler/0.9; +https://babbar.tech/crawler)"
217.113.194.126 - - [12/Feb/2025:00:41:28 +0000] "GET /Malaysia/mabul_water_bungalow HTTP/1.1" 404 841 "-" "Mozilla/5.0 (compatible; Barkrowler/0.9; +https://babbar.tech/crawler)"
80.82.77.202 - - [12/Feb/2025:00:41:32 +0000] "GET / HTTP/1.0" 301 537 "-" "Mozilla/5.0 (Macintosh; Intel Mac OS X 10_12_5) AppleWebKit/537.36 (KHTML, like Gecko) Chrome/76.0.3809.100 Safari/537.36"
213.180.203.235 - - [12/Feb/2025:00:41:33 +0000] "GET / HTTP/1.1" 403 501 "-" "Mozilla/5.0 (compatible; YandexMetrika/2.0; +http://yandex.com/bots yabs01)"
217.113.194.127 - - [12/Feb/2025:00:41:37 +0000] "GET /indonesia/ambon_banda_sea_7nights-white_manta HTTP/1.1" 404 841 "-" "Mozilla/5.0 (compatible; Barkrowler/0.9; +https://babbar.tech/crawler)"
154.54.249.205 - - [12/Feb/2025:00:41:40 +0000] "GET /Malaysia/borneo-divers-mabul-resort HTTP/1.1" 404 841 "-" "Mozilla/5.0 (compatible; Barkrowler/0.9; +https://babbar.tech/crawler)"
95.108.213.221 - - [12/Feb/2025:00:41:45 +0000] "GET / HTTP/1.1" 403 501 "-" "Mozilla/5.0 (compatible; YandexMetrika/2.0; +http://yandex.com/bots yabs01)"
217.113.194.129 - - [12/Feb/2025:00:41:52 +0000] "GET /egypt/vita-xplorer&ei=*%7CEMAIL%7C* HTTP/1.1" 404 841 "-" "Mozilla/5.0 (compatible; Barkrowler/0.9; +https://babbar.tech/crawler)"
217.113.194.124 - - [12/Feb/2025:00:41:55 +0000] "GET /Malaysia/sipadan-mabul-resort HTTP/1.1" 404 841 "-" "Mozilla/5.0 (compatible; Barkrowler/0.9; +https://babbar.tech/crawler)"
152.53.108.155 - - [12/Feb/2025:00:41:55 +0000] "GET /order/add?id=2948185 HTTP/1.1" 404 3775 "-" "Mozilla/5.0 (Windows NT 10.0; Win64; x64) AppleWebKit/537.36 (KHTML, like Gecko) Chrome/100.0.5644.815 Safari/537.36"
217.113.194.129 - - [12/Feb/2025:00:42:04 +0000] "GET /egypt/bde_ghalib_hurghada-golden-dolphin-iii HTTP/1.1" 404 841 "-" "Mozilla/5.0 (compatible; Barkrowler/0.9; +https://babbar.tech/crawler)"
217.113.194.130 - - [12/Feb/2025:00:42:07 +0000] "GET /Honduras/sights/cocos-sea-mounts HTTP/1.1" 404 841 "-" "Mozilla/5.0 (compatible; Barkrowler/0.9; +https://babbar.tech/crawler)"
217.113.194.129 - - [12/Feb/2025:00:42:16 +0000] "GET /egypt/bde_hurghada_port_ghalib-Amelia HTTP/1.1" 404 841 "-" "Mozilla/5.0 (compatible; Barkrowler/0.9; +https://babbar.tech/crawler)"
217.113.194.123 - - [12/Feb/2025:00:42:19 +0000] "GET /tanzania/serengheti-luxury-camp HTTP/1.1" 404 841 "-" "Mozilla/5.0 (compatible; Barkrowler/0.9; +https://babbar.tech/crawler)"
17.241.219.96 - - [12/Feb/2025:00:42:31 +0000] "GET /fiji/sights/blu-vol HTTP/1.1" 404 3741 "-" "Mozilla/5.0 (Macintosh; Intel Mac OS X 10_15_7) AppleWebKit/605.1.15 (KHTML, like Gecko) Version/17.4 Safari/605.1.15 (Applebot/0.1; +http://www.apple.com/go/applebot)"
217.113.194.128 - - [12/Feb/2025:00:42:31 +0000] "GET /palau/palau_spawning_special-23687-palau-siren HTTP/1.1" 404 841 "-" "Mozilla/5.0 (compatible; Barkrowler/0.9; +https://babbar.tech/crawler)"
217.113.194.122 - - [12/Feb/2025:00:42:34 +0000] "GET /turkey/catamaran_charter-sail-ankaa HTTP/1.1" 404 841 "-" "Mozilla/5.0 (compatible; Barkrowler/0.9; +https://babbar.tech/crawler)"
66.249.73.4 - - [12/Feb/2025:00:42:34 +0000] "GET /tanzania HTTP/1.1" 404 3781 "-" "Mozilla/5.0 (Linux; Android 6.0.1; Nexus 5X Build/MMB29P) AppleWebKit/537.36 (KHTML, like Gecko) Chrome/132.0.6834.159 Mobile Safari/537.36 (compatible; Googlebot/2.1; +http://www.google.com/bot.html)"
217.113.194.248 - - [12/Feb/2025:00:42:46 +0000] "GET /turkey/catamaran_charter-sail-adasu HTTP/1.1" 404 841 "-" "Mozilla/5.0 (compatible; Barkrowler/0.9; +https://babbar.tech/crawler)"
217.113.194.128 - - [12/Feb/2025:00:42:58 +0000] "GET /mexico/sea_of_cortez_midriff_islands-quino-el-guardian HTTP/1.1" 404 841 "-" "Mozilla/5.0 (compatible; Barkrowler/0.9; +https://babbar.tech/crawler)"
217.113.194.124 - - [12/Feb/2025:00:43:01 +0000] "GET /burma/sights/north_and_south_twin HTTP/1.1" 404 841 "-" "Mozilla/5.0 (compatible; Barkrowler/0.9; +https://babbar.tech/crawler)"
217.113.194.248 - - [12/Feb/2025:00:43:10 +0000] "GET /mexico/sea_of_cortez_midriff_islands-rocio-del-mar HTTP/1.1" 404 841 "-" "Mozilla/5.0 (compatible; Barkrowler/0.9; +https://babbar.tech/crawler)"
217.113.194.125 - - [12/Feb/2025:00:43:13 +0000] "GET /colombia/sights/ostrov-malpelo HTTP/1.1" 404 841 "-" "Mozilla/5.0 (compatible; Barkrowler/0.9; +https://babbar.tech/crawler)"
217.113.194.129 - - [12/Feb/2025:00:43:23 +0000] "GET /indonesia/ambon_banda_sea_raja_ampat-white_manta HTTP/1.1" 404 841 "-" "Mozilla/5.0 (compatible; Barkrowler/0.9; +https://babbar.tech/crawler)"
217.113.194.248 - - [12/Feb/2025:00:43:25 +0000] "GET /costa-rica/cocos_island-sea-hunter HTTP/1.1" 404 841 "-" "Mozilla/5.0 (compatible; Barkrowler/0.9; +https://babbar.tech/crawler)"
154.54.249.205 - - [12/Feb/2025:00:43:35 +0000] "GET /indonesia/ambon_banda_sea_raja_ampat-mermaid-i HTTP/1.1" 404 841 "-" "Mozilla/5.0 (compatible; Barkrowler/0.9; +https://babbar.tech/crawler)"
217.113.194.127 - - [12/Feb/2025:00:43:38 +0000] "GET /costa-rica/sights/dos-amigos-pekenya HTTP/1.1" 404 841 "-" "Mozilla/5.0 (compatible; Barkrowler/0.9; +https://babbar.tech/crawler)"
217.113.194.128 - - [12/Feb/2025:00:43:47 +0000] "GET /indonesia/sorong_raja_ampat_6nights-sea-safari-6 HTTP/1.1" 404 841 "-" "Mozilla/5.0 (compatible; Barkrowler/0.9; +https://babbar.tech/crawler)"
217.113.194.129 - - [12/Feb/2025:00:43:50 +0000] "GET /mexico/the-fives-downtown-hotel-and-residences HTTP/1.1" 404 841 "-" "Mozilla/5.0 (compatible; Barkrowler/0.9; +https://babbar.tech/crawler)"
217.113.194.122 - - [12/Feb/2025:00:44:02 +0000] "GET /egypt/bde_port_ghalib_hurghada-blue-melody HTTP/1.1" 404 841 "-" "Mozilla/5.0 (compatible; Barkrowler/0.9; +https://babbar.tech/crawler)"
217.113.194.122 - - [12/Feb/2025:00:44:05 +0000] "GET /mexico/sights/tortuga-playa-del-karmen HTTP/1.1" 404 841 "-" "Mozilla/5.0 (compatible; Barkrowler/0.9; +https://babbar.tech/crawler)"
20.171.207.139 - - [12/Feb/2025:00:44:07 +0000] "GET / HTTP/1.1" 301 3541 "-" "Mozilla/5.0 AppleWebKit/537.36 (KHTML, like Gecko; compatible; GPTBot/1.2; +https://openai.com/gptbot)"
217.113.194.128 - - [12/Feb/2025:00:44:17 +0000] "GET /tours/dajving-safari-dalnij-yug-sent-dzhons-4 HTTP/1.1" 404 841 "-" "Mozilla/5.0 (compatible; Barkrowler/0.9; +https://babbar.tech/crawler)"
162.158.187.9 - - [12/Feb/2025:00:44:23 +0000] "GET /robots.txt HTTP/1.1" 403 497 "-" "Mozilla/5.0 AppleWebKit/537.36 (KHTML, like Gecko; compatible; GPTBot/1.2; +https://openai.com/gptbot)"
217.113.194.126 - - [12/Feb/2025:00:44:29 +0000] "GET /indonesia/raja-ampat-aggressor HTTP/1.1" 404 841 "-" "Mozilla/5.0 (compatible; Barkrowler/0.9; +https://babbar.tech/crawler)"
217.113.194.122 - - [12/Feb/2025:00:44:32 +0000] "GET /costa-rica/cocos_island_10nights-okeanos-aggressor-i HTTP/1.1" 404 841 "-" "Mozilla/5.0 (compatible; Barkrowler/0.9; +https://babbar.tech/crawler)"
20.171.207.139 - - [12/Feb/2025:00:44:35 +0000] "GET /sitemap.xml HTTP/1.1" 200 9646 "-" "Mozilla/5.0 AppleWebKit/537.36 (KHTML, like Gecko; compatible; GPTBot/1.2; +https://openai.com/gptbot)"
217.113.194.129 - - [12/Feb/2025:00:44:42 +0000] "GET /indonesia/raja_ampat-mantamae HTTP/1.1" 404 841 "-" "Mozilla/5.0 (compatible; Barkrowler/0.9; +https://babbar.tech/crawler)"
217.113.194.126 - - [12/Feb/2025:00:44:54 +0000] "GET /indonesia/ambon_banda_niera_6nights-sea-safari-6 HTTP/1.1" 404 841 "-" "Mozilla/5.0 (compatible; Barkrowler/0.9; +https://babbar.tech/crawler)"
217.113.194.248 - - [12/Feb/2025:00:45:06 +0000] "GET /indonesia/mimpi-menjangan-resort HTTP/1.1" 404 841 "-" "Mozilla/5.0 (compatible; Barkrowler/0.9; +https://babbar.tech/crawler)"
217.113.194.125 - - [12/Feb/2025:00:45:18 +0000] "GET /indonesia/raja_ampat_north-12294-pearl-of-papua HTTP/1.1" 404 841 "-" "Mozilla/5.0 (compatible; Barkrowler/0.9; +https://babbar.tech/crawler)"
217.113.194.131 - - [12/Feb/2025:00:45:21 +0000] "GET /french-polynesia/sights/kauehi-island HTTP/1.1" 404 841 "-" "Mozilla/5.0 (compatible; Barkrowler/0.9; +https://babbar.tech/crawler)"
217.113.194.129 - - [12/Feb/2025:00:45:30 +0000] "GET /indonesia/raja_ampat_10nights-raja-ampat-aggressor HTTP/1.1" 404 841 "-" "Mozilla/5.0 (compatible; Barkrowler/0.9; +https://babbar.tech/crawler)"
217.113.194.122 - - [12/Feb/2025:00:45:33 +0000] "GET /french-polynesia/sights/tikehau-island HTTP/1.1" 404 841 "-" "Mozilla/5.0 (compatible; Barkrowler/0.9; +https://babbar.tech/crawler)"
217.113.194.130 - - [12/Feb/2025:00:45:42 +0000] "GET /indonesia/sights/podvodnaya-oxota-v-zapovednike HTTP/1.1" 404 841 "-" "Mozilla/5.0 (compatible; Barkrowler/0.9; +https://babbar.tech/crawler)"
217.113.194.122 - - [12/Feb/2025:00:45:55 +0000] "GET /french-polynesia/tuamotu_north_14n-aquatiki-II HTTP/1.1" 404 841 "-" "Mozilla/5.0 (compatible; Barkrowler/0.9; +https://babbar.tech/crawler)"
217.113.194.130 - - [12/Feb/2025:00:45:57 +0000] "GET /maldives/central_atolls-duke-of-york HTTP/1.1" 404 841 "-" "Mozilla/5.0 (compatible; Barkrowler/0.9; +https://babbar.tech/crawler)"
217.113.194.126 - - [12/Feb/2025:00:46:07 +0000] "GET /egypt/elphinstone_st_johns_elba_reef-royal-evolution HTTP/1.1" 404 841 "-" "Mozilla/5.0 (compatible; Barkrowler/0.9; +https://babbar.tech/crawler)"
217.113.194.128 - - [12/Feb/2025:00:46:10 +0000] "GET /maldives/sudan_11nights-blue-force-3 HTTP/1.1" 404 841 "-" "Mozilla/5.0 (compatible; Barkrowler/0.9; +https://babbar.tech/crawler)"
217.113.194.125 - - [12/Feb/2025:00:46:22 +0000] "GET /philippines/sights/severnyj-atoll-yugo-zapadnyj-ugol HTTP/1.1" 404 841 "-" "Mozilla/5.0 (compatible; Barkrowler/0.9; +https://babbar.tech/crawler)"
154.54.249.205 - - [12/Feb/2025:00:46:34 +0000] "GET /maldives/sights/yuzhnyj-male-atoll HTTP/1.1" 404 841 "-" "Mozilla/5.0 (compatible; Barkrowler/0.9; +https://babbar.tech/crawler)"
217.113.194.128 - - [12/Feb/2025:00:46:37 +0000] "GET /philippines/sights/severnyj-atoll-yugo-vostochnyj-ugol HTTP/1.1" 404 841 "-" "Mozilla/5.0 (compatible; Barkrowler/0.9; +https://babbar.tech/crawler)"
217.113.194.125 - - [12/Feb/2025:00:46:49 +0000] "GET /mexico/senotes_whale_sharks_10n-riviera-maya-suites HTTP/1.1" 404 841 "-" "Mozilla/5.0 (compatible; Barkrowler/0.9; +https://babbar.tech/crawler)"
217.113.194.124 - - [12/Feb/2025:00:46:52 +0000] "GET /Solomon-Islands/solomons-png-master HTTP/1.1" 404 841 "-" "Mozilla/5.0 (compatible; Barkrowler/0.9; +https://babbar.tech/crawler)"
217.113.194.125 - - [12/Feb/2025:00:47:01 +0000] "GET /mexico/sea_of_cortez_5nights-nautilus-gallant-lady HTTP/1.1" 404 841 "-" "Mozilla/5.0 (compatible; Barkrowler/0.9; +https://babbar.tech/crawler)"
217.113.194.127 - - [12/Feb/2025:00:47:04 +0000] "GET /egypt/fury_shoal-sea-serpent-glory HTTP/1.1" 404 841 "-" "Mozilla/5.0 (compatible; Barkrowler/0.9; +https://babbar.tech/crawler)"
217.113.194.125 - - [12/Feb/2025:00:47:16 +0000] "GET /indonesia/ambon_banda_niera_9nights-sea-safari-6 HTTP/1.1" 404 841 "-" "Mozilla/5.0 (compatible; Barkrowler/0.9; +https://babbar.tech/crawler)"
217.113.194.126 - - [12/Feb/2025:00:47:28 +0000] "GET /egypt/bde_port_ghalib_hurghada-red-sea-adventurer HTTP/1.1" 404 841 "-" "Mozilla/5.0 (compatible; Barkrowler/0.9; +https://babbar.tech/crawler)"
217.113.194.131 - - [12/Feb/2025:00:47:40 +0000] "GET /egypt/south_st_johns-emperor-elite HTTP/1.1" 404 841 "-" "Mozilla/5.0 (compatible; Barkrowler/0.9; +https://babbar.tech/crawler)"
217.113.194.129 - - [12/Feb/2025:00:47:52 +0000] "GET /egypt/south_st_johns-omneia-spirit HTTP/1.1" 404 841 "-" "Mozilla/5.0 (compatible; Barkrowler/0.9; +https://babbar.tech/crawler)"
217.113.194.248 - - [12/Feb/2025:00:48:05 +0000] "GET /philippines/sights/yuzhnyj-atoll-sever-i-severo-vostok HTTP/1.1" 404 841 "-" "Mozilla/5.0 (compatible; Barkrowler/0.9; +https://babbar.tech/crawler)"
217.113.194.124 - - [12/Feb/2025:00:48:17 +0000] "GET /egypt/bde_hg-sea-serpent-excellence HTTP/1.1" 404 841 "-" "Mozilla/5.0 (compatible; Barkrowler/0.9; +https://babbar.tech/crawler)"
217.113.194.248 - - [12/Feb/2025:00:48:30 +0000] "GET /egypt/bde_pg-golden-dolphin-iii HTTP/1.1" 404 841 "-" "Mozilla/5.0 (compatible; Barkrowler/0.9; +https://babbar.tech/crawler)"
217.113.194.123 - - [12/Feb/2025:00:48:42 +0000] "GET /costa-rica/cocos_island-okeanos-aggressor-ii-wind-dancer HTTP/1.1" 404 841 "-" "Mozilla/5.0 (compatible; Barkrowler/0.9; +https://babbar.tech/crawler)"
217.113.194.125 - - [12/Feb/2025:00:48:45 +0000] "GET /egypt/bde_pg_hg-sea-serpent-grand HTTP/1.1" 404 841 "-" "Mozilla/5.0 (compatible; Barkrowler/0.9; +https://babbar.tech/crawler)"
66.249.73.3 - - [12/Feb/2025:00:48:46 +0000] "GET / HTTP/1.1" 301 574 "-" "Mozilla/5.0 (compatible; Googlebot/2.1; +http://www.google.com/bot.html)"
66.249.73.3 - - [12/Feb/2025:00:48:47 +0000] "GET / HTTP/1.1" 301 3566 "-" "Mozilla/5.0 (compatible; Googlebot/2.1; +http://www.google.com/bot.html)"
66.249.73.4 - - [12/Feb/2025:00:48:48 +0000] "GET / HTTP/1.1" 301 574 "-" "Mozilla/5.0 (compatible; Googlebot/2.1; +http://www.google.com/bot.html)"
66.249.73.3 - - [12/Feb/2025:00:48:48 +0000] "GET / HTTP/1.1" 301 301 "-" "Mozilla/5.0 (compatible; Googlebot/2.1; +http://www.google.com/bot.html)"
66.249.73.4 - - [12/Feb/2025:00:48:49 +0000] "GET / HTTP/1.1" 301 3566 "-" "Mozilla/5.0 (compatible; Googlebot/2.1; +http://www.google.com/bot.html)"
217.113.194.127 - - [12/Feb/2025:00:48:54 +0000] "GET /egypt/bde_hurghada_port_ghalib-red-sea-adventurer HTTP/1.1" 404 841 "-" "Mozilla/5.0 (compatible; Barkrowler/0.9; +https://babbar.tech/crawler)"
5.255.231.2 - - [12/Feb/2025:00:49:04 +0000] "GET / HTTP/1.1" 403 501 "-" "Mozilla/5.0 (compatible; YandexMetrika/2.0; +http://yandex.com/bots yabs01)"
217.113.194.131 - - [12/Feb/2025:00:49:06 +0000] "GET /egypt/north_ras_mohamed_tiran-red_sea-aggressor_II HTTP/1.1" 404 841 "-" "Mozilla/5.0 (compatible; Barkrowler/0.9; +https://babbar.tech/crawler)"
217.113.194.129 - - [12/Feb/2025:00:49:18 +0000] "GET /egypt/red_sea_10nights-blue-melody HTTP/1.1" 404 841 "-" "Mozilla/5.0 (compatible; Barkrowler/0.9; +https://babbar.tech/crawler)"
213.180.203.104 - - [12/Feb/2025:00:49:21 +0000] "GET / HTTP/1.1" 403 501 "-" "Mozilla/5.0 (compatible; YandexMetrika/2.0; +http://yandex.com/bots yabs01)"
217.113.194.131 - - [12/Feb/2025:00:49:21 +0000] "GET /mexico/senotes_cozumel_11n-the-fives-downtown-hotel-and-residences HTTP/1.1" 404 841 "-" "Mozilla/5.0 (compatible; Barkrowler/0.9; +https://babbar.tech/crawler)"
95.108.213.112 - - [12/Feb/2025:00:49:30 +0000] "GET / HTTP/1.1" 403 501 "-" "Mozilla/5.0 (compatible; YandexMetrika/2.0; +http://yandex.com/bots yabs01)"
217.113.194.128 - - [12/Feb/2025:00:49:30 +0000] "GET /egypt/red_sea_north-golden-dolphin-ii HTTP/1.1" 404 841 "-" "Mozilla/5.0 (compatible; Barkrowler/0.9; +https://babbar.tech/crawler)"
217.113.194.128 - - [12/Feb/2025:00:49:33 +0000] "GET /mexico/senotes_cozumel_9n-the-fives-downtown-hotel-and-residences HTTP/1.1" 404 841 "-" "Mozilla/5.0 (compatible; Barkrowler/0.9; +https://babbar.tech/crawler)"
