217.113.194.131 - - [12/Feb/2025:00:49:43 +0000] "GET /egypt/red_sea_north-sea-serpent-grand HTTP/1.1" 404 841 "-" "Mozilla/5.0 (compatible; Barkrowler/0.9; +https://babbar.tech/crawler)"
87.250.224.23 - - [12/Feb/2025:00:49:43 +0000] "GET / HTTP/1.1" 403 501 "-" "Mozilla/5.0 (compatible; YandexMetrika/2.0; +http://yandex.com/bots yabs01)"
217.113.194.123 - - [12/Feb/2025:00:49:55 +0000] "GET /indonesia/komodo_extended_bali_labuan_bajo-adelaar HTTP/1.1" 404 841 "-" "Mozilla/5.0 (compatible; Barkrowler/0.9; +https://babbar.tech/crawler)"
217.113.194.122 - - [12/Feb/2025:00:49:58 +0000] "GET /egypt/red_sea_north-sea-serpent-serena HTTP/1.1" 404 841 "-" "Mozilla/5.0 (compatible; Barkrowler/0.9; +https://babbar.tech/crawler)"
217.113.194.122 - - [12/Feb/2025:00:50:07 +0000] "GET /indonesia/sorong_raja_ampat_sorong_6nights-sea-safari-8 HTTP/1.1" 404 841 "-" "Mozilla/5.0 (compatible; Barkrowler/0.9; +https://babbar.tech/crawler)"
217.113.194.129 - - [12/Feb/2025:00:50:10 +0000] "GET /egypt/sinai_classic-snefro-spirit HTTP/1.1" 404 841 "-" "Mozilla/5.0 (compatible; Barkrowler/0.9; +https://babbar.tech/crawler)"
217.113.194.122 - - [12/Feb/2025:00:50:19 +0000] "GET /indonesia/sorong_raja_ampat_sorong_5nights-sea-safari-8 HTTP/1.1" 404 841 "-" "Mozilla/5.0 (compatible; Barkrowler/0.9; +https://babbar.tech/crawler)"
217.113.194.129 - - [12/Feb/2025:00:50:22 +0000] "GET /egypt/north_tiran-red-sea-adventurer HTTP/1.1" 404 841 "-" "Mozilla/5.0 (compatible; Barkrowler/0.9; +https://babbar.tech/crawler)"
217.113.194.127 - - [12/Feb/2025:00:50:31 +0000] "GET /egypt/daedalus_rocky_zabargad_st_johns-golden-dolphin-iii HTTP/1.1" 404 841 "-" "Mozilla/5.0 (compatible; Barkrowler/0.9; +https://babbar.tech/crawler)"
37.120.162.214 - - [12/Feb/2025:00:50:31 +0000] "GET /egypt/famous_five-emperor-asmaa HTTP/1.1" 404 3775 "-" "Mozilla/5.0 (Windows NT 10.0; Win64; x64) AppleWebKit/537.36 (KHTML, like Gecko) Chrome/100.0.5016.335 Safari/537.36"
217.113.194.126 - - [12/Feb/2025:00:50:34 +0000] "GET /egypt/north_brothers-omneia-spirit HTTP/1.1" 404 841 "-" "Mozilla/5.0 (compatible; Barkrowler/0.9; +https://babbar.tech/crawler)"
217.113.194.248 - - [12/Feb/2025:00:50:43 +0000] "GET /ecuador/galapagos_islands_wolf_darvin-galapagos-aggressor-iii HTTP/1.1" 404 841 "-" "Mozilla/5.0 (compatible; Barkrowler/0.9; +https://babbar.tech/crawler)"
217.113.194.131 - - [12/Feb/2025:00:50:56 +0000] "GET /egypt/daedalus_st_johns-blue-horizon HTTP/1.1" 404 841 "-" "Mozilla/5.0 (compatible; Barkrowler/0.9; +https://babbar.tech/crawler)"
154.54.249.205 - - [12/Feb/2025:00:51:08 +0000] "GET /Malaysia/SIPADAN_MABUL_KAPALAI_ISLANDS HTTP/1.1" 404 841 "-" "Mozilla/5.0 (compatible; Barkrowler/0.9; +https://babbar.tech/crawler)"
217.113.194.128 - - [12/Feb/2025:00:51:11 +0000] "GET /egypt/famous_five-emperor-asmaa HTTP/1.1" 404 841 "-" "Mozilla/5.0 (compatible; Barkrowler/0.9; +https://babbar.tech/crawler)"
217.113.194.126 - - [12/Feb/2025:00:51:20 +0000] "GET /indonesia/raja_ampat_banda_sea_12nights_ambon-raja-laut HTTP/1.1" 404 841 "-" "Mozilla/5.0 (compatible; Barkrowler/0.9; +https://babbar.tech/crawler)"
217.113.194.123 - - [12/Feb/2025:00:51:32 +0000] "GET /philippines/malapascua_visayas_10nights_mactan-philippine-siren HTTP/1.1" 404 841 "-" "Mozilla/5.0 (compatible; Barkrowler/0.9; +https://babbar.tech/crawler)"
217.113.194.128 - - [12/Feb/2025:00:51:35 +0000] "GET /egypt/elphinstone_sataya-aldebaran HTTP/1.1" 404 841 "-" "Mozilla/5.0 (compatible; Barkrowler/0.9; +https://babbar.tech/crawler)"
217.113.194.129 - - [12/Feb/2025:00:51:47 +0000] "GET /Honduras/roatan_utila_kayo_cochinos-roatan_aggressor HTTP/1.1" 404 841 "-" "Mozilla/5.0 (compatible; Barkrowler/0.9; +https://babbar.tech/crawler)"
162.158.187.10 - - [12/Feb/2025:00:51:50 +0000] "GET /robots.txt HTTP/1.1" 403 497 "-" "Mozilla/5.0 AppleWebKit/537.36 (KHTML, like Gecko; compatible; GPTBot/1.2; +https://openai.com/gptbot)"
217.113.194.130 - - [12/Feb/2025:00:51:50 +0000] "GET /ecuador/galapagos-tiburon-explorer HTTP/1.1" 404 841 "-" "Mozilla/5.0 (compatible; Barkrowler/0.9; +https://babbar.tech/crawler)"
217.113.194.127 - - [12/Feb/2025:00:51:59 +0000] "GET /bahamas/grand_bagama_tiger_beach-bahamas-aggressor-the-carib-dancer HTTP/1.1" 404 841 "-" "Mozilla/5.0 (compatible; Barkrowler/0.9; +https://babbar.tech/crawler)"
172.70.214.130 - - [12/Feb/2025:00:52:01 +0000] "GET / HTTP/1.1" 403 497 "-" "Mozilla/5.0 AppleWebKit/537.36 (KHTML, like Gecko; compatible; GPTBot/1.2; +https://openai.com/gptbot)"
217.113.194.130 - - [12/Feb/2025:00:52:02 +0000] "GET /south-africa/blue_ocean_dive_resort HTTP/1.1" 404 841 "-" "Mozilla/5.0 (compatible; Barkrowler/0.9; +https://babbar.tech/crawler)"
217.113.194.126 - - [12/Feb/2025:00:52:14 +0000] "GET /indonesia/sorong_raja_ampat_sorong_7nights-sea-safari-8 HTTP/1.1" 404 841 "-" "Mozilla/5.0 (compatible; Barkrowler/0.9; +https://babbar.tech/crawler)"
217.113.194.126 - - [12/Feb/2025:00:52:26 +0000] "GET /philippines/visayas_seascape-seadoors HTTP/1.1" 404 841 "-" "Mozilla/5.0 (compatible; Barkrowler/0.9; +https://babbar.tech/crawler)"
217.113.194.124 - - [12/Feb/2025:00:52:29 +0000] "GET /st-kitts-and-nevis/st_maartens_saba_st_kits-caribbean-explorer-ii HTTP/1.1" 404 841 "-" "Mozilla/5.0 (compatible; Barkrowler/0.9; +https://babbar.tech/crawler)"
217.113.194.127 - - [12/Feb/2025:00:52:39 +0000] "GET /philippines/malapaskua_leyte-infiniti HTTP/1.1" 404 841 "-" "Mozilla/5.0 (compatible; Barkrowler/0.9; +https://babbar.tech/crawler)"
217.113.194.125 - - [12/Feb/2025:00:52:41 +0000] "GET /st-kitts-and-nevis/st_kits_saba_st_maartens-caribbean-explorer-ii HTTP/1.1" 404 841 "-" "Mozilla/5.0 (compatible; Barkrowler/0.9; +https://babbar.tech/crawler)"
217.113.194.131 - - [12/Feb/2025:00:52:51 +0000] "GET /palau/sights/ostrov-peleliu HTTP/1.1" 404 841 "-" "Mozilla/5.0 (compatible; Barkrowler/0.9; +https://babbar.tech/crawler)"
217.113.194.129 - - [12/Feb/2025:00:52:54 +0000] "GET /philippines/sights/yuzhnyj-atoll-yug-yugo-vostok-yugo-zapad HTTP/1.1" 404 841 "-" "Mozilla/5.0 (compatible; Barkrowler/0.9; +https://babbar.tech/crawler)"
217.113.194.129 - - [12/Feb/2025:00:53:03 +0000] "GET /palau/palau_6nights-palau-siren HTTP/1.1" 404 841 "-" "Mozilla/5.0 (compatible; Barkrowler/0.9; +https://babbar.tech/crawler)"
217.113.194.125 - - [12/Feb/2025:00:53:15 +0000] "GET /palau/palau_10nights-palau-siren HTTP/1.1" 404 841 "-" "Mozilla/5.0 (compatible; Barkrowler/0.9; +https://babbar.tech/crawler)"
217.113.194.122 - - [12/Feb/2025:00:53:27 +0000] "GET /mexico/sea_of_cortez_12nights_san_jose_del_cabo-quino-el-guardian HTTP/1.1" 404 841 "-" "Mozilla/5.0 (compatible; Barkrowler/0.9; +https://babbar.tech/crawler)"
217.113.194.124 - - [12/Feb/2025:00:53:39 +0000] "GET /tours/dajving-safari-po-marshrutu-elfinstoun-i-fyuri-shoalz HTTP/1.1" 404 841 "-" "Mozilla/5.0 (compatible; Barkrowler/0.9; +https://babbar.tech/crawler)"
217.113.194.123 - - [12/Feb/2025:00:53:42 +0000] "GET /thailand/myanmar_mergui-phinisi HTTP/1.1" 404 841 "-" "Mozilla/5.0 (compatible; Barkrowler/0.9; +https://babbar.tech/crawler)"
217.113.194.128 - - [12/Feb/2025:00:53:52 +0000] "GET /indonesia/sights/podvodnaya-oxota-na-nusa-penida-nusa-lembongan HTTP/1.1" 404 841 "-" "Mozilla/5.0 (compatible; Barkrowler/0.9; +https://babbar.tech/crawler)"
217.113.194.126 - - [12/Feb/2025:00:53:54 +0000] "GET /thailand/sights/chumphon-pinnacles HTTP/1.1" 404 841 "-" "Mozilla/5.0 (compatible; Barkrowler/0.9; +https://babbar.tech/crawler)"
217.113.194.248 - - [12/Feb/2025:00:54:04 +0000] "GET /egypt/safaga_brothers_elphinstone_PG_HG-emperor-elite HTTP/1.1" 404 841 "-" "Mozilla/5.0 (compatible; Barkrowler/0.9; +https://babbar.tech/crawler)"
47.128.62.44 - - [12/Feb/2025:00:54:05 +0000] "GET /robots.txt HTTP/1.1" 200 3595 "-" "Mozilla/5.0 (Linux; Android 5.0) AppleWebKit/537.36 (KHTML, like Gecko) Mobile Safari/537.36 (compatible; Bytespider; spider-feedback@bytedance.com)"
217.113.194.126 - - [12/Feb/2025:00:54:07 +0000] "GET /thailand/sights/ostrova-pxi-pxi HTTP/1.1" 404 841 "-" "Mozilla/5.0 (compatible; Barkrowler/0.9; +https://babbar.tech/crawler)"
217.113.194.124 - - [12/Feb/2025:00:54:19 +0000] "GET /turks-and-caicos/provo_west_caicos_french_cay-turks-and-caicos-explorer-ii HTTP/1.1" 404 841 "-" "Mozilla/5.0 (compatible; Barkrowler/0.9; +https://babbar.tech/crawler)"
217.113.194.248 - - [12/Feb/2025:00:54:22 +0000] "GET /dominican-republic/sights/kapitan-alsina HTTP/1.1" 404 841 "-" "Mozilla/5.0 (compatible; Barkrowler/0.9; +https://babbar.tech/crawler)"
217.113.194.248 - - [12/Feb/2025:00:54:31 +0000] "GET /bahamas/exuma_cays_southwest_eleuthera_7nights-bahamas-aggressor-the-carib-dancer HTTP/1.1" 404 841 "-" "Mozilla/5.0 (compatible; Barkrowler/0.9; +https://babbar.tech/crawler)"
154.54.249.205 - - [12/Feb/2025:00:54:34 +0000] "GET /micronesia/sights/fudzhikava-maru HTTP/1.1" 404 841 "-" "Mozilla/5.0 (compatible; Barkrowler/0.9; +https://babbar.tech/crawler)"
217.113.194.125 - - [12/Feb/2025:00:54:43 +0000] "GET /bahamas/exuma_cays_southwest_eleuthera_6nights-bahamas-aggressor-the-carib-dancer HTTP/1.1" 404 841 "-" "Mozilla/5.0 (compatible; Barkrowler/0.9; +https://babbar.tech/crawler)"
217.113.194.127 - - [12/Feb/2025:00:54:55 +0000] "GET /costa-rica/okeanos-aggressor-ii HTTP/1.1" 404 841 "-" "Mozilla/5.0 (compatible; Barkrowler/0.9; +https://babbar.tech/crawler)"
17.241.227.148 - - [12/Feb/2025:00:55:05 +0000] "GET /philippines/alona-tropical-beach-resort HTTP/1.1" 404 3741 "-" "Mozilla/5.0 (Macintosh; Intel Mac OS X 10_15_7) AppleWebKit/605.1.15 (KHTML, like Gecko) Version/17.4 Safari/605.1.15 (Applebot/0.1; +http://www.apple.com/go/applebot)"
217.113.194.248 - - [12/Feb/2025:00:55:07 +0000] "GET /turks-and-caicos/providenciales_west_caicos_french_cay_7nights-turks-and-caicos-aggressor-ii HTTP/1.1" 404 841 "-" "Mozilla/5.0 (compatible; Barkrowler/0.9; +https://babbar.tech/crawler)"
217.113.194.126 - - [12/Feb/2025:00:55:10 +0000] "GET /costa-rica/sights/sabmedzhet-rok HTTP/1.1" 404 841 "-" "Mozilla/5.0 (compatible; Barkrowler/0.9; +https://babbar.tech/crawler)"
195.191.219.131 - - [12/Feb/2025:00:55:12 +0000] "GET /robots.txt HTTP/1.1" 200 3573 "-" "Mozilla/5.0 (compatible; MJ12bot/v1.4.8; http://mj12bot.com/)"
195.191.219.131 - - [12/Feb/2025:00:55:14 +0000] "GET /papua-new-guinea HTTP/1.1" 404 468 "-" "Mozilla/5.0 (compatible; MJ12bot/v1.4.8; http://mj12bot.com/)"
195.191.219.131 - - [12/Feb/2025:00:55:15 +0000] "GET /sudan HTTP/1.1" 404 468 "-" "Mozilla/5.0 (compatible; MJ12bot/v1.4.8; http://mj12bot.com/)"
217.113.194.128 - - [12/Feb/2025:00:55:22 +0000] "GET /indonesia/komodo_11nights-pindito HTTP/1.1" 404 841 "-" "Mozilla/5.0 (compatible; Barkrowler/0.9; +https://babbar.tech/crawler)"
217.113.194.129 - - [12/Feb/2025:00:55:35 +0000] "GET /indonesia/komodo_5nights-teman HTTP/1.1" 404 841 "-" "Mozilla/5.0 (compatible; Barkrowler/0.9; +https://babbar.tech/crawler)"
217.113.194.127 - - [12/Feb/2025:00:55:47 +0000] "GET /indonesia/plataran-phinisi-felicia HTTP/1.1" 404 841 "-" "Mozilla/5.0 (compatible; Barkrowler/0.9; +https://babbar.tech/crawler)"
213.180.203.185 - - [12/Feb/2025:00:55:49 +0000] "GET / HTTP/1.1" 403 501 "-" "Mozilla/5.0 (compatible; YandexMetrika/2.0; +http://yandex.com/bots yabs01)"
37.120.185.173 - - [12/Feb/2025:00:55:57 +0000] "GET /order/add?id=2944168 HTTP/1.1" 404 3775 "-" "Mozilla/5.0 (Windows NT 10.0; Win64; x64) AppleWebKit/537.36 (KHTML, like Gecko) Chrome/100.0.2816.873 Safari/537.36"
217.113.194.131 - - [12/Feb/2025:00:55:59 +0000] "GET /french-polynesia/sights/apataki-atoll HTTP/1.1" 404 841 "-" "Mozilla/5.0 (compatible; Barkrowler/0.9; +https://babbar.tech/crawler)"
87.250.224.25 - - [12/Feb/2025:00:55:59 +0000] "GET / HTTP/1.1" 403 501 "-" "Mozilla/5.0 (compatible; YandexMetrika/2.0; +http://yandex.com/bots yabs01)"
216.244.66.249 - - [12/Feb/2025:00:56:08 +0000] "GET /robots.txt HTTP/1.1" 403 445 "-" "Mozilla/5.0 (compatible; DotBot/1.2; +https://opensiteexplorer.org/dotbot; help@moz.com)"
216.244.66.249 - - [12/Feb/2025:00:56:08 +0000] "GET /robots.txt HTTP/1.1" 301 538 "-" "Mozilla/5.0 (compatible; DotBot/1.2; +https://opensiteexplorer.org/dotbot; help@moz.com)"
216.244.66.249 - - [12/Feb/2025:00:56:08 +0000] "GET /robots.txt HTTP/1.1" 200 3614 "-" "Mozilla/5.0 (compatible; DotBot/1.2; +https://opensiteexplorer.org/dotbot; help@moz.com)"
95.108.213.138 - - [12/Feb/2025:00:56:09 +0000] "GET / HTTP/1.1" 403 501 "-" "Mozilla/5.0 (compatible; YandexMetrika/2.0; +http://yandex.com/bots yabs01)"
217.113.194.131 - - [12/Feb/2025:00:56:11 +0000] "GET /maldives/central_atolls-Ocean_Sapphire HTTP/1.1" 404 841 "-" "Mozilla/5.0 (compatible; Barkrowler/0.9; +https://babbar.tech/crawler)"
217.113.194.128 - - [12/Feb/2025:00:56:23 +0000] "GET /maldives/central_atolls-emperor-leo HTTP/1.1" 404 841 "-" "Mozilla/5.0 (compatible; Barkrowler/0.9; +https://babbar.tech/crawler)"
95.108.213.89 - - [12/Feb/2025:00:56:25 +0000] "GET / HTTP/1.1" 403 501 "-" "Mozilla/5.0 (compatible; YandexMetrika/2.0; +http://yandex.com/bots yabs01)"
66.249.73.4 - - [12/Feb/2025:00:56:35 +0000] "GET /india HTTP/1.1" 404 3781 "-" "Mozilla/5.0 (Linux; Android 6.0.1; Nexus 5X Build/MMB29P) AppleWebKit/537.36 (KHTML, like Gecko) Chrome/132.0.6834.159 Mobile Safari/537.36 (compatible; Googlebot/2.1; +http://www.google.com/bot.html)"
217.113.194.127 - - [12/Feb/2025:00:56:35 +0000] "GET /maldives/central_atolls-marselia_star HTTP/1.1" 404 841 "-" "Mozilla/5.0 (compatible; Barkrowler/0.9; +https://babbar.tech/crawler)"
217.113.194.129 - - [12/Feb/2025:00:56:48 +0000] "GET /maldives/central_10nights-emperor-explorer HTTP/1.1" 404 841 "-" "Mozilla/5.0 (compatible; Barkrowler/0.9; +https://babbar.tech/crawler)"
217.113.194.130 - - [12/Feb/2025:00:57:00 +0000] "GET /egypt/zabargad_st_johns-aldebaran HTTP/1.1" 404 841 "-" "Mozilla/5.0 (compatible; Barkrowler/0.9; +https://babbar.tech/crawler)"
217.113.194.126 - - [12/Feb/2025:00:57:12 +0000] "GET /egypt/bde_hg-sea-serpent-contessa HTTP/1.1" 404 841 "-" "Mozilla/5.0 (compatible; Barkrowler/0.9; +https://babbar.tech/crawler)"
217.113.194.122 - - [12/Feb/2025:00:57:24 +0000] "GET /egypt/bde_hg_pg-Galaxy-720 HTTP/1.1" 404 841 "-" "Mozilla/5.0 (compatible; Barkrowler/0.9; +https://babbar.tech/crawler)"
217.113.194.128 - - [12/Feb/2025:00:57:36 +0000] "GET /egypt/bde_hurghada-blue-melody HTTP/1.1" 404 841 "-" "Mozilla/5.0 (compatible; Barkrowler/0.9; +https://babbar.tech/crawler)"
217.113.194.129 - - [12/Feb/2025:00:57:49 +0000] "GET /egypt/bde_sharks_pg_hg-blue-horizon HTTP/1.1" 404 841 "-" "Mozilla/5.0 (compatible; Barkrowler/0.9; +https://babbar.tech/crawler)"
217.113.194.124 - - [12/Feb/2025:00:58:01 +0000] "GET /egypt/rocky_zabargad_st_johns-blue HTTP/1.1" 404 841 "-" "Mozilla/5.0 (compatible; Barkrowler/0.9; +https://babbar.tech/crawler)"
47.128.112.45 - - [12/Feb/2025:00:58:05 +0000] "GET /tours/1118/ HTTP/1.1" 404 3796 "-" "Mozilla/5.0 (Linux; Android 5.0) AppleWebKit/537.36 (KHTML, like Gecko) Mobile Safari/537.36 (compatible; Bytespider; spider-feedback@bytedance.com)"
217.113.194.130 - - [12/Feb/2025:00:58:13 +0000] "GET /egypt/red_sea_north-blue-force-2-egypt HTTP/1.1" 404 841 "-" "Mozilla/5.0 (compatible; Barkrowler/0.9; +https://babbar.tech/crawler)"
217.113.194.124 - - [12/Feb/2025:00:58:25 +0000] "GET /egypt/red_sea_north-emperor-superior HTTP/1.1" 404 841 "-" "Mozilla/5.0 (compatible; Barkrowler/0.9; +https://babbar.tech/crawler)"
217.113.194.127 - - [12/Feb/2025:00:58:37 +0000] "GET /egypt/red_sea_north-red-sea-adventurer HTTP/1.1" 404 841 "-" "Mozilla/5.0 (compatible; Barkrowler/0.9; +https://babbar.tech/crawler)"
217.113.194.131 - - [12/Feb/2025:00:58:49 +0000] "GET /egypt/north_tiran-sea-serpent-excellence HTTP/1.1" 404 841 "-" "Mozilla/5.0 (compatible; Barkrowler/0.9; +https://babbar.tech/crawler)"
217.113.194.248 - - [12/Feb/2025:00:59:02 +0000] "GET /egypt/north_safaga-red-sea-adventurer HTTP/1.1" 404 841 "-" "Mozilla/5.0 (compatible; Barkrowler/0.9; +https://babbar.tech/crawler)"
217.113.194.125 - - [12/Feb/2025:00:59:14 +0000] "GET /egypt/north_brothers-sea-serpent-excellence HTTP/1.1" 404 841 "-" "Mozilla/5.0 (compatible; Barkrowler/0.9; +https://babbar.tech/crawler)"
217.113.194.129 - - [12/Feb/2025:00:59:26 +0000] "GET /egypt/north_brothers-sea-serpent-contessa HTTP/1.1" 404 841 "-" "Mozilla/5.0 (compatible; Barkrowler/0.9; +https://babbar.tech/crawler)"
217.113.194.123 - - [12/Feb/2025:00:59:38 +0000] "GET /egypt/north_strait_of_tiran-golden-dolphin-i HTTP/1.1" 404 841 "-" "Mozilla/5.0 (compatible; Barkrowler/0.9; +https://babbar.tech/crawler)"
217.113.194.125 - - [12/Feb/2025:00:59:50 +0000] "GET /egypt/daedalus_fury_shoal-blue-seas HTTP/1.1" 404 841 "-" "Mozilla/5.0 (compatible; Barkrowler/0.9; +https://babbar.tech/crawler)"
217.113.194.128 - - [12/Feb/2025:01:00:03 +0000] "GET /ecuador/galapagos_islands-galapagos-aqua HTTP/1.1" 404 841 "-" "Mozilla/5.0 (compatible; Barkrowler/0.9; +https://babbar.tech/crawler)"
217.113.194.129 - - [12/Feb/2025:01:00:15 +0000] "GET /south-africa/Premier-Resort-Cutty-Sark HTTP/1.1" 404 841 "-" "Mozilla/5.0 (compatible; Barkrowler/0.9; +https://babbar.tech/crawler)"
217.113.194.130 - - [12/Feb/2025:01:00:27 +0000] "GET /south-africa/courtyard_hotel_port_elizabeth HTTP/1.1" 404 841 "-" "Mozilla/5.0 (compatible; Barkrowler/0.9; +https://babbar.tech/crawler)"
40.77.167.72 - - [12/Feb/2025:01:00:31 +0000] "GET /mexico/nautilus-explorer HTTP/1.1" 404 3847 "-" "Mozilla/5.0 AppleWebKit/537.36 (KHTML, like Gecko; compatible; bingbot/2.0; +http://www.bing.com/bingbot.htm) Chrome/116.0.1938.76 Safari/537.36"
217.113.194.123 - - [12/Feb/2025:01:00:39 +0000] "GET /fiji/sights/bolshaya-belaya-stena HTTP/1.1" 404 841 "-" "Mozilla/5.0 (compatible; Barkrowler/0.9; +https://babbar.tech/crawler)"
217.113.194.131 - - [12/Feb/2025:01:00:51 +0000] "GET /philippines/tubbataha-discovery-palawan HTTP/1.1" 404 841 "-" "Mozilla/5.0 (compatible; Barkrowler/0.9; +https://babbar.tech/crawler)"
217.113.194.125 - - [12/Feb/2025:01:01:03 +0000] "GET /palau/sights/peleliu-ekspress HTTP/1.1" 404 841 "-" "Mozilla/5.0 (compatible; Barkrowler/0.9; +https://babbar.tech/crawler)"
217.113.194.128 - - [12/Feb/2025:01:01:16 +0000] "GET /palau/sights/ostrov-ngaremlengi HTTP/1.1" 404 841 "-" "Mozilla/5.0 (compatible; Barkrowler/0.9; +https://babbar.tech/crawler)"
217.113.194.126 - - [12/Feb/2025:01:01:28 +0000] "GET /thailand/diverace-class-e-thailand-burma HTTP/1.1" 404 841 "-" "Mozilla/5.0 (compatible; Barkrowler/0.9; +https://babbar.tech/crawler)"
154.54.249.205 - - [12/Feb/2025:01:01:40 +0000] "GET /dominican-republic/sights/reki-dominikany HTTP/1.1" 404 841 "-" "Mozilla/5.0 (compatible; Barkrowler/0.9; +https://babbar.tech/crawler)"
217.113.194.125 - - [12/Feb/2025:01:01:52 +0000] "GET /dominican-republic/sights/las-7-matas-de-koko HTTP/1.1" 404 841 "-" "Mozilla/5.0 (compatible; Barkrowler/0.9; +https://babbar.tech/crawler)"
217.113.194.248 - - [12/Feb/2025:01:02:04 +0000] "GET /oman/hallaniyat_11nights-oman-explorer HTTP/1.1" 404 841 "-" "Mozilla/5.0 (compatible; Barkrowler/0.9; +https://babbar.tech/crawler)"
217.113.194.129 - - [12/Feb/2025:01:02:16 +0000] "GET /indonesia/komodo_island_bali-adelaar HTTP/1.1" 404 841 "-" "Mozilla/5.0 (compatible; Barkrowler/0.9; +https://babbar.tech/crawler)"
195.19.174.36 - - [12/Feb/2025:01:02:18 +0000] "GET / HTTP/1.1" 301 518 "-" "Mozilla/5.0 (iPhone; CPU iPhone OS 17_2 like Mac OS X) AppleWebKit/605.1.15 (KHTML, like Gecko) EdgiOS/120.0.2210.86 Version/17.0 Mobile/15E148 Safari/604.1"
45.154.161.127 - - [12/Feb/2025:01:02:18 +0000] "GET / HTTP/1.1" 301 3541 "-" "Mozilla/5.0 (iPhone; CPU iPhone OS 17_2 like Mac OS X) AppleWebKit/605.1.15 (KHTML, like Gecko) EdgiOS/120.0.2210.86 Version/17.0 Mobile/15E148 Safari/604.1"
45.154.161.127 - - [12/Feb/2025:01:02:18 +0000] "GET / HTTP/1.1" 301 246 "-" "Mozilla/5.0 (iPhone; CPU iPhone OS 17_2 like Mac OS X) AppleWebKit/605.1.15 (KHTML, like Gecko) EdgiOS/120.0.2210.86 Version/17.0 Mobile/15E148 Safari/604.1"
45.154.161.127 - - [12/Feb/2025:01:02:18 +0000] "GET / HTTP/1.1" 301 246 "-" "Mozilla/5.0 (iPhone; CPU iPhone OS 17_2 like Mac OS X) AppleWebKit/605.1.15 (KHTML, like Gecko) EdgiOS/120.0.2210.86 Version/17.0 Mobile/15E148 Safari/604.1"
45.154.161.127 - - [12/Feb/2025:01:02:19 +0000] "GET / HTTP/1.1" 301 246 "-" "Mozilla/5.0 (iPhone; CPU iPhone OS 17_2 like Mac OS X) AppleWebKit/605.1.15 (KHTML, like Gecko) EdgiOS/120.0.2210.86 Version/17.0 Mobile/15E148 Safari/604.1"
45.154.161.127 - - [12/Feb/2025:01:02:19 +0000] "GET / HTTP/1.1" 301 246 "-" "Mozilla/5.0 (iPhone; CPU iPhone OS 17_2 like Mac OS X) AppleWebKit/605.1.15 (KHTML, like Gecko) EdgiOS/120.0.2210.86 Version/17.0 Mobile/15E148 Safari/604.1"
45.154.161.127 - - [12/Feb/2025:01:02:20 +0000] "GET / HTTP/1.1" 301 246 "-" "Mozilla/5.0 (iPhone; CPU iPhone OS 17_2 like Mac OS X) AppleWebKit/605.1.15 (KHTML, like Gecko) EdgiOS/120.0.2210.86 Version/17.0 Mobile/15E148 Safari/604.1"
45.154.161.127 - - [12/Feb/2025:01:02:20 +0000] "GET / HTTP/1.1" 301 246 "-" "Mozilla/5.0 (iPhone; CPU iPhone OS 17_2 like Mac OS X) AppleWebKit/605.1.15 (KHTML, like Gecko) EdgiOS/120.0.2210.86 Version/17.0 Mobile/15E148 Safari/604.1"
45.154.161.127 - - [12/Feb/2025:01:02:20 +0000] "GET / HTTP/1.1" 301 246 "-" "Mozilla/5.0 (iPhone; CPU iPhone OS 17_2 like Mac OS X) AppleWebKit/605.1.15 (KHTML, like Gecko) EdgiOS/120.0.2210.86 Version/17.0 Mobile/15E148 Safari/604.1"
45.154.161.127 - - [12/Feb/2025:01:02:21 +0000] "GET / HTTP/1.1" 301 246 "-" "Mozilla/5.0 (iPhone; CPU iPhone OS 17_2 like Mac OS X) AppleWebKit/605.1.15 (KHTML, like Gecko) EdgiOS/120.0.2210.86 Version/17.0 Mobile/15E148 Safari/604.1"
91.188.245.121 - - [12/Feb/2025:01:02:24 +0000] "GET / HTTP/1.1" 301 3541 "-" "Mozilla/5.0 (Linux; Android 10; K) AppleWebKit/537.36 (KHTML, like Gecko) Chrome/121.0.0.0 Mobile Safari/537.36 EdgA/121.0.0.0"
91.188.245.121 - - [12/Feb/2025:01:02:24 +0000] "GET / HTTP/1.1" 301 246 "-" "Mozilla/5.0 (Linux; Android 10; K) AppleWebKit/537.36 (KHTML, like Gecko) Chrome/121.0.0.0 Mobile Safari/537.36 EdgA/121.0.0.0"
91.188.245.121 - - [12/Feb/2025:01:02:24 +0000] "GET / HTTP/1.1" 301 246 "-" "Mozilla/5.0 (Linux; Android 10; K) AppleWebKit/537.36 (KHTML, like Gecko) Chrome/121.0.0.0 Mobile Safari/537.36 EdgA/121.0.0.0"
91.188.245.121 - - [12/Feb/2025:01:02:25 +0000] "GET / HTTP/1.1" 301 246 "-" "Mozilla/5.0 (Linux; Android 10; K) AppleWebKit/537.36 (KHTML, like Gecko) Chrome/121.0.0.0 Mobile Safari/537.36 EdgA/121.0.0.0"
91.188.245.121 - - [12/Feb/2025:01:02:25 +0000] "GET / HTTP/1.1" 301 246 "-" "Mozilla/5.0 (Linux; Android 10; K) AppleWebKit/537.36 (KHTML, like Gecko) Chrome/121.0.0.0 Mobile Safari/537.36 EdgA/121.0.0.0"
91.188.245.121 - - [12/Feb/2025:01:02:25 +0000] "GET / HTTP/1.1" 301 246 "-" "Mozilla/5.0 (Linux; Android 10; K) AppleWebKit/537.36 (KHTML, like Gecko) Chrome/121.0.0.0 Mobile Safari/537.36 EdgA/121.0.0.0"
91.188.245.121 - - [12/Feb/2025:01:02:25 +0000] "GET / HTTP/1.1" 301 246 "-" "Mozilla/5.0 (Linux; Android 10; K) AppleWebKit/537.36 (KHTML, like Gecko) Chrome/121.0.0.0 Mobile Safari/537.36 EdgA/121.0.0.0"
91.188.245.121 - - [12/Feb/2025:01:02:25 +0000] "GET / HTTP/1.1" 301 246 "-" "Mozilla/5.0 (Linux; Android 10; K) AppleWebKit/537.36 (KHTML, like Gecko) Chrome/121.0.0.0 Mobile Safari/537.36 EdgA/121.0.0.0"
91.188.245.121 - - [12/Feb/2025:01:02:25 +0000] "GET / HTTP/1.1" 301 246 "-" "Mozilla/5.0 (Linux; Android 10; K) AppleWebKit/537.36 (KHTML, like Gecko) Chrome/121.0.0.0 Mobile Safari/537.36 EdgA/121.0.0.0"
91.188.245.121 - - [12/Feb/2025:01:02:25 +0000] "GET / HTTP/1.1" 301 246 "-" "Mozilla/5.0 (Linux; Android 10; K) AppleWebKit/537.36 (KHTML, like Gecko) Chrome/121.0.0.0 Mobile Safari/537.36 EdgA/121.0.0.0"
217.113.194.126 - - [12/Feb/2025:01:02:29 +0000] "GET /indonesia/sights/lekuan-i-ii-iii HTTP/1.1" 404 841 "-" "Mozilla/5.0 (compatible; Barkrowler/0.9; +https://babbar.tech/crawler)"
217.113.194.129 - - [12/Feb/2025:01:02:41 +0000] "GET /french-polynesia/sights/rangiroa-atoll HTTP/1.1" 404 841 "-" "Mozilla/5.0 (compatible; Barkrowler/0.9; +https://babbar.tech/crawler)"
217.113.194.131 - - [12/Feb/2025:01:02:53 +0000] "GET /maldives/central_atolls-scubaspa-yang HTTP/1.1" 404 841 "-" "Mozilla/5.0 (compatible; Barkrowler/0.9; +https://babbar.tech/crawler)"
154.54.249.205 - - [12/Feb/2025:01:03:05 +0000] "GET /maldives/central_atolls-emperor-virgo HTTP/1.1" 404 841 "-" "Mozilla/5.0 (compatible; Barkrowler/0.9; +https://babbar.tech/crawler)"
217.113.194.128 - - [12/Feb/2025:01:03:17 +0000] "GET /maldives/vaavu_atoll-fun-azul-maldives HTTP/1.1" 404 841 "-" "Mozilla/5.0 (compatible; Barkrowler/0.9; +https://babbar.tech/crawler)"
217.113.194.126 - - [12/Feb/2025:01:03:30 +0000] "GET /egypt/deep_south-red-sea-re-aggressor HTTP/1.1" 404 841 "-" "Mozilla/5.0 (compatible; Barkrowler/0.9; +https://babbar.tech/crawler)"
217.113.194.126 - - [12/Feb/2025:01:03:42 +0000] "GET /egypt/brothers_daedalus-golden-dolphin-ii HTTP/1.1" 404 841 "-" "Mozilla/5.0 (compatible; Barkrowler/0.9; +https://babbar.tech/crawler)"
95.108.213.236 - - [12/Feb/2025:01:03:50 +0000] "GET / HTTP/1.1" 403 501 "-" "Mozilla/5.0 (compatible; YandexMetrika/2.0; +http://yandex.com/bots yabs01)"
154.54.249.205 - - [12/Feb/2025:01:03:54 +0000] "GET /egypt/north_wrecks_and_reefs-emperor-elite HTTP/1.1" 404 841 "-" "Mozilla/5.0 (compatible; Barkrowler/0.9; +https://babbar.tech/crawler)"
5.255.231.185 - - [12/Feb/2025:01:04:02 +0000] "GET / HTTP/1.1" 403 501 "-" "Mozilla/5.0 (compatible; YandexMetrika/2.0; +http://yandex.com/bots yabs01)"
217.113.194.129 - - [12/Feb/2025:01:04:06 +0000] "GET /egypt/daedalus_st_johns-blue-melody HTTP/1.1" 404 841 "-" "Mozilla/5.0 (compatible; Barkrowler/0.9; +https://babbar.tech/crawler)"
5.45.109.159 - - [12/Feb/2025:01:04:14 +0000] "GET /egypt/sea-serpent?ym=202506 HTTP/1.1" 404 3775 "-" "Mozilla/5.0 (Windows NT 10.0; Win64; x64) AppleWebKit/537.36 (KHTML, like Gecko) Chrome/100.0.1765.879 Safari/537.36"
217.113.194.124 - - [12/Feb/2025:01:04:18 +0000] "GET /ecuador/galapagos_san_cristobal-calipso HTTP/1.1" 404 841 "-" "Mozilla/5.0 (compatible; Barkrowler/0.9; +https://babbar.tech/crawler)"
217.113.194.123 - - [12/Feb/2025:01:04:30 +0000] "GET /south-africa/Coral-Divers-Sodwana-Bay HTTP/1.1" 404 841 "-" "Mozilla/5.0 (compatible; Barkrowler/0.9; +https://babbar.tech/crawler)"
216.244.66.249 - - [12/Feb/2025:01:04:39 +0000] "GET /indonesia/komodo_5nights-mantamae HTTP/1.1" 404 3607 "-" "Mozilla/5.0 (compatible; DotBot/1.2; +https://opensiteexplorer.org/dotbot; help@moz.com)"
217.113.194.128 - - [12/Feb/2025:01:04:43 +0000] "GET /philippines/visayas_9nights-seadoors HTTP/1.1" 404 841 "-" "Mozilla/5.0 (compatible; Barkrowler/0.9; +https://babbar.tech/crawler)"
217.113.194.124 - - [12/Feb/2025:01:04:55 +0000] "GET /philippines/sights/severnyj-atoll-vostok HTTP/1.1" 404 841 "-" "Mozilla/5.0 (compatible; Barkrowler/0.9; +https://babbar.tech/crawler)"
217.113.194.123 - - [12/Feb/2025:01:05:07 +0000] "GET /philippines/sights/krokodilovyj-ostrov HTTP/1.1" 404 841 "-" "Mozilla/5.0 (compatible; Barkrowler/0.9; +https://babbar.tech/crawler)"
217.113.194.126 - - [12/Feb/2025:01:05:19 +0000] "GET /thailand/similan_richelieu_rock-pawara HTTP/1.1" 404 841 "-" "Mozilla/5.0 (compatible; Barkrowler/0.9; +https://babbar.tech/crawler)"
217.113.194.124 - - [12/Feb/2025:01:05:31 +0000] "GET /turks-and-caicos/sights/nortvest-pojnt HTTP/1.1" 404 841 "-" "Mozilla/5.0 (compatible; Barkrowler/0.9; +https://babbar.tech/crawler)"
154.54.249.205 - - [12/Feb/2025:01:05:43 +0000] "GET /egypt/bde_hg_pg-sea-serpent-excellence HTTP/1.1" 404 841 "-" "Mozilla/5.0 (compatible; Barkrowler/0.9; +https://babbar.tech/crawler)"
217.113.194.127 - - [12/Feb/2025:01:05:56 +0000] "GET /egypt/bde_hurghada-red-sea-adventurer HTTP/1.1" 404 841 "-" "Mozilla/5.0 (compatible; Barkrowler/0.9; +https://babbar.tech/crawler)"
217.113.194.123 - - [12/Feb/2025:01:06:08 +0000] "GET /egypt/rocky_zabargad_st_johns-blue-horizon HTTP/1.1" 404 841 "-" "Mozilla/5.0 (compatible; Barkrowler/0.9; +https://babbar.tech/crawler)"
217.113.194.248 - - [12/Feb/2025:01:06:20 +0000] "GET /egypt/north_wrecks_and_reefs-emperor-superior HTTP/1.1" 404 841 "-" "Mozilla/5.0 (compatible; Barkrowler/0.9; +https://babbar.tech/crawler)"
217.113.194.124 - - [12/Feb/2025:01:06:32 +0000] "GET /egypt/north_wrecks_and_reefs-blue-melody HTTP/1.1" 404 841 "-" "Mozilla/5.0 (compatible; Barkrowler/0.9; +https://babbar.tech/crawler)"
217.113.194.130 - - [12/Feb/2025:01:06:44 +0000] "GET /egypt/ras_mohammed_brothers-vita-xplorer HTTP/1.1" 404 841 "-" "Mozilla/5.0 (compatible; Barkrowler/0.9; +https://babbar.tech/crawler)"
217.113.194.127 - - [12/Feb/2025:01:06:57 +0000] "GET /egypt/ras_mohammed_brothers-emperor-superior HTTP/1.1" 404 841 "-" "Mozilla/5.0 (compatible; Barkrowler/0.9; +https://babbar.tech/crawler)"
217.113.194.129 - - [12/Feb/2025:01:07:09 +0000] "GET /palau/palau_new_moon_spawning-black-pearl HTTP/1.1" 404 841 "-" "Mozilla/5.0 (compatible; Barkrowler/0.9; +https://babbar.tech/crawler)"
217.113.194.125 - - [12/Feb/2025:01:07:21 +0000] "GET /mexico/socorro_9nights-rocio-del-mar HTTP/1.1" 404 841 "-" "Mozilla/5.0 (compatible; Barkrowler/0.9; +https://babbar.tech/crawler)"
217.113.194.123 - - [12/Feb/2025:01:07:33 +0000] "GET /maldives/central_atolls-scubaspa-ying HTTP/1.1" 404 841 "-" "Mozilla/5.0 (compatible; Barkrowler/0.9; +https://babbar.tech/crawler)"
217.113.194.131 - - [12/Feb/2025:01:07:45 +0000] "GET /maldives/central_atolls-princess-dhonkamana HTTP/1.1" 404 841 "-" "Mozilla/5.0 (compatible; Barkrowler/0.9; +https://babbar.tech/crawler)"
217.113.194.123 - - [12/Feb/2025:01:07:57 +0000] "GET /egypt/daedalus_st_johns-red-sea-adventurer HTTP/1.1" 404 841 "-" "Mozilla/5.0 (compatible; Barkrowler/0.9; +https://babbar.tech/crawler)"
217.113.194.126 - - [12/Feb/2025:01:08:10 +0000] "GET /indonesia/sights/gaden-il-point-o-mendzhangan HTTP/1.1" 404 841 "-" "Mozilla/5.0 (compatible; Barkrowler/0.9; +https://babbar.tech/crawler)"
217.113.194.127 - - [12/Feb/2025:01:08:22 +0000] "GET /maldives/male_baa_ari_vaavu-carpe-vita HTTP/1.1" 404 841 "-" "Mozilla/5.0 (compatible; Barkrowler/0.9; +https://babbar.tech/crawler)"
217.113.194.127 - - [12/Feb/2025:01:08:34 +0000] "GET /egypt/bde_PG_PG-emperor-echo HTTP/1.1" 404 841 "-" "Mozilla/5.0 (compatible; Barkrowler/0.9; +https://babbar.tech/crawler)"
217.113.194.129 - - [12/Feb/2025:01:08:46 +0000] "GET /egypt/bde_hurghada_port_ghalib-blue HTTP/1.1" 404 841 "-" "Mozilla/5.0 (compatible; Barkrowler/0.9; +https://babbar.tech/crawler)"
217.113.194.125 - - [12/Feb/2025:01:08:58 +0000] "GET /philippines/tubbataha_13nights-philippine-siren HTTP/1.1" 404 841 "-" "Mozilla/5.0 (compatible; Barkrowler/0.9; +https://babbar.tech/crawler)"
217.113.194.131 - - [12/Feb/2025:01:09:11 +0000] "GET /palau/palau-rock-islands-aggressor-tropic-dancer HTTP/1.1" 404 841 "-" "Mozilla/5.0 (compatible; Barkrowler/0.9; +https://babbar.tech/crawler)"
217.113.194.122 - - [12/Feb/2025:01:09:23 +0000] "GET /thailand/similan_surin_khao_lak-phinisi HTTP/1.1" 404 841 "-" "Mozilla/5.0 (compatible; Barkrowler/0.9; +https://babbar.tech/crawler)"
217.113.194.127 - - [12/Feb/2025:01:09:35 +0000] "GET /malta/malta_diving_tour-sunseeker-holiday-complex HTTP/1.1" 404 841 "-" "Mozilla/5.0 (compatible; Barkrowler/0.9; +https://babbar.tech/crawler)"
217.113.194.127 - - [12/Feb/2025:01:09:47 +0000] "GET /mexico/senotes_cozumel_11n-anah-suites HTTP/1.1" 404 841 "-" "Mozilla/5.0 (compatible; Barkrowler/0.9; +https://babbar.tech/crawler)"
217.113.194.126 - - [12/Feb/2025:01:09:59 +0000] "GET /mexico/senotes_cozumel_9n-anah-suites HTTP/1.1" 404 841 "-" "Mozilla/5.0 (compatible; Barkrowler/0.9; +https://babbar.tech/crawler)"
217.113.194.125 - - [12/Feb/2025:01:10:11 +0000] "GET /mexico/socorro_island_10nights-nautilus-belle-amie HTTP/1.1" 404 841 "-" "Mozilla/5.0 (compatible; Barkrowler/0.9; +https://babbar.tech/crawler)"
217.113.194.129 - - [12/Feb/2025:01:10:24 +0000] "GET /mexico/socorro_island_10nights-nautilus-under-sea HTTP/1.1" 404 841 "-" "Mozilla/5.0 (compatible; Barkrowler/0.9; +https://babbar.tech/crawler)"
66.249.65.162 - - [12/Feb/2025:01:10:32 +0000] "GET /palau/discovery-adventure HTTP/1.1" 404 3781 "-" "Mozilla/5.0 (Linux; Android 6.0.1; Nexus 5X Build/MMB29P) AppleWebKit/537.36 (KHTML, like Gecko) Chrome/132.0.6834.159 Mobile Safari/537.36 (compatible; Googlebot/2.1; +http://www.google.com/bot.html)"
66.249.73.5 - - [12/Feb/2025:01:10:33 +0000] "GET /ads.txt HTTP/1.1" 301 588 "-" "Mozilla/5.0 (compatible; Googlebot/2.1; +http://www.google.com/bot.html)"
66.249.73.5 - - [12/Feb/2025:01:10:33 +0000] "GET /ads.txt HTTP/1.1" 404 3781 "-" "Mozilla/5.0 (compatible; Googlebot/2.1; +http://www.google.com/bot.html)"
217.113.194.122 - - [12/Feb/2025:01:10:36 +0000] "GET /mexico/sights/rek-mama-vina-playa-del-karmen-2 HTTP/1.1" 404 841 "-" "Mozilla/5.0 (compatible; Barkrowler/0.9; +https://babbar.tech/crawler)"
217.113.194.123 - - [12/Feb/2025:01:10:48 +0000] "GET /indonesia/komodo_11nights_benoa-pindito HTTP/1.1" 404 841 "-" "Mozilla/5.0 (compatible; Barkrowler/0.9; +https://babbar.tech/crawler)"
217.113.194.128 - - [12/Feb/2025:01:11:00 +0000] "GET /egypt/deep_south_st_johns-emperor-echo HTTP/1.1" 404 841 "-" "Mozilla/5.0 (compatible; Barkrowler/0.9; +https://babbar.tech/crawler)"
217.113.194.248 - - [12/Feb/2025:01:11:12 +0000] "GET /egypt/daedalus_fury_shoal-golden-dolphin-iii HTTP/1.1" 404 841 "-" "Mozilla/5.0 (compatible; Barkrowler/0.9; +https://babbar.tech/crawler)"
217.113.194.124 - - [12/Feb/2025:01:11:24 +0000] "GET /thailand/north_andaman_7nights-thailand-aggressor HTTP/1.1" 404 841 "-" "Mozilla/5.0 (compatible; Barkrowler/0.9; +https://babbar.tech/crawler)"
217.113.194.129 - - [12/Feb/2025:01:11:37 +0000] "GET /mexico/socorro_island_8nights-nautilus-under-sea HTTP/1.1" 404 841 "-" "Mozilla/5.0 (compatible; Barkrowler/0.9; +https://babbar.tech/crawler)"
95.108.213.219 - - [12/Feb/2025:01:11:43 +0000] "GET / HTTP/1.1" 403 501 "-" "Mozilla/5.0 (compatible; YandexMetrika/2.0; +http://yandex.com/bots yabs01)"
217.113.194.127 - - [12/Feb/2025:01:11:49 +0000] "GET /mexico/sights/senot-tadzh-maxalshugarboul HTTP/1.1" 404 841 "-" "Mozilla/5.0 (compatible; Barkrowler/0.9; +https://babbar.tech/crawler)"
213.180.203.173 - - [12/Feb/2025:01:11:54 +0000] "GET / HTTP/1.1" 403 501 "-" "Mozilla/5.0 (compatible; YandexMetrika/2.0; +http://yandex.com/bots yabs01)"
217.113.194.127 - - [12/Feb/2025:01:12:01 +0000] "GET /indonesia/derawan_islands-raja-ampat-aggressor HTTP/1.1" 404 841 "-" "Mozilla/5.0 (compatible; Barkrowler/0.9; +https://babbar.tech/crawler)"
213.180.203.233 - - [12/Feb/2025:01:12:04 +0000] "GET / HTTP/1.1" 403 501 "-" "Mozilla/5.0 (compatible; YandexMetrika/2.0; +http://yandex.com/bots yabs01)"
40.77.167.159 - - [12/Feb/2025:01:12:11 +0000] "GET /Cyprus HTTP/1.1" 404 3847 "-" "Mozilla/5.0 AppleWebKit/537.36 (KHTML, like Gecko; compatible; bingbot/2.0; +http://www.bing.com/bingbot.htm) Chrome/116.0.1938.76 Safari/537.36"
217.113.194.123 - - [12/Feb/2025:01:12:13 +0000] "GET /maldives/north_atolls_10nights_ma_ha-blue-voyager HTTP/1.1" 404 841 "-" "Mozilla/5.0 (compatible; Barkrowler/0.9; +https://babbar.tech/crawler)"
213.180.203.235 - - [12/Feb/2025:01:12:15 +0000] "GET / HTTP/1.1" 403 501 "-" "Mozilla/5.0 (compatible; YandexMetrika/2.0; +http://yandex.com/bots yabs01)"
217.113.194.129 - - [12/Feb/2025:01:12:25 +0000] "GET /maldives/north_atolls_10nights_ha_ma-blue-voyager HTTP/1.1" 404 841 "-" "Mozilla/5.0 (compatible; Barkrowler/0.9; +https://babbar.tech/crawler)"
217.113.194.126 - - [12/Feb/2025:01:12:38 +0000] "GET /maldives/male_vaavu_south_ari-carpe-novo HTTP/1.1" 404 841 "-" "Mozilla/5.0 (compatible; Barkrowler/0.9; +https://babbar.tech/crawler)"
217.113.194.124 - - [12/Feb/2025:01:12:50 +0000] "GET /egypt/bde_port_ghalib_hurghada-Amelia HTTP/1.1" 404 841 "-" "Mozilla/5.0 (compatible; Barkrowler/0.9; +https://babbar.tech/crawler)"
217.113.194.129 - - [12/Feb/2025:01:13:02 +0000] "GET /egypt/daedalus_fury_shoal-golden-dolphin-ii HTTP/1.1" 404 841 "-" "Mozilla/5.0 (compatible; Barkrowler/0.9; +https://babbar.tech/crawler)"
217.113.194.129 - - [12/Feb/2025:01:13:14 +0000] "GET /thailand/thailand_surin_similan_10nights-phinisi HTTP/1.1" 404 841 "-" "Mozilla/5.0 (compatible; Barkrowler/0.9; +https://babbar.tech/crawler)"
217.113.194.125 - - [12/Feb/2025:01:13:26 +0000] "GET /thailand/similan_richelieu_rock-sawasdee-fasai HTTP/1.1" 404 841 "-" "Mozilla/5.0 (compatible; Barkrowler/0.9; +https://babbar.tech/crawler)"
217.113.194.126 - - [12/Feb/2025:01:13:39 +0000] "GET /bahamas/bahamas_wrecks_blue_holes_sharks-bahamas-master HTTP/1.1" 404 841 "-" "Mozilla/5.0 (compatible; Barkrowler/0.9; +https://babbar.tech/crawler)"
154.54.249.205 - - [12/Feb/2025:01:13:51 +0000] "GET /cayman-islands/cayman-islands-cayman-aggressor-iv HTTP/1.1" 404 841 "-" "Mozilla/5.0 (compatible; Barkrowler/0.9; +https://babbar.tech/crawler)"
217.113.194.122 - - [12/Feb/2025:01:14:03 +0000] "GET /mexico/guadalupe_great_white_sharks-nautilus-belle-amie HTTP/1.1" 404 841 "-" "Mozilla/5.0 (compatible; Barkrowler/0.9; +https://babbar.tech/crawler)"
217.113.194.129 - - [12/Feb/2025:01:14:15 +0000] "GET /indonesia/ambon_banda_sea_8nights-white_manta HTTP/1.1" 404 841 "-" "Mozilla/5.0 (compatible; Barkrowler/0.9; +https://babbar.tech/crawler)"
217.113.194.122 - - [12/Feb/2025:01:14:27 +0000] "GET /indonesia/ambon_banda_sea_7nights-white_manta HTTP/1.1" 404 841 "-" "Mozilla/5.0 (compatible; Barkrowler/0.9; +https://babbar.tech/crawler)"
217.113.194.124 - - [12/Feb/2025:01:14:39 +0000] "GET /indonesia/raja_ampat_10nights-23692-indo-siren HTTP/1.1" 404 841 "-" "Mozilla/5.0 (compatible; Barkrowler/0.9; +https://babbar.tech/crawler)"
217.113.194.124 - - [12/Feb/2025:01:14:52 +0000] "GET /egypt/bde_ghalib_hurghada-golden-dolphin-iii HTTP/1.1" 404 841 "-" "Mozilla/5.0 (compatible; Barkrowler/0.9; +https://babbar.tech/crawler)"
217.113.194.126 - - [12/Feb/2025:01:15:04 +0000] "GET /egypt/bde_hurghada_port_ghalib-Amelia HTTP/1.1" 404 841 "-" "Mozilla/5.0 (compatible; Barkrowler/0.9; +https://babbar.tech/crawler)"
217.113.194.130 - - [12/Feb/2025:01:15:16 +0000] "GET /palau/palau_spawning_special-23687-palau-siren HTTP/1.1" 404 841 "-" "Mozilla/5.0 (compatible; Barkrowler/0.9; +https://babbar.tech/crawler)"
176.53.217.228 - - [12/Feb/2025:01:15:26 +0000] "GET / HTTP/1.1" 301 574 "-" "Mozilla/5.0 (Windows NT 10.0; Win64; x64) AppleWebKit/537.36 (KHTML, like Gecko) Chrome/94.0.4606.61 Safari/537.36"
176.53.222.244 - - [12/Feb/2025:01:15:27 +0000] "GET / HTTP/1.1" 301 3526 "-" "Mozilla/5.0 (Windows NT 10.0; Win64; x64) AppleWebKit/537.36 (KHTML, like Gecko) Chrome/94.0.4606.61 Safari/537.36"
176.53.222.244 - - [12/Feb/2025:01:15:27 +0000] "GET / HTTP/1.1" 301 246 "-" "Mozilla/5.0 (Windows NT 10.0; Win64; x64) AppleWebKit/537.36 (KHTML, like Gecko) Chrome/94.0.4606.61 Safari/537.36"
176.53.222.244 - - [12/Feb/2025:01:15:27 +0000] "GET / HTTP/1.1" 301 246 "-" "Mozilla/5.0 (Windows NT 10.0; Win64; x64) AppleWebKit/537.36 (KHTML, like Gecko) Chrome/94.0.4606.61 Safari/537.36"
176.53.222.244 - - [12/Feb/2025:01:15:28 +0000] "GET / HTTP/1.1" 301 246 "-" "Mozilla/5.0 (Windows NT 10.0; Win64; x64) AppleWebKit/537.36 (KHTML, like Gecko) Chrome/94.0.4606.61 Safari/537.36"
176.53.222.244 - - [12/Feb/2025:01:15:28 +0000] "GET / HTTP/1.1" 301 246 "-" "Mozilla/5.0 (Windows NT 10.0; Win64; x64) AppleWebKit/537.36 (KHTML, like Gecko) Chrome/94.0.4606.61 Safari/537.36"
176.53.222.244 - - [12/Feb/2025:01:15:28 +0000] "GET / HTTP/1.1" 301 246 "-" "Mozilla/5.0 (Windows NT 10.0; Win64; x64) AppleWebKit/537.36 (KHTML, like Gecko) Chrome/94.0.4606.61 Safari/537.36"
217.113.194.127 - - [12/Feb/2025:01:15:28 +0000] "GET /mexico/sea_of_cortez_midriff_islands-quino-el-guardian HTTP/1.1" 404 841 "-" "Mozilla/5.0 (compatible; Barkrowler/0.9; +https://babbar.tech/crawler)"
176.53.222.244 - - [12/Feb/2025:01:15:28 +0000] "GET / HTTP/1.1" 301 246 "-" "Mozilla/5.0 (Windows NT 10.0; Win64; x64) AppleWebKit/537.36 (KHTML, like Gecko) Chrome/94.0.4606.61 Safari/537.36"
176.53.222.244 - - [12/Feb/2025:01:15:28 +0000] "GET / HTTP/1.1" 301 246 "-" "Mozilla/5.0 (Windows NT 10.0; Win64; x64) AppleWebKit/537.36 (KHTML, like Gecko) Chrome/94.0.4606.61 Safari/537.36"
176.53.222.244 - - [12/Feb/2025:01:15:28 +0000] "GET / HTTP/1.1" 301 246 "-" "Mozilla/5.0 (Windows NT 10.0; Win64; x64) AppleWebKit/537.36 (KHTML, like Gecko) Chrome/94.0.4606.61 Safari/537.36"
176.53.219.134 - - [12/Feb/2025:01:15:29 +0000] "GET /favicon.ico HTTP/1.1" 301 596 "-" "Mozilla/5.0 (Windows NT 10.0; Win64; x64) AppleWebKit/537.36 (KHTML, like Gecko) Chrome/94.0.4606.61 Safari/537.36"
176.53.223.68 - - [12/Feb/2025:01:15:29 +0000] "GET /favicon.ico HTTP/1.1" 200 18657 "-" "Mozilla/5.0 (Windows NT 10.0; Win64; x64) AppleWebKit/537.36 (KHTML, like Gecko) Chrome/94.0.4606.61 Safari/537.36"
176.53.223.68 - - [12/Feb/2025:01:15:30 +0000] "GET / HTTP/1.1" 301 246 "-" "Mozilla/5.0 (Windows NT 10.0; Win64; x64) AppleWebKit/537.36 (KHTML, like Gecko) Chrome/94.0.4606.61 Safari/537.36"
176.53.223.68 - - [12/Feb/2025:01:15:30 +0000] "GET / HTTP/1.1" 301 246 "-" "Mozilla/5.0 (Windows NT 10.0; Win64; x64) AppleWebKit/537.36 (KHTML, like Gecko) Chrome/94.0.4606.61 Safari/537.36"
176.53.223.68 - - [12/Feb/2025:01:15:30 +0000] "GET / HTTP/1.1" 301 246 "-" "Mozilla/5.0 (Windows NT 10.0; Win64; x64) AppleWebKit/537.36 (KHTML, like Gecko) Chrome/94.0.4606.61 Safari/537.36"
176.53.223.68 - - [12/Feb/2025:01:15:30 +0000] "GET / HTTP/1.1" 301 246 "-" "Mozilla/5.0 (Windows NT 10.0; Win64; x64) AppleWebKit/537.36 (KHTML, like Gecko) Chrome/94.0.4606.61 Safari/537.36"
176.53.223.68 - - [12/Feb/2025:01:15:30 +0000] "GET / HTTP/1.1" 301 246 "-" "Mozilla/5.0 (Windows NT 10.0; Win64; x64) AppleWebKit/537.36 (KHTML, like Gecko) Chrome/94.0.4606.61 Safari/537.36"
176.53.223.68 - - [12/Feb/2025:01:15:30 +0000] "GET / HTTP/1.1" 301 246 "-" "Mozilla/5.0 (Windows NT 10.0; Win64; x64) AppleWebKit/537.36 (KHTML, like Gecko) Chrome/94.0.4606.61 Safari/537.36"
176.53.223.68 - - [12/Feb/2025:01:15:31 +0000] "GET / HTTP/1.1" 301 246 "-" "Mozilla/5.0 (Windows NT 10.0; Win64; x64) AppleWebKit/537.36 (KHTML, like Gecko) Chrome/94.0.4606.61 Safari/537.36"
176.53.223.68 - - [12/Feb/2025:01:15:31 +0000] "GET / HTTP/1.1" 301 246 "-" "Mozilla/5.0 (Windows NT 10.0; Win64; x64) AppleWebKit/537.36 (KHTML, like Gecko) Chrome/94.0.4606.61 Safari/537.36"
176.53.223.68 - - [12/Feb/2025:01:15:31 +0000] "GET / HTTP/1.1" 301 246 "-" "Mozilla/5.0 (Windows NT 10.0; Win64; x64) AppleWebKit/537.36 (KHTML, like Gecko) Chrome/94.0.4606.61 Safari/537.36"
176.53.223.68 - - [12/Feb/2025:01:15:31 +0000] "GET / HTTP/1.1" 301 246 "-" "Mozilla/5.0 (Windows NT 10.0; Win64; x64) AppleWebKit/537.36 (KHTML, like Gecko) Chrome/94.0.4606.61 Safari/537.36"
176.53.223.68 - - [12/Feb/2025:01:15:31 +0000] "GET /favicon.ico HTTP/1.1" 200 15377 "-" "Mozilla/5.0 (Windows NT 10.0; Win64; x64) AppleWebKit/537.36 (KHTML, like Gecko) Chrome/94.0.4606.61 Safari/537.36"
217.113.194.131 - - [12/Feb/2025:01:15:40 +0000] "GET /mexico/sea_of_cortez_midriff_islands-rocio-del-mar HTTP/1.1" 404 841 "-" "Mozilla/5.0 (compatible; Barkrowler/0.9; +https://babbar.tech/crawler)"
217.113.194.129 - - [12/Feb/2025:01:15:52 +0000] "GET /indonesia/ambon_banda_sea_raja_ampat-white_manta HTTP/1.1" 404 841 "-" "Mozilla/5.0 (compatible; Barkrowler/0.9; +https://babbar.tech/crawler)"
217.113.194.129 - - [12/Feb/2025:01:16:05 +0000] "GET /indonesia/ambon_banda_sea_raja_ampat-mermaid-i HTTP/1.1" 404 841 "-" "Mozilla/5.0 (compatible; Barkrowler/0.9; +https://babbar.tech/crawler)"
217.113.194.127 - - [12/Feb/2025:01:16:17 +0000] "GET /indonesia/sorong_raja_ampat_6nights-sea-safari-6 HTTP/1.1" 404 841 "-" "Mozilla/5.0 (compatible; Barkrowler/0.9; +https://babbar.tech/crawler)"
217.113.194.127 - - [12/Feb/2025:01:16:29 +0000] "GET /egypt/bde_port_ghalib_hurghada-blue-melody HTTP/1.1" 404 841 "-" "Mozilla/5.0 (compatible; Barkrowler/0.9; +https://babbar.tech/crawler)"
217.113.194.128 - - [12/Feb/2025:01:16:41 +0000] "GET /costa-rica/cocos_island_10nights-okeanos-aggressor-i HTTP/1.1" 404 841 "-" "Mozilla/5.0 (compatible; Barkrowler/0.9; +https://babbar.tech/crawler)"
217.113.194.129 - - [12/Feb/2025:01:16:53 +0000] "GET /indonesia/ambon_banda_niera_6nights-sea-safari-6 HTTP/1.1" 404 841 "-" "Mozilla/5.0 (compatible; Barkrowler/0.9; +https://babbar.tech/crawler)"
217.113.194.131 - - [12/Feb/2025:01:17:06 +0000] "GET /indonesia/raja_ampat_north-12294-pearl-of-papua HTTP/1.1" 404 841 "-" "Mozilla/5.0 (compatible; Barkrowler/0.9; +https://babbar.tech/crawler)"
217.113.194.129 - - [12/Feb/2025:01:17:18 +0000] "GET /indonesia/raja_ampat_10nights-raja-ampat-aggressor HTTP/1.1" 404 841 "-" "Mozilla/5.0 (compatible; Barkrowler/0.9; +https://babbar.tech/crawler)"
217.113.194.129 - - [12/Feb/2025:01:17:30 +0000] "GET /indonesia/sights/podvodnaya-oxota-v-zapovednike HTTP/1.1" 404 841 "-" "Mozilla/5.0 (compatible; Barkrowler/0.9; +https://babbar.tech/crawler)"
217.113.194.130 - - [12/Feb/2025:01:17:42 +0000] "GET /french-polynesia/tuamotu_north_14n-aquatiki-II HTTP/1.1" 404 841 "-" "Mozilla/5.0 (compatible; Barkrowler/0.9; +https://babbar.tech/crawler)"
217.113.194.125 - - [12/Feb/2025:01:17:55 +0000] "GET /egypt/elphinstone_st_johns_elba_reef-royal-evolution HTTP/1.1" 404 841 "-" "Mozilla/5.0 (compatible; Barkrowler/0.9; +https://babbar.tech/crawler)"
154.54.249.205 - - [12/Feb/2025:01:18:07 +0000] "GET /philippines/sights/severnyj-atoll-yugo-zapadnyj-ugol HTTP/1.1" 404 841 "-" "Mozilla/5.0 (compatible; Barkrowler/0.9; +https://babbar.tech/crawler)"
217.113.194.128 - - [12/Feb/2025:01:18:19 +0000] "GET /philippines/sights/severnyj-atoll-yugo-vostochnyj-ugol HTTP/1.1" 404 841 "-" "Mozilla/5.0 (compatible; Barkrowler/0.9; +https://babbar.tech/crawler)"
40.77.167.61 - - [12/Feb/2025:01:18:19 +0000] "GET /indonesia/ondina HTTP/1.1" 404 3847 "-" "Mozilla/5.0 AppleWebKit/537.36 (KHTML, like Gecko; compatible; bingbot/2.0; +http://www.bing.com/bingbot.htm) Chrome/116.0.1938.76 Safari/537.36"
217.113.194.122 - - [12/Feb/2025:01:18:31 +0000] "GET /mexico/senotes_whale_sharks_10n-riviera-maya-suites HTTP/1.1" 404 841 "-" "Mozilla/5.0 (compatible; Barkrowler/0.9; +https://babbar.tech/crawler)"
217.113.194.123 - - [12/Feb/2025:01:18:43 +0000] "GET /mexico/sea_of_cortez_5nights-nautilus-gallant-lady HTTP/1.1" 404 841 "-" "Mozilla/5.0 (compatible; Barkrowler/0.9; +https://babbar.tech/crawler)"
217.113.194.131 - - [12/Feb/2025:01:18:56 +0000] "GET /indonesia/ambon_banda_niera_9nights-sea-safari-6 HTTP/1.1" 404 841 "-" "Mozilla/5.0 (compatible; Barkrowler/0.9; +https://babbar.tech/crawler)"
217.113.194.125 - - [12/Feb/2025:01:19:08 +0000] "GET /egypt/bde_port_ghalib_hurghada-red-sea-adventurer HTTP/1.1" 404 841 "-" "Mozilla/5.0 (compatible; Barkrowler/0.9; +https://babbar.tech/crawler)"
217.113.194.127 - - [12/Feb/2025:01:19:20 +0000] "GET /philippines/sights/yuzhnyj-atoll-sever-i-severo-vostok HTTP/1.1" 404 841 "-" "Mozilla/5.0 (compatible; Barkrowler/0.9; +https://babbar.tech/crawler)"
95.108.213.221 - - [12/Feb/2025:01:19:27 +0000] "GET / HTTP/1.1" 403 501 "-" "Mozilla/5.0 (compatible; YandexMetrika/2.0; +http://yandex.com/bots yabs01)"
217.113.194.131 - - [12/Feb/2025:01:19:32 +0000] "GET /costa-rica/cocos_island-okeanos-aggressor-ii-wind-dancer HTTP/1.1" 404 841 "-" "Mozilla/5.0 (compatible; Barkrowler/0.9; +https://babbar.tech/crawler)"
5.255.231.2 - - [12/Feb/2025:01:19:37 +0000] "GET / HTTP/1.1" 403 501 "-" "Mozilla/5.0 (compatible; YandexMetrika/2.0; +http://yandex.com/bots yabs01)"
217.113.194.122 - - [12/Feb/2025:01:19:44 +0000] "GET /egypt/bde_hurghada_port_ghalib-red-sea-adventurer HTTP/1.1" 404 841 "-" "Mozilla/5.0 (compatible; Barkrowler/0.9; +https://babbar.tech/crawler)"
213.180.203.104 - - [12/Feb/2025:01:19:50 +0000] "GET / HTTP/1.1" 403 501 "-" "Mozilla/5.0 (compatible; YandexMetrika/2.0; +http://yandex.com/bots yabs01)"
66.249.73.4 - - [12/Feb/2025:01:19:55 +0000] "GET / HTTP/1.1" 301 3566 "-" "Mozilla/5.0 (compatible; Googlebot/2.1; +http://www.google.com/bot.html)"
66.249.73.3 - - [12/Feb/2025:01:19:56 +0000] "GET / HTTP/1.1" 301 3566 "-" "Mozilla/5.0 (compatible; Googlebot/2.1; +http://www.google.com/bot.html)"
66.249.73.5 - - [12/Feb/2025:01:19:56 +0000] "GET / HTTP/1.1" 301 3566 "-" "Mozilla/5.0 (compatible; Googlebot/2.1; +http://www.google.com/bot.html)"
154.54.249.205 - - [12/Feb/2025:01:19:57 +0000] "GET /egypt/north_ras_mohamed_tiran-red_sea-aggressor_II HTTP/1.1" 404 841 "-" "Mozilla/5.0 (compatible; Barkrowler/0.9; +https://babbar.tech/crawler)"
95.108.213.112 - - [12/Feb/2025:01:19:57 +0000] "GET / HTTP/1.1" 403 501 "-" "Mozilla/5.0 (compatible; YandexMetrika/2.0; +http://yandex.com/bots yabs01)"
217.113.194.129 - - [12/Feb/2025:01:20:09 +0000] "GET /indonesia/komodo_extended_bali_labuan_bajo-adelaar HTTP/1.1" 404 841 "-" "Mozilla/5.0 (compatible; Barkrowler/0.9; +https://babbar.tech/crawler)"
217.113.194.125 - - [12/Feb/2025:01:20:21 +0000] "GET /indonesia/sorong_raja_ampat_sorong_6nights-sea-safari-8 HTTP/1.1" 404 841 "-" "Mozilla/5.0 (compatible; Barkrowler/0.9; +https://babbar.tech/crawler)"
217.113.194.125 - - [12/Feb/2025:01:20:33 +0000] "GET /indonesia/sorong_raja_ampat_sorong_5nights-sea-safari-8 HTTP/1.1" 404 841 "-" "Mozilla/5.0 (compatible; Barkrowler/0.9; +https://babbar.tech/crawler)"
217.113.194.131 - - [12/Feb/2025:01:20:45 +0000] "GET /egypt/daedalus_rocky_zabargad_st_johns-golden-dolphin-iii HTTP/1.1" 404 841 "-" "Mozilla/5.0 (compatible; Barkrowler/0.9; +https://babbar.tech/crawler)"
217.113.194.124 - - [12/Feb/2025:01:20:58 +0000] "GET /ecuador/galapagos_islands_wolf_darvin-galapagos-aggressor-iii HTTP/1.1" 404 841 "-" "Mozilla/5.0 (compatible; Barkrowler/0.9; +https://babbar.tech/crawler)"
217.113.194.123 - - [12/Feb/2025:01:21:10 +0000] "GET /Malaysia/SIPADAN_MABUL_KAPALAI_ISLANDS HTTP/1.1" 404 841 "-" "Mozilla/5.0 (compatible; Barkrowler/0.9; +https://babbar.tech/crawler)"
217.113.194.129 - - [12/Feb/2025:01:21:22 +0000] "GET /indonesia/raja_ampat_banda_sea_12nights_ambon-raja-laut HTTP/1.1" 404 841 "-" "Mozilla/5.0 (compatible; Barkrowler/0.9; +https://babbar.tech/crawler)"
