HEX
Server: Apache/2.4.52 (Ubuntu)
System: Linux dev1 5.15.83-1-pve #1 SMP PVE 5.15.83-1 (2022-12-15T00:00Z) x86_64
User: safarimaris (1000)
PHP: 7.2.34-54+ubuntu22.04.1+deb.sury.org+1
Disabled: pcntl_alarm,pcntl_fork,pcntl_waitpid,pcntl_wait,pcntl_wifexited,pcntl_wifstopped,pcntl_wifsignaled,pcntl_wifcontinued,pcntl_wexitstatus,pcntl_wtermsig,pcntl_wstopsig,pcntl_signal,pcntl_signal_get_handler,pcntl_signal_dispatch,pcntl_get_last_error,pcntl_strerror,pcntl_sigprocmask,pcntl_sigwaitinfo,pcntl_sigtimedwait,pcntl_exec,pcntl_getpriority,pcntl_setpriority,pcntl_async_signals,
Upload Files
File: /home/safarimaris/home/safarimaris/logs/dev1-access.log
167.235.208.187 - - [06/Feb/2025:09:29:18 +0000] "GET /phpmyadmin/index.php?route=/database/structure&server=1&db=safarimaris HTTP/1.1" 301 728 "-" "Mozilla/5.0 (Windows NT 10.0; Win64; x64) AppleWebKit/537.36 (KHTML, like Gecko) Chrome/131.0.0.0 Safari/537.36 OPR/116.0.0.0"
23.178.112.108 - - [06/Feb/2025:09:31:38 +0000] "GET /.well-known/acme-challenge/TXLQ7nne_9wBZTAwe5QaLTpywwXyQL9GIu3U_kcv_qI HTTP/1.1" 200 308 "-" "Mozilla/5.0 (compatible; Let's Encrypt validation server; +https://www.letsencrypt.org)"
13.48.127.235 - - [06/Feb/2025:09:31:39 +0000] "GET /.well-known/acme-challenge/TXLQ7nne_9wBZTAwe5QaLTpywwXyQL9GIu3U_kcv_qI HTTP/1.1" 200 308 "-" "Mozilla/5.0 (compatible; Let's Encrypt validation server; +https://www.letsencrypt.org)"
18.119.127.74 - - [06/Feb/2025:09:31:39 +0000] "GET /.well-known/acme-challenge/TXLQ7nne_9wBZTAwe5QaLTpywwXyQL9GIu3U_kcv_qI HTTP/1.1" 200 308 "-" "Mozilla/5.0 (compatible; Let's Encrypt validation server; +https://www.letsencrypt.org)"
35.88.170.9 - - [06/Feb/2025:09:31:39 +0000] "GET /.well-known/acme-challenge/TXLQ7nne_9wBZTAwe5QaLTpywwXyQL9GIu3U_kcv_qI HTTP/1.1" 200 308 "-" "Mozilla/5.0 (compatible; Let's Encrypt validation server; +https://www.letsencrypt.org)"
47.129.14.232 - - [06/Feb/2025:09:31:39 +0000] "GET /.well-known/acme-challenge/TXLQ7nne_9wBZTAwe5QaLTpywwXyQL9GIu3U_kcv_qI HTTP/1.1" 200 308 "-" "Mozilla/5.0 (compatible; Let's Encrypt validation server; +https://www.letsencrypt.org)"
167.235.208.187 - - [06/Feb/2025:09:32:37 +0000] "GET /phpmyadmin/index.php?route=/database/structure&server=1&db=safarimaris HTTP/1.1" 301 4049 "-" "Mozilla/5.0 (Windows NT 10.0; Win64; x64) AppleWebKit/537.36 (KHTML, like Gecko) Chrome/131.0.0.0 Safari/537.36 OPR/116.0.0.0"
209.38.248.17 - - [06/Feb/2025:09:32:37 +0000] "GET / HTTP/1.1" 301 3849 "-" "-"
167.235.208.187 - - [06/Feb/2025:09:32:37 +0000] "GET /phpmyadmin/index.php?route=/database/structure&server=1&db=safarimaris HTTP/1.1" 301 750 "-" "Mozilla/5.0 (Windows NT 10.0; Win64; x64) AppleWebKit/537.36 (KHTML, like Gecko) Chrome/131.0.0.0 Safari/537.36 OPR/116.0.0.0"
167.235.208.187 - - [06/Feb/2025:09:32:37 +0000] "GET /phpmyadmin/index.php?route=/database/structure&server=1&db=safarimaris HTTP/1.1" 301 750 "-" "Mozilla/5.0 (Windows NT 10.0; Win64; x64) AppleWebKit/537.36 (KHTML, like Gecko) Chrome/131.0.0.0 Safari/537.36 OPR/116.0.0.0"
167.235.208.187 - - [06/Feb/2025:09:32:37 +0000] "GET /phpmyadmin/index.php?route=/database/structure&server=1&db=safarimaris HTTP/1.1" 301 750 "-" "Mozilla/5.0 (Windows NT 10.0; Win64; x64) AppleWebKit/537.36 (KHTML, like Gecko) Chrome/131.0.0.0 Safari/537.36 OPR/116.0.0.0"
167.235.208.187 - - [06/Feb/2025:09:32:37 +0000] "GET /phpmyadmin/index.php?route=/database/structure&server=1&db=safarimaris HTTP/1.1" 301 750 "-" "Mozilla/5.0 (Windows NT 10.0; Win64; x64) AppleWebKit/537.36 (KHTML, like Gecko) Chrome/131.0.0.0 Safari/537.36 OPR/116.0.0.0"
167.235.208.187 - - [06/Feb/2025:09:32:37 +0000] "GET /phpmyadmin/index.php?route=/database/structure&server=1&db=safarimaris HTTP/1.1" 301 750 "-" "Mozilla/5.0 (Windows NT 10.0; Win64; x64) AppleWebKit/537.36 (KHTML, like Gecko) Chrome/131.0.0.0 Safari/537.36 OPR/116.0.0.0"
167.235.208.187 - - [06/Feb/2025:09:32:37 +0000] "GET /phpmyadmin/index.php?route=/database/structure&server=1&db=safarimaris HTTP/1.1" 301 750 "-" "Mozilla/5.0 (Windows NT 10.0; Win64; x64) AppleWebKit/537.36 (KHTML, like Gecko) Chrome/131.0.0.0 Safari/537.36 OPR/116.0.0.0"
157.230.19.140 - - [06/Feb/2025:09:32:37 +0000] "GET / HTTP/1.1" 301 543 "-" "-"
167.235.208.187 - - [06/Feb/2025:09:32:37 +0000] "GET /phpmyadmin/index.php?route=/database/structure&server=1&db=safarimaris HTTP/1.1" 301 750 "-" "Mozilla/5.0 (Windows NT 10.0; Win64; x64) AppleWebKit/537.36 (KHTML, like Gecko) Chrome/131.0.0.0 Safari/537.36 OPR/116.0.0.0"
157.230.19.140 - - [06/Feb/2025:09:32:37 +0000] "GET / HTTP/1.1" 301 543 "-" "Mozilla/5.0 (Linux; Android 6.0; HTC One M9 Build/MRA252896) AppleWebKit/537.36 (KHTML, like Gecko) Chrome/52.0.2817.98 Mobile Safari/537.3"
167.235.208.187 - - [06/Feb/2025:09:32:37 +0000] "GET /phpmyadmin/index.php?route=/database/structure&server=1&db=safarimaris HTTP/1.1" 301 750 "-" "Mozilla/5.0 (Windows NT 10.0; Win64; x64) AppleWebKit/537.36 (KHTML, like Gecko) Chrome/131.0.0.0 Safari/537.36 OPR/116.0.0.0"
157.230.19.140 - - [06/Feb/2025:09:32:37 +0000] "GET /actuator/env HTTP/1.1" 301 567 "-" "Go-http-client/1.1"
167.235.208.187 - - [06/Feb/2025:09:32:37 +0000] "GET /phpmyadmin/index.php?route=/database/structure&server=1&db=safarimaris HTTP/1.1" 301 750 "-" "Mozilla/5.0 (Windows NT 10.0; Win64; x64) AppleWebKit/537.36 (KHTML, like Gecko) Chrome/131.0.0.0 Safari/537.36 OPR/116.0.0.0"
157.230.19.140 - - [06/Feb/2025:09:32:37 +0000] "GET /server HTTP/1.1" 301 555 "-" "Go-http-client/1.1"
167.235.208.187 - - [06/Feb/2025:09:32:37 +0000] "GET /phpmyadmin/index.php?route=/database/structure&server=1&db=safarimaris HTTP/1.1" 301 750 "-" "Mozilla/5.0 (Windows NT 10.0; Win64; x64) AppleWebKit/537.36 (KHTML, like Gecko) Chrome/131.0.0.0 Safari/537.36 OPR/116.0.0.0"
157.230.19.140 - - [06/Feb/2025:09:32:37 +0000] "GET /.vscode/sftp.json HTTP/1.1" 301 577 "-" "Go-http-client/1.1"
167.235.208.187 - - [06/Feb/2025:09:32:37 +0000] "GET /phpmyadmin/index.php?route=/database/structure&server=1&db=safarimaris HTTP/1.1" 301 750 "-" "Mozilla/5.0 (Windows NT 10.0; Win64; x64) AppleWebKit/537.36 (KHTML, like Gecko) Chrome/131.0.0.0 Safari/537.36 OPR/116.0.0.0"
157.230.19.140 - - [06/Feb/2025:09:32:37 +0000] "GET /about HTTP/1.1" 301 553 "-" "Go-http-client/1.1"
167.235.208.187 - - [06/Feb/2025:09:32:38 +0000] "GET /phpmyadmin/index.php?route=/database/structure&server=1&db=safarimaris HTTP/1.1" 301 750 "-" "Mozilla/5.0 (Windows NT 10.0; Win64; x64) AppleWebKit/537.36 (KHTML, like Gecko) Chrome/131.0.0.0 Safari/537.36 OPR/116.0.0.0"
167.235.208.187 - - [06/Feb/2025:09:32:38 +0000] "GET /phpmyadmin/index.php?route=/database/structure&server=1&db=safarimaris HTTP/1.1" 301 750 "-" "Mozilla/5.0 (Windows NT 10.0; Win64; x64) AppleWebKit/537.36 (KHTML, like Gecko) Chrome/131.0.0.0 Safari/537.36 OPR/116.0.0.0"
167.235.208.187 - - [06/Feb/2025:09:32:38 +0000] "GET /phpmyadmin/index.php?route=/database/structure&server=1&db=safarimaris HTTP/1.1" 301 750 "-" "Mozilla/5.0 (Windows NT 10.0; Win64; x64) AppleWebKit/537.36 (KHTML, like Gecko) Chrome/131.0.0.0 Safari/537.36 OPR/116.0.0.0"
167.235.208.187 - - [06/Feb/2025:09:32:38 +0000] "GET /phpmyadmin/index.php?route=/database/structure&server=1&db=safarimaris HTTP/1.1" 301 750 "-" "Mozilla/5.0 (Windows NT 10.0; Win64; x64) AppleWebKit/537.36 (KHTML, like Gecko) Chrome/131.0.0.0 Safari/537.36 OPR/116.0.0.0"
167.235.208.187 - - [06/Feb/2025:09:32:38 +0000] "GET /phpmyadmin/index.php?route=/database/structure&server=1&db=safarimaris HTTP/1.1" 301 750 "-" "Mozilla/5.0 (Windows NT 10.0; Win64; x64) AppleWebKit/537.36 (KHTML, like Gecko) Chrome/131.0.0.0 Safari/537.36 OPR/116.0.0.0"
167.235.208.187 - - [06/Feb/2025:09:32:38 +0000] "GET /phpmyadmin/index.php?route=/database/structure&server=1&db=safarimaris HTTP/1.1" 301 750 "-" "Mozilla/5.0 (Windows NT 10.0; Win64; x64) AppleWebKit/537.36 (KHTML, like Gecko) Chrome/131.0.0.0 Safari/537.36 OPR/116.0.0.0"
167.235.208.187 - - [06/Feb/2025:09:32:38 +0000] "GET /phpmyadmin/index.php?route=/database/structure&server=1&db=safarimaris HTTP/1.1" 301 750 "-" "Mozilla/5.0 (Windows NT 10.0; Win64; x64) AppleWebKit/537.36 (KHTML, like Gecko) Chrome/131.0.0.0 Safari/537.36 OPR/116.0.0.0"
167.235.208.187 - - [06/Feb/2025:09:32:38 +0000] "GET /phpmyadmin/index.php?route=/database/structure&server=1&db=safarimaris HTTP/1.1" 301 750 "-" "Mozilla/5.0 (Windows NT 10.0; Win64; x64) AppleWebKit/537.36 (KHTML, like Gecko) Chrome/131.0.0.0 Safari/537.36 OPR/116.0.0.0"
209.38.248.17 - - [06/Feb/2025:09:32:38 +0000] "GET / HTTP/1.1" 301 3849 "-" "Mozilla/5.0 (Linux; Android 6.0; HTC One M9 Build/MRA252896) AppleWebKit/537.36 (KHTML, like Gecko) Chrome/52.0.2817.98 Mobile Safari/537.3"
157.230.19.140 - - [06/Feb/2025:09:32:38 +0000] "GET /debug/default/view?panel=config HTTP/1.1" 301 605 "-" "Go-http-client/1.1"
164.92.107.174 - - [06/Feb/2025:09:32:38 +0000] "GET / HTTP/1.1" 301 3849 "-" "-"
209.38.248.17 - - [06/Feb/2025:09:32:39 +0000] "GET /actuator/env HTTP/1.1" 301 3873 "-" "Go-http-client/1.1"
167.235.208.187 - - [06/Feb/2025:09:32:39 +0000] "GET /phpmyadmin/index.php?route=/database/structure&server=1&db=safarimaris HTTP/1.1" 301 750 "-" "Mozilla/5.0 (Windows NT 10.0; Win64; x64) AppleWebKit/537.36 (KHTML, like Gecko) Chrome/131.0.0.0 Safari/537.36 OPR/116.0.0.0"
167.235.208.187 - - [06/Feb/2025:09:32:39 +0000] "GET /phpmyadmin/index.php?route=/database/structure&server=1&db=safarimaris HTTP/1.1" 301 750 "-" "Mozilla/5.0 (Windows NT 10.0; Win64; x64) AppleWebKit/537.36 (KHTML, like Gecko) Chrome/131.0.0.0 Safari/537.36 OPR/116.0.0.0"
209.38.248.17 - - [06/Feb/2025:09:32:39 +0000] "GET /server HTTP/1.1" 301 886 "-" "Go-http-client/1.1"
167.235.208.187 - - [06/Feb/2025:09:32:39 +0000] "GET /phpmyadmin/index.php?route=/database/structure&server=1&db=safarimaris HTTP/1.1" 301 750 "-" "Mozilla/5.0 (Windows NT 10.0; Win64; x64) AppleWebKit/537.36 (KHTML, like Gecko) Chrome/131.0.0.0 Safari/537.36 OPR/116.0.0.0"
157.230.19.140 - - [06/Feb/2025:09:32:39 +0000] "GET /v2/_catalog HTTP/1.1" 301 565 "-" "Go-http-client/1.1"
167.235.208.187 - - [06/Feb/2025:09:32:39 +0000] "GET /phpmyadmin/index.php?route=/database/structure&server=1&db=safarimaris HTTP/1.1" 301 750 "-" "Mozilla/5.0 (Windows NT 10.0; Win64; x64) AppleWebKit/537.36 (KHTML, like Gecko) Chrome/131.0.0.0 Safari/537.36 OPR/116.0.0.0"
167.235.208.187 - - [06/Feb/2025:09:32:39 +0000] "GET /phpmyadmin/index.php?route=/database/structure&server=1&db=safarimaris HTTP/1.1" 301 750 "-" "Mozilla/5.0 (Windows NT 10.0; Win64; x64) AppleWebKit/537.36 (KHTML, like Gecko) Chrome/131.0.0.0 Safari/537.36 OPR/116.0.0.0"
209.38.248.17 - - [06/Feb/2025:09:32:39 +0000] "GET /.vscode/sftp.json HTTP/1.1" 301 908 "-" "Go-http-client/1.1"
167.235.208.187 - - [06/Feb/2025:09:32:40 +0000] "GET /phpmyadmin/index.php?route=/database/structure&server=1&db=safarimaris HTTP/1.1" 301 750 "-" "Mozilla/5.0 (Windows NT 10.0; Win64; x64) AppleWebKit/537.36 (KHTML, like Gecko) Chrome/131.0.0.0 Safari/537.36 OPR/116.0.0.0"
157.230.19.140 - - [06/Feb/2025:09:32:40 +0000] "GET /ecp/Current/exporttool/microsoft.exchange.ediscovery.exporttool.application HTTP/1.1" 301 693 "-" "Go-http-client/1.1"
209.38.248.17 - - [06/Feb/2025:09:32:40 +0000] "GET /about HTTP/1.1" 301 884 "-" "Go-http-client/1.1"
167.235.208.187 - - [06/Feb/2025:09:32:40 +0000] "GET /phpmyadmin/index.php?route=/database/structure&server=1&db=safarimaris HTTP/1.1" 301 750 "-" "Mozilla/5.0 (Windows NT 10.0; Win64; x64) AppleWebKit/537.36 (KHTML, like Gecko) Chrome/131.0.0.0 Safari/537.36 OPR/116.0.0.0"
167.235.208.187 - - [06/Feb/2025:09:32:40 +0000] "GET /phpmyadmin/index.php?route=/database/structure&server=1&db=safarimaris HTTP/1.1" 301 750 "-" "Mozilla/5.0 (Windows NT 10.0; Win64; x64) AppleWebKit/537.36 (KHTML, like Gecko) Chrome/131.0.0.0 Safari/537.36 OPR/116.0.0.0"
167.235.208.187 - - [06/Feb/2025:09:32:40 +0000] "GET /phpmyadmin/index.php?route=/database/structure&server=1&db=safarimaris HTTP/1.1" 301 750 "-" "Mozilla/5.0 (Windows NT 10.0; Win64; x64) AppleWebKit/537.36 (KHTML, like Gecko) Chrome/131.0.0.0 Safari/537.36 OPR/116.0.0.0"
167.235.208.187 - - [06/Feb/2025:09:32:40 +0000] "GET /phpmyadmin/index.php?route=/database/structure&server=1&db=safarimaris HTTP/1.1" 301 750 "-" "Mozilla/5.0 (Windows NT 10.0; Win64; x64) AppleWebKit/537.36 (KHTML, like Gecko) Chrome/131.0.0.0 Safari/537.36 OPR/116.0.0.0"
167.235.208.187 - - [06/Feb/2025:09:32:40 +0000] "GET /phpmyadmin/index.php?route=/database/structure&server=1&db=safarimaris HTTP/1.1" 301 750 "-" "Mozilla/5.0 (Windows NT 10.0; Win64; x64) AppleWebKit/537.36 (KHTML, like Gecko) Chrome/131.0.0.0 Safari/537.36 OPR/116.0.0.0"
167.235.208.187 - - [06/Feb/2025:09:32:40 +0000] "GET /phpmyadmin/index.php?route=/database/structure&server=1&db=safarimaris HTTP/1.1" 301 750 "-" "Mozilla/5.0 (Windows NT 10.0; Win64; x64) AppleWebKit/537.36 (KHTML, like Gecko) Chrome/131.0.0.0 Safari/537.36 OPR/116.0.0.0"
167.235.208.187 - - [06/Feb/2025:09:32:40 +0000] "GET /phpmyadmin/index.php?route=/database/structure&server=1&db=safarimaris HTTP/1.1" 301 750 "-" "Mozilla/5.0 (Windows NT 10.0; Win64; x64) AppleWebKit/537.36 (KHTML, like Gecko) Chrome/131.0.0.0 Safari/537.36 OPR/116.0.0.0"
167.235.208.187 - - [06/Feb/2025:09:32:40 +0000] "GET /phpmyadmin/index.php?route=/database/structure&server=1&db=safarimaris HTTP/1.1" 301 750 "-" "Mozilla/5.0 (Windows NT 10.0; Win64; x64) AppleWebKit/537.36 (KHTML, like Gecko) Chrome/131.0.0.0 Safari/537.36 OPR/116.0.0.0"
167.235.208.187 - - [06/Feb/2025:09:32:40 +0000] "GET /phpmyadmin/index.php?route=/database/structure&server=1&db=safarimaris HTTP/1.1" 301 750 "-" "Mozilla/5.0 (Windows NT 10.0; Win64; x64) AppleWebKit/537.36 (KHTML, like Gecko) Chrome/131.0.0.0 Safari/537.36 OPR/116.0.0.0"
157.230.19.140 - - [06/Feb/2025:09:32:40 +0000] "GET /server-status HTTP/1.1" 301 569 "-" "Go-http-client/1.1"
167.235.208.187 - - [06/Feb/2025:09:32:40 +0000] "GET /phpmyadmin/index.php?route=/database/structure&server=1&db=safarimaris HTTP/1.1" 301 750 "-" "Mozilla/5.0 (Windows NT 10.0; Win64; x64) AppleWebKit/537.36 (KHTML, like Gecko) Chrome/131.0.0.0 Safari/537.36 OPR/116.0.0.0"
167.235.208.187 - - [06/Feb/2025:09:32:40 +0000] "GET /phpmyadmin/index.php?route=/database/structure&server=1&db=safarimaris HTTP/1.1" 301 750 "-" "Mozilla/5.0 (Windows NT 10.0; Win64; x64) AppleWebKit/537.36 (KHTML, like Gecko) Chrome/131.0.0.0 Safari/537.36 OPR/116.0.0.0"
167.235.208.187 - - [06/Feb/2025:09:32:40 +0000] "GET /phpmyadmin/index.php?route=/database/structure&server=1&db=safarimaris HTTP/1.1" 301 750 "-" "Mozilla/5.0 (Windows NT 10.0; Win64; x64) AppleWebKit/537.36 (KHTML, like Gecko) Chrome/131.0.0.0 Safari/537.36 OPR/116.0.0.0"
167.235.208.187 - - [06/Feb/2025:09:32:40 +0000] "GET /phpmyadmin/index.php?route=/database/structure&server=1&db=safarimaris HTTP/1.1" 301 750 "-" "Mozilla/5.0 (Windows NT 10.0; Win64; x64) AppleWebKit/537.36 (KHTML, like Gecko) Chrome/131.0.0.0 Safari/537.36 OPR/116.0.0.0"
167.235.208.187 - - [06/Feb/2025:09:32:40 +0000] "GET /phpmyadmin/index.php?route=/database/structure&server=1&db=safarimaris HTTP/1.1" 301 750 "-" "Mozilla/5.0 (Windows NT 10.0; Win64; x64) AppleWebKit/537.36 (KHTML, like Gecko) Chrome/131.0.0.0 Safari/537.36 OPR/116.0.0.0"
209.38.248.17 - - [06/Feb/2025:09:32:41 +0000] "GET /debug/default/view?panel=config HTTP/1.1" 301 936 "-" "Go-http-client/1.1"
157.230.19.140 - - [06/Feb/2025:09:32:41 +0000] "GET /login.action HTTP/1.1" 301 567 "-" "Go-http-client/1.1"
157.230.19.140 - - [06/Feb/2025:09:32:41 +0000] "GET /_all_dbs HTTP/1.1" 301 559 "-" "Mozilla/5.0 (l9scan/2.0.238313e2830323e2533323e2736313; +https://leakix.net)"
209.38.248.17 - - [06/Feb/2025:09:32:42 +0000] "GET /v2/_catalog HTTP/1.1" 301 896 "-" "Go-http-client/1.1"
157.230.19.140 - - [06/Feb/2025:09:32:42 +0000] "GET /.DS_Store HTTP/1.1" 301 561 "-" "Go-http-client/1.1"
157.230.19.140 - - [06/Feb/2025:09:32:42 +0000] "GET /.env HTTP/1.1" 301 551 "-" "Go-http-client/1.1"
157.230.19.140 - - [06/Feb/2025:09:32:42 +0000] "GET /.git/config HTTP/1.1" 301 565 "-" "Go-http-client/1.1"
209.38.248.17 - - [06/Feb/2025:09:32:42 +0000] "GET /ecp/Current/exporttool/microsoft.exchange.ediscovery.exporttool.application HTTP/1.1" 301 1024 "-" "Go-http-client/1.1"
157.230.19.140 - - [06/Feb/2025:09:32:42 +0000] "GET /s/238313e2830323e2533323e2736313/_/;/META-INF/maven/com.atlassian.jira/jira-webapp-dist/pom.properties HTTP/1.1" 301 747 "-" "Go-http-client/1.1"
157.230.19.140 - - [06/Feb/2025:09:32:42 +0000] "GET /config.json HTTP/1.1" 301 565 "-" "Go-http-client/1.1"
209.38.248.17 - - [06/Feb/2025:09:32:42 +0000] "GET /server-status HTTP/1.1" 301 900 "-" "Go-http-client/1.1"
209.38.248.17 - - [06/Feb/2025:09:32:43 +0000] "GET /login.action HTTP/1.1" 301 898 "-" "Go-http-client/1.1"
157.230.19.140 - - [06/Feb/2025:09:32:43 +0000] "GET /telescope/requests HTTP/1.1" 301 579 "-" "Go-http-client/1.1"
209.38.248.17 - - [06/Feb/2025:09:32:43 +0000] "GET /_all_dbs HTTP/1.1" 301 890 "-" "Mozilla/5.0 (l9scan/2.0.238313e2830323e2533323e2736313; +https://leakix.net)"
209.38.248.17 - - [06/Feb/2025:09:32:44 +0000] "GET /.DS_Store HTTP/1.1" 301 892 "-" "Go-http-client/1.1"
157.230.19.140 - - [06/Feb/2025:09:32:44 +0000] "GET /info.php HTTP/1.1" 301 559 "-" "Go-http-client/1.1"
157.230.19.140 - - [06/Feb/2025:09:32:44 +0000] "GET /?rest_route=/wp/v2/users/ HTTP/1.1" 301 593 "-" "Go-http-client/1.1"
209.38.248.17 - - [06/Feb/2025:09:32:44 +0000] "GET /.env HTTP/1.1" 301 882 "-" "Go-http-client/1.1"
209.38.248.17 - - [06/Feb/2025:09:32:44 +0000] "GET /.git/config HTTP/1.1" 301 896 "-" "Go-http-client/1.1"
167.235.208.187 - - [06/Feb/2025:09:32:44 +0000] "GET /phpmyadmin/index.php?route=/database/structure&server=1&db=safarimaris HTTP/1.1" 301 750 "-" "Mozilla/5.0 (Windows NT 10.0; Win64; x64) AppleWebKit/537.36 (KHTML, like Gecko) Chrome/131.0.0.0 Safari/537.36 OPR/116.0.0.0"
167.235.208.187 - - [06/Feb/2025:09:32:44 +0000] "GET /phpmyadmin/index.php?route=/database/structure&server=1&db=safarimaris HTTP/1.1" 301 750 "-" "Mozilla/5.0 (Windows NT 10.0; Win64; x64) AppleWebKit/537.36 (KHTML, like Gecko) Chrome/131.0.0.0 Safari/537.36 OPR/116.0.0.0"
209.38.248.17 - - [06/Feb/2025:09:32:44 +0000] "GET /s/238313e2830323e2533323e2736313/_/;/META-INF/maven/com.atlassian.jira/jira-webapp-dist/pom.properties HTTP/1.1" 301 1078 "-" "Go-http-client/1.1"
167.235.208.187 - - [06/Feb/2025:09:32:45 +0000] "GET /phpmyadmin/index.php?route=/database/structure&server=1&db=safarimaris HTTP/1.1" 301 750 "-" "Mozilla/5.0 (Windows NT 10.0; Win64; x64) AppleWebKit/537.36 (KHTML, like Gecko) Chrome/131.0.0.0 Safari/537.36 OPR/116.0.0.0"
167.235.208.187 - - [06/Feb/2025:09:32:45 +0000] "GET /phpmyadmin/index.php?route=/database/structure&server=1&db=safarimaris HTTP/1.1" 301 750 "-" "Mozilla/5.0 (Windows NT 10.0; Win64; x64) AppleWebKit/537.36 (KHTML, like Gecko) Chrome/131.0.0.0 Safari/537.36 OPR/116.0.0.0"
167.235.208.187 - - [06/Feb/2025:09:32:45 +0000] "GET /phpmyadmin/index.php?route=/database/structure&server=1&db=safarimaris HTTP/1.1" 301 750 "-" "Mozilla/5.0 (Windows NT 10.0; Win64; x64) AppleWebKit/537.36 (KHTML, like Gecko) Chrome/131.0.0.0 Safari/537.36 OPR/116.0.0.0"
167.235.208.187 - - [06/Feb/2025:09:32:45 +0000] "GET /phpmyadmin/index.php?route=/database/structure&server=1&db=safarimaris HTTP/1.1" 301 750 "-" "Mozilla/5.0 (Windows NT 10.0; Win64; x64) AppleWebKit/537.36 (KHTML, like Gecko) Chrome/131.0.0.0 Safari/537.36 OPR/116.0.0.0"
167.235.208.187 - - [06/Feb/2025:09:32:45 +0000] "GET /phpmyadmin/index.php?route=/database/structure&server=1&db=safarimaris HTTP/1.1" 301 750 "-" "Mozilla/5.0 (Windows NT 10.0; Win64; x64) AppleWebKit/537.36 (KHTML, like Gecko) Chrome/131.0.0.0 Safari/537.36 OPR/116.0.0.0"
167.235.208.187 - - [06/Feb/2025:09:32:45 +0000] "GET /phpmyadmin/index.php?route=/database/structure&server=1&db=safarimaris HTTP/1.1" 301 750 "-" "Mozilla/5.0 (Windows NT 10.0; Win64; x64) AppleWebKit/537.36 (KHTML, like Gecko) Chrome/131.0.0.0 Safari/537.36 OPR/116.0.0.0"
167.235.208.187 - - [06/Feb/2025:09:32:45 +0000] "GET /phpmyadmin/index.php?route=/database/structure&server=1&db=safarimaris HTTP/1.1" 301 750 "-" "Mozilla/5.0 (Windows NT 10.0; Win64; x64) AppleWebKit/537.36 (KHTML, like Gecko) Chrome/131.0.0.0 Safari/537.36 OPR/116.0.0.0"
167.235.208.187 - - [06/Feb/2025:09:32:45 +0000] "GET /phpmyadmin/index.php?route=/database/structure&server=1&db=safarimaris HTTP/1.1" 301 750 "-" "Mozilla/5.0 (Windows NT 10.0; Win64; x64) AppleWebKit/537.36 (KHTML, like Gecko) Chrome/131.0.0.0 Safari/537.36 OPR/116.0.0.0"
167.235.208.187 - - [06/Feb/2025:09:32:45 +0000] "GET /phpmyadmin/index.php?route=/database/structure&server=1&db=safarimaris HTTP/1.1" 301 750 "-" "Mozilla/5.0 (Windows NT 10.0; Win64; x64) AppleWebKit/537.36 (KHTML, like Gecko) Chrome/131.0.0.0 Safari/537.36 OPR/116.0.0.0"
167.235.208.187 - - [06/Feb/2025:09:32:45 +0000] "GET /phpmyadmin/index.php?route=/database/structure&server=1&db=safarimaris HTTP/1.1" 301 750 "-" "Mozilla/5.0 (Windows NT 10.0; Win64; x64) AppleWebKit/537.36 (KHTML, like Gecko) Chrome/131.0.0.0 Safari/537.36 OPR/116.0.0.0"
167.235.208.187 - - [06/Feb/2025:09:32:45 +0000] "GET /phpmyadmin/index.php?route=/database/structure&server=1&db=safarimaris HTTP/1.1" 301 750 "-" "Mozilla/5.0 (Windows NT 10.0; Win64; x64) AppleWebKit/537.36 (KHTML, like Gecko) Chrome/131.0.0.0 Safari/537.36 OPR/116.0.0.0"
167.235.208.187 - - [06/Feb/2025:09:32:45 +0000] "GET /phpmyadmin/index.php?route=/database/structure&server=1&db=safarimaris HTTP/1.1" 301 750 "-" "Mozilla/5.0 (Windows NT 10.0; Win64; x64) AppleWebKit/537.36 (KHTML, like Gecko) Chrome/131.0.0.0 Safari/537.36 OPR/116.0.0.0"
209.38.248.17 - - [06/Feb/2025:09:32:45 +0000] "GET /config.json HTTP/1.1" 301 896 "-" "Go-http-client/1.1"
167.235.208.187 - - [06/Feb/2025:09:32:45 +0000] "GET /phpmyadmin/index.php?route=/database/structure&server=1&db=safarimaris HTTP/1.1" 301 750 "-" "Mozilla/5.0 (Windows NT 10.0; Win64; x64) AppleWebKit/537.36 (KHTML, like Gecko) Chrome/131.0.0.0 Safari/537.36 OPR/116.0.0.0"
167.235.208.187 - - [06/Feb/2025:09:32:45 +0000] "GET /phpmyadmin/index.php?route=/database/structure&server=1&db=safarimaris HTTP/1.1" 301 750 "-" "Mozilla/5.0 (Windows NT 10.0; Win64; x64) AppleWebKit/537.36 (KHTML, like Gecko) Chrome/131.0.0.0 Safari/537.36 OPR/116.0.0.0"
167.235.208.187 - - [06/Feb/2025:09:32:46 +0000] "GET /phpmyadmin/index.php?route=/database/structure&server=1&db=safarimaris HTTP/1.1" 301 750 "-" "Mozilla/5.0 (Windows NT 10.0; Win64; x64) AppleWebKit/537.36 (KHTML, like Gecko) Chrome/131.0.0.0 Safari/537.36 OPR/116.0.0.0"
209.38.248.17 - - [06/Feb/2025:09:32:46 +0000] "GET /telescope/requests HTTP/1.1" 301 910 "-" "Go-http-client/1.1"
167.235.208.187 - - [06/Feb/2025:09:32:46 +0000] "GET /phpmyadmin/index.php?route=/database/structure&server=1&db=safarimaris HTTP/1.1" 301 750 "-" "Mozilla/5.0 (Windows NT 10.0; Win64; x64) AppleWebKit/537.36 (KHTML, like Gecko) Chrome/131.0.0.0 Safari/537.36 OPR/116.0.0.0"
167.235.208.187 - - [06/Feb/2025:09:32:46 +0000] "GET /phpmyadmin/index.php?route=/database/structure&server=1&db=safarimaris HTTP/1.1" 301 750 "-" "Mozilla/5.0 (Windows NT 10.0; Win64; x64) AppleWebKit/537.36 (KHTML, like Gecko) Chrome/131.0.0.0 Safari/537.36 OPR/116.0.0.0"
167.235.208.187 - - [06/Feb/2025:09:32:46 +0000] "GET /phpmyadmin/index.php?route=/database/structure&server=1&db=safarimaris HTTP/1.1" 301 750 "-" "Mozilla/5.0 (Windows NT 10.0; Win64; x64) AppleWebKit/537.36 (KHTML, like Gecko) Chrome/131.0.0.0 Safari/537.36 OPR/116.0.0.0"
209.38.248.17 - - [06/Feb/2025:09:32:46 +0000] "GET /info.php HTTP/1.1" 301 890 "-" "Go-http-client/1.1"
164.92.107.174 - - [06/Feb/2025:09:32:46 +0000] "GET / HTTP/1.1" 301 3849 "-" "Mozilla/5.0 (Linux; Android 6.0; HTC One M9 Build/MRA252896) AppleWebKit/537.36 (KHTML, like Gecko) Chrome/52.0.2817.98 Mobile Safari/537.3"
209.38.248.17 - - [06/Feb/2025:09:32:46 +0000] "GET /?rest_route=/wp/v2/users/ HTTP/1.1" 301 924 "-" "Go-http-client/1.1"
164.92.107.174 - - [06/Feb/2025:09:32:47 +0000] "GET /actuator/env HTTP/1.1" 301 3873 "-" "Go-http-client/1.1"
164.92.107.174 - - [06/Feb/2025:09:32:47 +0000] "GET /server HTTP/1.1" 301 886 "-" "Go-http-client/1.1"
164.92.107.174 - - [06/Feb/2025:09:32:48 +0000] "GET /.vscode/sftp.json HTTP/1.1" 301 908 "-" "Go-http-client/1.1"
164.92.107.174 - - [06/Feb/2025:09:32:48 +0000] "GET /about HTTP/1.1" 301 884 "-" "Go-http-client/1.1"
164.92.107.174 - - [06/Feb/2025:09:32:49 +0000] "GET /debug/default/view?panel=config HTTP/1.1" 301 936 "-" "Go-http-client/1.1"
164.92.107.174 - - [06/Feb/2025:09:32:49 +0000] "GET /v2/_catalog HTTP/1.1" 301 896 "-" "Go-http-client/1.1"
164.92.107.174 - - [06/Feb/2025:09:32:50 +0000] "GET /ecp/Current/exporttool/microsoft.exchange.ediscovery.exporttool.application HTTP/1.1" 301 1024 "-" "Go-http-client/1.1"
164.92.107.174 - - [06/Feb/2025:09:32:51 +0000] "GET /server-status HTTP/1.1" 301 900 "-" "Go-http-client/1.1"
167.235.208.187 - - [06/Feb/2025:09:32:51 +0000] "GET /phpmyadmin/index.php?route=/database/structure&server=1&db=safarimaris HTTP/1.1" 301 4049 "-" "Mozilla/5.0 (Windows NT 10.0; Win64; x64) AppleWebKit/537.36 (KHTML, like Gecko) Chrome/131.0.0.0 Safari/537.36 OPR/116.0.0.0"
167.235.208.187 - - [06/Feb/2025:09:32:51 +0000] "GET /phpmyadmin/index.php?route=/database/structure&server=1&db=safarimaris HTTP/1.1" 301 750 "-" "Mozilla/5.0 (Windows NT 10.0; Win64; x64) AppleWebKit/537.36 (KHTML, like Gecko) Chrome/131.0.0.0 Safari/537.36 OPR/116.0.0.0"
167.235.208.187 - - [06/Feb/2025:09:32:51 +0000] "GET /phpmyadmin/index.php?route=/database/structure&server=1&db=safarimaris HTTP/1.1" 301 750 "-" "Mozilla/5.0 (Windows NT 10.0; Win64; x64) AppleWebKit/537.36 (KHTML, like Gecko) Chrome/131.0.0.0 Safari/537.36 OPR/116.0.0.0"
167.235.208.187 - - [06/Feb/2025:09:32:51 +0000] "GET /phpmyadmin/index.php?route=/database/structure&server=1&db=safarimaris HTTP/1.1" 301 750 "-" "Mozilla/5.0 (Windows NT 10.0; Win64; x64) AppleWebKit/537.36 (KHTML, like Gecko) Chrome/131.0.0.0 Safari/537.36 OPR/116.0.0.0"
164.92.107.174 - - [06/Feb/2025:09:32:51 +0000] "GET /login.action HTTP/1.1" 301 898 "-" "Go-http-client/1.1"
167.235.208.187 - - [06/Feb/2025:09:32:51 +0000] "GET /phpmyadmin/index.php?route=/database/structure&server=1&db=safarimaris HTTP/1.1" 301 750 "-" "Mozilla/5.0 (Windows NT 10.0; Win64; x64) AppleWebKit/537.36 (KHTML, like Gecko) Chrome/131.0.0.0 Safari/537.36 OPR/116.0.0.0"
167.235.208.187 - - [06/Feb/2025:09:32:51 +0000] "GET /phpmyadmin/index.php?route=/database/structure&server=1&db=safarimaris HTTP/1.1" 301 750 "-" "Mozilla/5.0 (Windows NT 10.0; Win64; x64) AppleWebKit/537.36 (KHTML, like Gecko) Chrome/131.0.0.0 Safari/537.36 OPR/116.0.0.0"
167.235.208.187 - - [06/Feb/2025:09:32:51 +0000] "GET /phpmyadmin/index.php?route=/database/structure&server=1&db=safarimaris HTTP/1.1" 301 750 "-" "Mozilla/5.0 (Windows NT 10.0; Win64; x64) AppleWebKit/537.36 (KHTML, like Gecko) Chrome/131.0.0.0 Safari/537.36 OPR/116.0.0.0"
167.235.208.187 - - [06/Feb/2025:09:32:52 +0000] "GET /phpmyadmin/index.php?route=/database/structure&server=1&db=safarimaris HTTP/1.1" 301 750 "-" "Mozilla/5.0 (Windows NT 10.0; Win64; x64) AppleWebKit/537.36 (KHTML, like Gecko) Chrome/131.0.0.0 Safari/537.36 OPR/116.0.0.0"
167.235.208.187 - - [06/Feb/2025:09:32:52 +0000] "GET /phpmyadmin/index.php?route=/database/structure&server=1&db=safarimaris HTTP/1.1" 301 750 "-" "Mozilla/5.0 (Windows NT 10.0; Win64; x64) AppleWebKit/537.36 (KHTML, like Gecko) Chrome/131.0.0.0 Safari/537.36 OPR/116.0.0.0"
167.235.208.187 - - [06/Feb/2025:09:32:52 +0000] "GET /phpmyadmin/index.php?route=/database/structure&server=1&db=safarimaris HTTP/1.1" 301 750 "-" "Mozilla/5.0 (Windows NT 10.0; Win64; x64) AppleWebKit/537.36 (KHTML, like Gecko) Chrome/131.0.0.0 Safari/537.36 OPR/116.0.0.0"
167.235.208.187 - - [06/Feb/2025:09:32:52 +0000] "GET /phpmyadmin/index.php?route=/database/structure&server=1&db=safarimaris HTTP/1.1" 301 750 "-" "Mozilla/5.0 (Windows NT 10.0; Win64; x64) AppleWebKit/537.36 (KHTML, like Gecko) Chrome/131.0.0.0 Safari/537.36 OPR/116.0.0.0"
167.235.208.187 - - [06/Feb/2025:09:32:52 +0000] "GET /phpmyadmin/index.php?route=/database/structure&server=1&db=safarimaris HTTP/1.1" 301 750 "-" "Mozilla/5.0 (Windows NT 10.0; Win64; x64) AppleWebKit/537.36 (KHTML, like Gecko) Chrome/131.0.0.0 Safari/537.36 OPR/116.0.0.0"
164.92.107.174 - - [06/Feb/2025:09:32:52 +0000] "GET /_all_dbs HTTP/1.1" 301 890 "-" "Mozilla/5.0 (l9scan/2.0.238313e2830323e2533323e2736313; +https://leakix.net)"
167.235.208.187 - - [06/Feb/2025:09:32:52 +0000] "GET /phpmyadmin/index.php?route=/database/structure&server=1&db=safarimaris HTTP/1.1" 301 750 "-" "Mozilla/5.0 (Windows NT 10.0; Win64; x64) AppleWebKit/537.36 (KHTML, like Gecko) Chrome/131.0.0.0 Safari/537.36 OPR/116.0.0.0"
167.235.208.187 - - [06/Feb/2025:09:32:52 +0000] "GET /phpmyadmin/index.php?route=/database/structure&server=1&db=safarimaris HTTP/1.1" 301 750 "-" "Mozilla/5.0 (Windows NT 10.0; Win64; x64) AppleWebKit/537.36 (KHTML, like Gecko) Chrome/131.0.0.0 Safari/537.36 OPR/116.0.0.0"
167.235.208.187 - - [06/Feb/2025:09:32:52 +0000] "GET /phpmyadmin/index.php?route=/database/structure&server=1&db=safarimaris HTTP/1.1" 301 750 "-" "Mozilla/5.0 (Windows NT 10.0; Win64; x64) AppleWebKit/537.36 (KHTML, like Gecko) Chrome/131.0.0.0 Safari/537.36 OPR/116.0.0.0"
167.235.208.187 - - [06/Feb/2025:09:32:52 +0000] "GET /phpmyadmin/index.php?route=/database/structure&server=1&db=safarimaris HTTP/1.1" 301 750 "-" "Mozilla/5.0 (Windows NT 10.0; Win64; x64) AppleWebKit/537.36 (KHTML, like Gecko) Chrome/131.0.0.0 Safari/537.36 OPR/116.0.0.0"
167.235.208.187 - - [06/Feb/2025:09:32:52 +0000] "GET /phpmyadmin/index.php?route=/database/structure&server=1&db=safarimaris HTTP/1.1" 301 750 "-" "Mozilla/5.0 (Windows NT 10.0; Win64; x64) AppleWebKit/537.36 (KHTML, like Gecko) Chrome/131.0.0.0 Safari/537.36 OPR/116.0.0.0"
167.235.208.187 - - [06/Feb/2025:09:32:52 +0000] "GET /phpmyadmin/index.php?route=/database/structure&server=1&db=safarimaris HTTP/1.1" 301 750 "-" "Mozilla/5.0 (Windows NT 10.0; Win64; x64) AppleWebKit/537.36 (KHTML, like Gecko) Chrome/131.0.0.0 Safari/537.36 OPR/116.0.0.0"
167.235.208.187 - - [06/Feb/2025:09:32:52 +0000] "GET /phpmyadmin/index.php?route=/database/structure&server=1&db=safarimaris HTTP/1.1" 301 750 "-" "Mozilla/5.0 (Windows NT 10.0; Win64; x64) AppleWebKit/537.36 (KHTML, like Gecko) Chrome/131.0.0.0 Safari/537.36 OPR/116.0.0.0"
167.235.208.187 - - [06/Feb/2025:09:32:52 +0000] "GET /phpmyadmin/index.php?route=/database/structure&server=1&db=safarimaris HTTP/1.1" 301 750 "-" "Mozilla/5.0 (Windows NT 10.0; Win64; x64) AppleWebKit/537.36 (KHTML, like Gecko) Chrome/131.0.0.0 Safari/537.36 OPR/116.0.0.0"
164.92.107.174 - - [06/Feb/2025:09:32:52 +0000] "GET /.DS_Store HTTP/1.1" 301 892 "-" "Go-http-client/1.1"
164.92.107.174 - - [06/Feb/2025:09:32:53 +0000] "GET /.env HTTP/1.1" 301 882 "-" "Go-http-client/1.1"
164.92.107.174 - - [06/Feb/2025:09:32:53 +0000] "GET /.git/config HTTP/1.1" 301 896 "-" "Go-http-client/1.1"
164.92.107.174 - - [06/Feb/2025:09:32:54 +0000] "GET /s/238313e2830323e2533323e2736313/_/;/META-INF/maven/com.atlassian.jira/jira-webapp-dist/pom.properties HTTP/1.1" 301 1078 "-" "Go-http-client/1.1"
164.92.107.174 - - [06/Feb/2025:09:32:55 +0000] "GET /config.json HTTP/1.1" 301 896 "-" "Go-http-client/1.1"
164.92.107.174 - - [06/Feb/2025:09:32:55 +0000] "GET /telescope/requests HTTP/1.1" 301 910 "-" "Go-http-client/1.1"
167.235.208.187 - - [06/Feb/2025:09:32:56 +0000] "GET /phpmyadmin/index.php?route=/database/structure&server=1&db=safarimaris HTTP/1.1" 301 4049 "-" "Mozilla/5.0 (Windows NT 10.0; Win64; x64) AppleWebKit/537.36 (KHTML, like Gecko) Chrome/131.0.0.0 Safari/537.36 OPR/116.0.0.0"
167.235.208.187 - - [06/Feb/2025:09:32:56 +0000] "GET /phpmyadmin/index.php?route=/database/structure&server=1&db=safarimaris HTTP/1.1" 301 750 "-" "Mozilla/5.0 (Windows NT 10.0; Win64; x64) AppleWebKit/537.36 (KHTML, like Gecko) Chrome/131.0.0.0 Safari/537.36 OPR/116.0.0.0"
195.211.77.140 - - [06/Feb/2025:09:32:56 +0000] "HEAD / HTTP/1.1" 301 3578 "-" "Mozilla/5.0 (Windows NT 10.0; Win64; x64) AppleWebKit/537.36 (KHTML, like Gecko) Chrome/108.0.0.0 Safari/537.36"
164.92.107.174 - - [06/Feb/2025:09:32:56 +0000] "GET /info.php HTTP/1.1" 301 890 "-" "Go-http-client/1.1"
167.235.208.187 - - [06/Feb/2025:09:32:56 +0000] "GET /phpmyadmin/index.php?route=/database/structure&server=1&db=safarimaris HTTP/1.1" 301 750 "-" "Mozilla/5.0 (Windows NT 10.0; Win64; x64) AppleWebKit/537.36 (KHTML, like Gecko) Chrome/131.0.0.0 Safari/537.36 OPR/116.0.0.0"
167.235.208.187 - - [06/Feb/2025:09:32:56 +0000] "GET /phpmyadmin/index.php?route=/database/structure&server=1&db=safarimaris HTTP/1.1" 301 750 "-" "Mozilla/5.0 (Windows NT 10.0; Win64; x64) AppleWebKit/537.36 (KHTML, like Gecko) Chrome/131.0.0.0 Safari/537.36 OPR/116.0.0.0"
167.235.208.187 - - [06/Feb/2025:09:32:56 +0000] "GET /phpmyadmin/index.php?route=/database/structure&server=1&db=safarimaris HTTP/1.1" 301 750 "-" "Mozilla/5.0 (Windows NT 10.0; Win64; x64) AppleWebKit/537.36 (KHTML, like Gecko) Chrome/131.0.0.0 Safari/537.36 OPR/116.0.0.0"
167.235.208.187 - - [06/Feb/2025:09:32:56 +0000] "GET /phpmyadmin/index.php?route=/database/structure&server=1&db=safarimaris HTTP/1.1" 301 750 "-" "Mozilla/5.0 (Windows NT 10.0; Win64; x64) AppleWebKit/537.36 (KHTML, like Gecko) Chrome/131.0.0.0 Safari/537.36 OPR/116.0.0.0"
167.235.208.187 - - [06/Feb/2025:09:32:56 +0000] "GET /phpmyadmin/index.php?route=/database/structure&server=1&db=safarimaris HTTP/1.1" 301 750 "-" "Mozilla/5.0 (Windows NT 10.0; Win64; x64) AppleWebKit/537.36 (KHTML, like Gecko) Chrome/131.0.0.0 Safari/537.36 OPR/116.0.0.0"
167.235.208.187 - - [06/Feb/2025:09:32:56 +0000] "GET /phpmyadmin/index.php?route=/database/structure&server=1&db=safarimaris HTTP/1.1" 301 750 "-" "Mozilla/5.0 (Windows NT 10.0; Win64; x64) AppleWebKit/537.36 (KHTML, like Gecko) Chrome/131.0.0.0 Safari/537.36 OPR/116.0.0.0"
167.235.208.187 - - [06/Feb/2025:09:32:56 +0000] "GET /phpmyadmin/index.php?route=/database/structure&server=1&db=safarimaris HTTP/1.1" 301 750 "-" "Mozilla/5.0 (Windows NT 10.0; Win64; x64) AppleWebKit/537.36 (KHTML, like Gecko) Chrome/131.0.0.0 Safari/537.36 OPR/116.0.0.0"
167.235.208.187 - - [06/Feb/2025:09:32:56 +0000] "GET /phpmyadmin/index.php?route=/database/structure&server=1&db=safarimaris HTTP/1.1" 301 750 "-" "Mozilla/5.0 (Windows NT 10.0; Win64; x64) AppleWebKit/537.36 (KHTML, like Gecko) Chrome/131.0.0.0 Safari/537.36 OPR/116.0.0.0"
164.92.107.174 - - [06/Feb/2025:09:32:56 +0000] "GET /?rest_route=/wp/v2/users/ HTTP/1.1" 301 924 "-" "Go-http-client/1.1"
167.235.208.187 - - [06/Feb/2025:09:32:56 +0000] "GET /phpmyadmin/index.php?route=/database/structure&server=1&db=safarimaris HTTP/1.1" 301 750 "-" "Mozilla/5.0 (Windows NT 10.0; Win64; x64) AppleWebKit/537.36 (KHTML, like Gecko) Chrome/131.0.0.0 Safari/537.36 OPR/116.0.0.0"
167.235.208.187 - - [06/Feb/2025:09:32:56 +0000] "GET /phpmyadmin/index.php?route=/database/structure&server=1&db=safarimaris HTTP/1.1" 301 750 "-" "Mozilla/5.0 (Windows NT 10.0; Win64; x64) AppleWebKit/537.36 (KHTML, like Gecko) Chrome/131.0.0.0 Safari/537.36 OPR/116.0.0.0"
167.235.208.187 - - [06/Feb/2025:09:32:56 +0000] "GET /phpmyadmin/index.php?route=/database/structure&server=1&db=safarimaris HTTP/1.1" 301 750 "-" "Mozilla/5.0 (Windows NT 10.0; Win64; x64) AppleWebKit/537.36 (KHTML, like Gecko) Chrome/131.0.0.0 Safari/537.36 OPR/116.0.0.0"
167.235.208.187 - - [06/Feb/2025:09:32:56 +0000] "GET /phpmyadmin/index.php?route=/database/structure&server=1&db=safarimaris HTTP/1.1" 301 750 "-" "Mozilla/5.0 (Windows NT 10.0; Win64; x64) AppleWebKit/537.36 (KHTML, like Gecko) Chrome/131.0.0.0 Safari/537.36 OPR/116.0.0.0"
167.235.208.187 - - [06/Feb/2025:09:32:57 +0000] "GET /phpmyadmin/index.php?route=/database/structure&server=1&db=safarimaris HTTP/1.1" 301 750 "-" "Mozilla/5.0 (Windows NT 10.0; Win64; x64) AppleWebKit/537.36 (KHTML, like Gecko) Chrome/131.0.0.0 Safari/537.36 OPR/116.0.0.0"
167.235.208.187 - - [06/Feb/2025:09:32:57 +0000] "GET /phpmyadmin/index.php?route=/database/structure&server=1&db=safarimaris HTTP/1.1" 301 750 "-" "Mozilla/5.0 (Windows NT 10.0; Win64; x64) AppleWebKit/537.36 (KHTML, like Gecko) Chrome/131.0.0.0 Safari/537.36 OPR/116.0.0.0"
167.235.208.187 - - [06/Feb/2025:09:32:57 +0000] "GET /phpmyadmin/index.php?route=/database/structure&server=1&db=safarimaris HTTP/1.1" 301 750 "-" "Mozilla/5.0 (Windows NT 10.0; Win64; x64) AppleWebKit/537.36 (KHTML, like Gecko) Chrome/131.0.0.0 Safari/537.36 OPR/116.0.0.0"
167.235.208.187 - - [06/Feb/2025:09:32:57 +0000] "GET /phpmyadmin/index.php?route=/database/structure&server=1&db=safarimaris HTTP/1.1" 301 750 "-" "Mozilla/5.0 (Windows NT 10.0; Win64; x64) AppleWebKit/537.36 (KHTML, like Gecko) Chrome/131.0.0.0 Safari/537.36 OPR/116.0.0.0"
167.235.208.187 - - [06/Feb/2025:09:32:57 +0000] "GET /phpmyadmin/index.php?route=/database/structure&server=1&db=safarimaris HTTP/1.1" 301 750 "-" "Mozilla/5.0 (Windows NT 10.0; Win64; x64) AppleWebKit/537.36 (KHTML, like Gecko) Chrome/131.0.0.0 Safari/537.36 OPR/116.0.0.0"
167.235.208.187 - - [06/Feb/2025:09:32:57 +0000] "GET /phpmyadmin/index.php?route=/database/structure&server=1&db=safarimaris HTTP/1.1" 301 750 "-" "Mozilla/5.0 (Windows NT 10.0; Win64; x64) AppleWebKit/537.36 (KHTML, like Gecko) Chrome/131.0.0.0 Safari/537.36 OPR/116.0.0.0"
195.211.77.140 - - [06/Feb/2025:09:33:06 +0000] "HEAD / HTTP/1.1" 301 3578 "-" "Mozilla/5.0 (Windows NT 10.0; Win64; x64) AppleWebKit/537.36 (KHTML, like Gecko) Chrome/108.0.0.0 Safari/537.36"
167.235.208.187 - - [06/Feb/2025:09:33:27 +0000] "GET /phpmyadmin/index.php?route=/database/structure&server=1&db=safarimaris HTTP/1.1" 301 4049 "-" "Mozilla/5.0 (Windows NT 10.0; Win64; x64) AppleWebKit/537.36 (KHTML, like Gecko) Chrome/131.0.0.0 Safari/537.36 OPR/116.0.0.0"
167.235.208.187 - - [06/Feb/2025:09:33:27 +0000] "GET /phpmyadmin/index.php?route=/database/structure&server=1&db=safarimaris HTTP/1.1" 301 750 "-" "Mozilla/5.0 (Windows NT 10.0; Win64; x64) AppleWebKit/537.36 (KHTML, like Gecko) Chrome/131.0.0.0 Safari/537.36 OPR/116.0.0.0"
167.235.208.187 - - [06/Feb/2025:09:33:27 +0000] "GET /phpmyadmin/index.php?route=/database/structure&server=1&db=safarimaris HTTP/1.1" 301 750 "-" "Mozilla/5.0 (Windows NT 10.0; Win64; x64) AppleWebKit/537.36 (KHTML, like Gecko) Chrome/131.0.0.0 Safari/537.36 OPR/116.0.0.0"
167.235.208.187 - - [06/Feb/2025:09:33:27 +0000] "GET /phpmyadmin/index.php?route=/database/structure&server=1&db=safarimaris HTTP/1.1" 301 750 "-" "Mozilla/5.0 (Windows NT 10.0; Win64; x64) AppleWebKit/537.36 (KHTML, like Gecko) Chrome/131.0.0.0 Safari/537.36 OPR/116.0.0.0"
167.235.208.187 - - [06/Feb/2025:09:33:27 +0000] "GET /phpmyadmin/index.php?route=/database/structure&server=1&db=safarimaris HTTP/1.1" 301 750 "-" "Mozilla/5.0 (Windows NT 10.0; Win64; x64) AppleWebKit/537.36 (KHTML, like Gecko) Chrome/131.0.0.0 Safari/537.36 OPR/116.0.0.0"
167.235.208.187 - - [06/Feb/2025:09:33:28 +0000] "GET /phpmyadmin/index.php?route=/database/structure&server=1&db=safarimaris HTTP/1.1" 301 750 "-" "Mozilla/5.0 (Windows NT 10.0; Win64; x64) AppleWebKit/537.36 (KHTML, like Gecko) Chrome/131.0.0.0 Safari/537.36 OPR/116.0.0.0"
167.235.208.187 - - [06/Feb/2025:09:33:28 +0000] "GET /phpmyadmin/index.php?route=/database/structure&server=1&db=safarimaris HTTP/1.1" 301 750 "-" "Mozilla/5.0 (Windows NT 10.0; Win64; x64) AppleWebKit/537.36 (KHTML, like Gecko) Chrome/131.0.0.0 Safari/537.36 OPR/116.0.0.0"
167.235.208.187 - - [06/Feb/2025:09:33:28 +0000] "GET /phpmyadmin/index.php?route=/database/structure&server=1&db=safarimaris HTTP/1.1" 301 750 "-" "Mozilla/5.0 (Windows NT 10.0; Win64; x64) AppleWebKit/537.36 (KHTML, like Gecko) Chrome/131.0.0.0 Safari/537.36 OPR/116.0.0.0"
167.235.208.187 - - [06/Feb/2025:09:33:28 +0000] "GET /phpmyadmin/index.php?route=/database/structure&server=1&db=safarimaris HTTP/1.1" 301 750 "-" "Mozilla/5.0 (Windows NT 10.0; Win64; x64) AppleWebKit/537.36 (KHTML, like Gecko) Chrome/131.0.0.0 Safari/537.36 OPR/116.0.0.0"
167.235.208.187 - - [06/Feb/2025:09:33:28 +0000] "GET /phpmyadmin/index.php?route=/database/structure&server=1&db=safarimaris HTTP/1.1" 301 750 "-" "Mozilla/5.0 (Windows NT 10.0; Win64; x64) AppleWebKit/537.36 (KHTML, like Gecko) Chrome/131.0.0.0 Safari/537.36 OPR/116.0.0.0"
167.235.208.187 - - [06/Feb/2025:09:33:28 +0000] "GET /phpmyadmin/index.php?route=/database/structure&server=1&db=safarimaris HTTP/1.1" 301 750 "-" "Mozilla/5.0 (Windows NT 10.0; Win64; x64) AppleWebKit/537.36 (KHTML, like Gecko) Chrome/131.0.0.0 Safari/537.36 OPR/116.0.0.0"
167.235.208.187 - - [06/Feb/2025:09:33:28 +0000] "GET /phpmyadmin/index.php?route=/database/structure&server=1&db=safarimaris HTTP/1.1" 301 750 "-" "Mozilla/5.0 (Windows NT 10.0; Win64; x64) AppleWebKit/537.36 (KHTML, like Gecko) Chrome/131.0.0.0 Safari/537.36 OPR/116.0.0.0"
167.235.208.187 - - [06/Feb/2025:09:33:28 +0000] "GET /phpmyadmin/index.php?route=/database/structure&server=1&db=safarimaris HTTP/1.1" 301 750 "-" "Mozilla/5.0 (Windows NT 10.0; Win64; x64) AppleWebKit/537.36 (KHTML, like Gecko) Chrome/131.0.0.0 Safari/537.36 OPR/116.0.0.0"
167.235.208.187 - - [06/Feb/2025:09:33:28 +0000] "GET /phpmyadmin/index.php?route=/database/structure&server=1&db=safarimaris HTTP/1.1" 301 750 "-" "Mozilla/5.0 (Windows NT 10.0; Win64; x64) AppleWebKit/537.36 (KHTML, like Gecko) Chrome/131.0.0.0 Safari/537.36 OPR/116.0.0.0"
167.235.208.187 - - [06/Feb/2025:09:33:28 +0000] "GET /phpmyadmin/index.php?route=/database/structure&server=1&db=safarimaris HTTP/1.1" 301 750 "-" "Mozilla/5.0 (Windows NT 10.0; Win64; x64) AppleWebKit/537.36 (KHTML, like Gecko) Chrome/131.0.0.0 Safari/537.36 OPR/116.0.0.0"
167.235.208.187 - - [06/Feb/2025:09:33:28 +0000] "GET /phpmyadmin/index.php?route=/database/structure&server=1&db=safarimaris HTTP/1.1" 301 750 "-" "Mozilla/5.0 (Windows NT 10.0; Win64; x64) AppleWebKit/537.36 (KHTML, like Gecko) Chrome/131.0.0.0 Safari/537.36 OPR/116.0.0.0"
167.235.208.187 - - [06/Feb/2025:09:33:28 +0000] "GET /phpmyadmin/index.php?route=/database/structure&server=1&db=safarimaris HTTP/1.1" 301 750 "-" "Mozilla/5.0 (Windows NT 10.0; Win64; x64) AppleWebKit/537.36 (KHTML, like Gecko) Chrome/131.0.0.0 Safari/537.36 OPR/116.0.0.0"
167.235.208.187 - - [06/Feb/2025:09:33:28 +0000] "GET /phpmyadmin/index.php?route=/database/structure&server=1&db=safarimaris HTTP/1.1" 301 750 "-" "Mozilla/5.0 (Windows NT 10.0; Win64; x64) AppleWebKit/537.36 (KHTML, like Gecko) Chrome/131.0.0.0 Safari/537.36 OPR/116.0.0.0"
167.235.208.187 - - [06/Feb/2025:09:33:28 +0000] "GET /phpmyadmin/index.php?route=/database/structure&server=1&db=safarimaris HTTP/1.1" 301 750 "-" "Mozilla/5.0 (Windows NT 10.0; Win64; x64) AppleWebKit/537.36 (KHTML, like Gecko) Chrome/131.0.0.0 Safari/537.36 OPR/116.0.0.0"
167.235.208.187 - - [06/Feb/2025:09:33:29 +0000] "GET /phpmyadmin/index.php?route=/database/structure&server=1&db=safarimaris HTTP/1.1" 301 750 "-" "Mozilla/5.0 (Windows NT 10.0; Win64; x64) AppleWebKit/537.36 (KHTML, like Gecko) Chrome/131.0.0.0 Safari/537.36 OPR/116.0.0.0"
195.211.77.142 - - [06/Feb/2025:09:33:33 +0000] "GET / HTTP/1.1" 301 3917 "-" "Mozilla/5.0 (Windows NT 10.0; Win64; x64) AppleWebKit/537.36 (KHTML, like Gecko) Chrome/108.0.0.0 Safari/537.36"
195.211.77.142 - - [06/Feb/2025:09:33:37 +0000] "GET / HTTP/1.1" 301 3917 "-" "Mozilla/5.0 (Windows NT 10.0; Win64; x64) AppleWebKit/537.36 (KHTML, like Gecko) Chrome/108.0.0.0 Safari/537.36"
104.197.69.115 - - [06/Feb/2025:09:33:49 +0000] "GET / HTTP/1.1" 301 580 "-" "Mozilla/5.0 (X11; Linux x86_64) AppleWebKit/537.36 (KHTML, like Gecko) HeadlessChrome/125.0.6422.60 Safari/537.36"
34.123.170.104 - - [06/Feb/2025:09:33:50 +0000] "GET / HTTP/1.1" 301 3901 "-" "Mozilla/5.0 (X11; Linux x86_64) AppleWebKit/537.36 (KHTML, like Gecko) HeadlessChrome/125.0.6422.60 Safari/537.36"
34.123.170.104 - - [06/Feb/2025:09:33:50 +0000] "GET / HTTP/1.1" 301 602 "-" "Mozilla/5.0 (X11; Linux x86_64) AppleWebKit/537.36 (KHTML, like Gecko) HeadlessChrome/125.0.6422.60 Safari/537.36"
34.123.170.104 - - [06/Feb/2025:09:33:50 +0000] "GET / HTTP/1.1" 301 602 "-" "Mozilla/5.0 (X11; Linux x86_64) AppleWebKit/537.36 (KHTML, like Gecko) HeadlessChrome/125.0.6422.60 Safari/537.36"
34.123.170.104 - - [06/Feb/2025:09:33:50 +0000] "GET / HTTP/1.1" 301 602 "-" "Mozilla/5.0 (X11; Linux x86_64) AppleWebKit/537.36 (KHTML, like Gecko) HeadlessChrome/125.0.6422.60 Safari/537.36"
34.123.170.104 - - [06/Feb/2025:09:33:50 +0000] "GET / HTTP/1.1" 301 602 "-" "Mozilla/5.0 (X11; Linux x86_64) AppleWebKit/537.36 (KHTML, like Gecko) HeadlessChrome/125.0.6422.60 Safari/537.36"
104.197.69.115 - - [06/Feb/2025:09:33:50 +0000] "GET / HTTP/1.1" 301 3901 "-" "Mozilla/5.0 (X11; Linux x86_64) AppleWebKit/537.36 (KHTML, like Gecko) HeadlessChrome/125.0.6422.60 Safari/537.36"
34.123.170.104 - - [06/Feb/2025:09:33:50 +0000] "GET / HTTP/1.1" 301 602 "-" "Mozilla/5.0 (X11; Linux x86_64) AppleWebKit/537.36 (KHTML, like Gecko) HeadlessChrome/125.0.6422.60 Safari/537.36"
34.123.170.104 - - [06/Feb/2025:09:33:51 +0000] "GET / HTTP/1.1" 301 602 "-" "Mozilla/5.0 (X11; Linux x86_64) AppleWebKit/537.36 (KHTML, like Gecko) HeadlessChrome/125.0.6422.60 Safari/537.36"
34.123.170.104 - - [06/Feb/2025:09:33:51 +0000] "GET / HTTP/1.1" 301 602 "-" "Mozilla/5.0 (X11; Linux x86_64) AppleWebKit/537.36 (KHTML, like Gecko) HeadlessChrome/125.0.6422.60 Safari/537.36"
34.123.170.104 - - [06/Feb/2025:09:33:51 +0000] "GET / HTTP/1.1" 301 602 "-" "Mozilla/5.0 (X11; Linux x86_64) AppleWebKit/537.36 (KHTML, like Gecko) HeadlessChrome/125.0.6422.60 Safari/537.36"
34.123.170.104 - - [06/Feb/2025:09:33:51 +0000] "GET / HTTP/1.1" 301 602 "-" "Mozilla/5.0 (X11; Linux x86_64) AppleWebKit/537.36 (KHTML, like Gecko) HeadlessChrome/125.0.6422.60 Safari/537.36"
34.123.170.104 - - [06/Feb/2025:09:33:51 +0000] "GET / HTTP/1.1" 301 602 "-" "Mozilla/5.0 (X11; Linux x86_64) AppleWebKit/537.36 (KHTML, like Gecko) HeadlessChrome/125.0.6422.60 Safari/537.36"
34.123.170.104 - - [06/Feb/2025:09:33:51 +0000] "GET / HTTP/1.1" 301 602 "-" "Mozilla/5.0 (X11; Linux x86_64) AppleWebKit/537.36 (KHTML, like Gecko) HeadlessChrome/125.0.6422.60 Safari/537.36"
34.123.170.104 - - [06/Feb/2025:09:33:51 +0000] "GET / HTTP/1.1" 301 602 "-" "Mozilla/5.0 (X11; Linux x86_64) AppleWebKit/537.36 (KHTML, like Gecko) HeadlessChrome/125.0.6422.60 Safari/537.36"
34.123.170.104 - - [06/Feb/2025:09:33:52 +0000] "GET / HTTP/1.1" 301 602 "-" "Mozilla/5.0 (X11; Linux x86_64) AppleWebKit/537.36 (KHTML, like Gecko) HeadlessChrome/125.0.6422.60 Safari/537.36"
34.123.170.104 - - [06/Feb/2025:09:33:52 +0000] "GET / HTTP/1.1" 301 602 "-" "Mozilla/5.0 (X11; Linux x86_64) AppleWebKit/537.36 (KHTML, like Gecko) HeadlessChrome/125.0.6422.60 Safari/537.36"
34.123.170.104 - - [06/Feb/2025:09:33:52 +0000] "GET / HTTP/1.1" 301 602 "-" "Mozilla/5.0 (X11; Linux x86_64) AppleWebKit/537.36 (KHTML, like Gecko) HeadlessChrome/125.0.6422.60 Safari/537.36"
34.123.170.104 - - [06/Feb/2025:09:33:52 +0000] "GET / HTTP/1.1" 301 602 "-" "Mozilla/5.0 (X11; Linux x86_64) AppleWebKit/537.36 (KHTML, like Gecko) HeadlessChrome/125.0.6422.60 Safari/537.36"
34.123.170.104 - - [06/Feb/2025:09:33:52 +0000] "GET / HTTP/1.1" 301 602 "-" "Mozilla/5.0 (X11; Linux x86_64) AppleWebKit/537.36 (KHTML, like Gecko) HeadlessChrome/125.0.6422.60 Safari/537.36"
34.72.176.129 - - [06/Feb/2025:09:33:52 +0000] "GET / HTTP/1.1" 301 3901 "-" "Mozilla/5.0 (X11; Linux x86_64) AppleWebKit/537.36 (KHTML, like Gecko) HeadlessChrome/125.0.6422.60 Safari/537.36"
34.123.170.104 - - [06/Feb/2025:09:33:52 +0000] "GET / HTTP/1.1" 301 602 "-" "Mozilla/5.0 (X11; Linux x86_64) AppleWebKit/537.36 (KHTML, like Gecko) HeadlessChrome/125.0.6422.60 Safari/537.36"
34.72.176.129 - - [06/Feb/2025:09:33:52 +0000] "GET / HTTP/1.1" 301 602 "-" "Mozilla/5.0 (X11; Linux x86_64) AppleWebKit/537.36 (KHTML, like Gecko) HeadlessChrome/125.0.6422.60 Safari/537.36"
34.72.176.129 - - [06/Feb/2025:09:33:53 +0000] "GET / HTTP/1.1" 301 602 "-" "Mozilla/5.0 (X11; Linux x86_64) AppleWebKit/537.36 (KHTML, like Gecko) HeadlessChrome/125.0.6422.60 Safari/537.36"
34.72.176.129 - - [06/Feb/2025:09:33:53 +0000] "GET / HTTP/1.1" 301 602 "-" "Mozilla/5.0 (X11; Linux x86_64) AppleWebKit/537.36 (KHTML, like Gecko) HeadlessChrome/125.0.6422.60 Safari/537.36"
34.72.176.129 - - [06/Feb/2025:09:33:53 +0000] "GET / HTTP/1.1" 301 602 "-" "Mozilla/5.0 (X11; Linux x86_64) AppleWebKit/537.36 (KHTML, like Gecko) HeadlessChrome/125.0.6422.60 Safari/537.36"
34.72.176.129 - - [06/Feb/2025:09:33:53 +0000] "GET / HTTP/1.1" 301 602 "-" "Mozilla/5.0 (X11; Linux x86_64) AppleWebKit/537.36 (KHTML, like Gecko) HeadlessChrome/125.0.6422.60 Safari/537.36"
34.72.176.129 - - [06/Feb/2025:09:33:53 +0000] "GET / HTTP/1.1" 301 602 "-" "Mozilla/5.0 (X11; Linux x86_64) AppleWebKit/537.36 (KHTML, like Gecko) HeadlessChrome/125.0.6422.60 Safari/537.36"
34.72.176.129 - - [06/Feb/2025:09:33:53 +0000] "GET / HTTP/1.1" 301 602 "-" "Mozilla/5.0 (X11; Linux x86_64) AppleWebKit/537.36 (KHTML, like Gecko) HeadlessChrome/125.0.6422.60 Safari/537.36"
34.72.176.129 - - [06/Feb/2025:09:33:53 +0000] "GET / HTTP/1.1" 301 602 "-" "Mozilla/5.0 (X11; Linux x86_64) AppleWebKit/537.36 (KHTML, like Gecko) HeadlessChrome/125.0.6422.60 Safari/537.36"
34.72.176.129 - - [06/Feb/2025:09:33:53 +0000] "GET / HTTP/1.1" 301 602 "-" "Mozilla/5.0 (X11; Linux x86_64) AppleWebKit/537.36 (KHTML, like Gecko) HeadlessChrome/125.0.6422.60 Safari/537.36"
34.72.176.129 - - [06/Feb/2025:09:33:54 +0000] "GET / HTTP/1.1" 301 602 "-" "Mozilla/5.0 (X11; Linux x86_64) AppleWebKit/537.36 (KHTML, like Gecko) HeadlessChrome/125.0.6422.60 Safari/537.36"
34.72.176.129 - - [06/Feb/2025:09:33:54 +0000] "GET / HTTP/1.1" 301 602 "-" "Mozilla/5.0 (X11; Linux x86_64) AppleWebKit/537.36 (KHTML, like Gecko) HeadlessChrome/125.0.6422.60 Safari/537.36"
