2a01:4f8:120:73eb::2 - - [13/Jan/2023:03:19:49 +0100] "GET /.well-known/acme-challenge/8RC130YH_1X6XAFW7-LBM5PK5P6PKG-X HTTP/1.1" 200 64 "-" "Cpanel-HTTP-Client/1.0"
104.143.83.241 - - [13/Jan/2023:03:45:18 +0100] "GET / HTTP/1.1" 302 0 "http://admin.safarimaris.com/" "Mozilla/5.0 zgrab/0.x"
104.143.83.241 - - [13/Jan/2023:03:45:18 +0100] "GET /site/login HTTP/1.1" 200 1647 "https://admin.safarimaris.com/" "Mozilla/5.0 zgrab/0.x"
5.75.179.17 - - [13/Jan/2023:05:29:56 +0100] "GET / HTTP/1.1" 302 0 "-" "Mozilla/5.0 (Macintosh; Intel Mac OS X 10_10_1) AppleWebKit/537.36 (KHTML, like Gecko) Chrome/39.0.2171.95 Safari/537.36"
5.75.179.17 - - [13/Jan/2023:05:29:56 +0100] "GET /site/login HTTP/1.1" 200 1643 "-" "Mozilla/5.0 (Macintosh; Intel Mac OS X 10_10_1) AppleWebKit/537.36 (KHTML, like Gecko) Chrome/39.0.2171.95 Safari/537.36"
2a01:4f8:120:73eb::2 - - [13/Jan/2023:06:19:52 +0100] "GET /.well-known/acme-challenge/_YR1K00-02MP5ISTTDAZB-QACQ7B5HGC HTTP/1.1" 200 64 "-" "Cpanel-HTTP-Client/1.0"
199.195.250.129 - - [13/Jan/2023:06:59:46 +0100] "GET / HTTP/1.1" 302 0 "https://www.google.com/\"<\?=print(9347655345-4954366);?>\"" "Mozilliqa\"<\?=print(9347655345-4954366);?>\""
199.195.250.129 - - [13/Jan/2023:06:59:48 +0100] "GET / HTTP/1.1" 302 0 "https://www.google.com/'<\?=print(9347655345-4954366);?>'" "Mozilliqa'<\?=print(9347655345-4954366);?>'"
199.195.250.129 - - [13/Jan/2023:06:59:50 +0100] "GET /?'{${print(9347655345-4954366)}}'= HTTP/1.1" 302 0 "https://www.google.com/'{${print(9347655345-4954366)}}'" "Mozilliqa'{${print(9347655345-4954366)}}'"
199.195.250.129 - - [13/Jan/2023:06:59:52 +0100] "GET /?\"{${print(9347655345-4954366)}}\"= HTTP/1.1" 302 0 "https://www.google.com/\"{${print(9347655345-4954366)}}\"" "Mozilliqa\"{${print(9347655345-4954366)}}\""
2a01:4f8:120:73eb::2 - - [13/Jan/2023:09:19:50 +0100] "GET /.well-known/acme-challenge/F8PCPS4_TSIKD9VIAB34R6DD2SV1FQRD HTTP/1.1" 200 64 "-" "Cpanel-HTTP-Client/1.0"
20.106.101.180 - - [13/Jan/2023:11:21:07 +0100] "GET / HTTP/1.1" 302 0 "http://admin.safarimaris.com/" "Go-http-client/2.0"
20.106.101.180 - - [13/Jan/2023:11:21:07 +0100] "GET /site/login HTTP/1.1" 200 1645 "https://admin.safarimaris.com/" "Go-http-client/2.0"
20.106.101.180 - - [13/Jan/2023:11:21:08 +0100] "GET /wp-includes/css/buttons.css HTTP/1.1" 404 2166 "http://admin.safarimaris.com/wp-includes/css/buttons.css" "Go-http-client/2.0"
20.106.101.180 - - [13/Jan/2023:11:21:08 +0100] "GET /media/system/js/core.js HTTP/1.1" 404 2167 "http://admin.safarimaris.com/media/system/js/core.js" "Go-http-client/2.0"
2a01:4f8:120:73eb::2 - - [13/Jan/2023:12:19:47 +0100] "GET /.well-known/acme-challenge/98ZCPOU2T9NV-Q6EPXSA9EH8L-L3AQZ- HTTP/1.1" 200 64 "-" "Cpanel-HTTP-Client/1.0"
205.210.31.156 - - [13/Jan/2023:14:48:43 +0100] "GET / HTTP/1.1" 302 0 "-" "Expanse, a Palo Alto Networks company, searches across the global IPv4 space multiple times per day to identify customers&#39; presences on the Internet. If you would like to be excluded from our scans, please send IP addresses/domains to: scaninfo@paloaltonetworks.com"
2a01:4f8:120:73eb::2 - - [13/Jan/2023:15:19:50 +0100] "GET /.well-known/acme-challenge/1GBDWV6MDHDRRZWXQNXEB8TNYBZ6XEU5 HTTP/1.1" 200 64 "-" "Cpanel-HTTP-Client/1.0"
77.120.187.140 - - [13/Jan/2023:16:35:15 +0100] "GET / HTTP/1.1" 200 2025 "-" "Mozilla/5.0 (Windows NT 10.0; Win64; x64; rv:108.0) Gecko/20100101 Firefox/108.0"
77.120.187.140 - - [13/Jan/2023:16:35:15 +0100] "GET /assets/3087338e/css/font-awesome.min.css?v=1631880436 HTTP/1.1" 200 6989 "https://admin.safarimaris.com/" "Mozilla/5.0 (Windows NT 10.0; Win64; x64; rv:108.0) Gecko/20100101 Firefox/108.0"
77.120.187.140 - - [13/Jan/2023:16:35:15 +0100] "GET /css/site.css?v=1637931491 HTTP/1.1" 200 1226 "https://admin.safarimaris.com/" "Mozilla/5.0 (Windows NT 10.0; Win64; x64; rv:108.0) Gecko/20100101 Firefox/108.0"
77.120.187.140 - - [13/Jan/2023:16:35:15 +0100] "GET /assets/fda5a263/yii.js?v=1631880436 HTTP/1.1" 200 5773 "https://admin.safarimaris.com/" "Mozilla/5.0 (Windows NT 10.0; Win64; x64; rv:108.0) Gecko/20100101 Firefox/108.0"
77.120.187.140 - - [13/Jan/2023:16:35:15 +0100] "GET /assets/451acc87/css/bootstrap.css?v=1631880436 HTTP/1.1" 200 21312 "https://admin.safarimaris.com/" "Mozilla/5.0 (Windows NT 10.0; Win64; x64; rv:108.0) Gecko/20100101 Firefox/108.0"
77.120.187.140 - - [13/Jan/2023:16:35:15 +0100] "GET /assets/ae905078/jquery.js?v=1631880436 HTTP/1.1" 200 76517 "https://admin.safarimaris.com/" "Mozilla/5.0 (Windows NT 10.0; Win64; x64; rv:108.0) Gecko/20100101 Firefox/108.0"
77.120.187.140 - - [13/Jan/2023:16:35:15 +0100] "GET /assets/7a387416/css/AdminLTE.min.css?v=1631880436 HTTP/1.1" 200 16883 "https://admin.safarimaris.com/" "Mozilla/5.0 (Windows NT 10.0; Win64; x64; rv:108.0) Gecko/20100101 Firefox/108.0"
77.120.187.140 - - [13/Jan/2023:16:35:15 +0100] "GET /js/all.js?v=1633535724 HTTP/1.1" 200 191 "https://admin.safarimaris.com/" "Mozilla/5.0 (Windows NT 10.0; Win64; x64; rv:108.0) Gecko/20100101 Firefox/108.0"
77.120.187.140 - - [13/Jan/2023:16:35:15 +0100] "GET /assets/7a387416/js/adminlte.min.js?v=1631880436 HTTP/1.1" 200 3511 "https://admin.safarimaris.com/" "Mozilla/5.0 (Windows NT 10.0; Win64; x64; rv:108.0) Gecko/20100101 Firefox/108.0"
77.120.187.140 - - [13/Jan/2023:16:35:15 +0100] "GET /assets/7a387416/css/skins/_all-skins.min.css?v=1631880436 HTTP/1.1" 200 3359 "https://admin.safarimaris.com/" "Mozilla/5.0 (Windows NT 10.0; Win64; x64; rv:108.0) Gecko/20100101 Firefox/108.0"
77.120.187.140 - - [13/Jan/2023:16:35:15 +0100] "GET /assets/451acc87/js/bootstrap.js?v=1631880436 HTTP/1.1" 200 14437 "https://admin.safarimaris.com/" "Mozilla/5.0 (Windows NT 10.0; Win64; x64; rv:108.0) Gecko/20100101 Firefox/108.0"
2a01:4f8:120:73eb::2 - - [13/Jan/2023:18:19:48 +0100] "GET /.well-known/acme-challenge/AAY172EZ2JDBW15VXIBR_CHV-2U4_-WJ HTTP/1.1" 200 64 "-" "Cpanel-HTTP-Client/1.0"
2a01:4f8:120:73eb::2 - - [13/Jan/2023:21:19:50 +0100] "GET /.well-known/acme-challenge/CLKJY35ITGVU85VVH6SRE5JQUUF7Y1RA HTTP/1.1" 200 64 "-" "Cpanel-HTTP-Client/1.0"
2a01:4f8:120:73eb::2 - - [14/Jan/2023:00:19:47 +0100] "GET /.well-known/acme-challenge/684ET0GCDN64FXPHEW7CBV4O3K5K15-O HTTP/1.1" 200 64 "-" "Cpanel-HTTP-Client/1.0"
2a01:4f8:120:73eb::2 - - [14/Jan/2023:03:19:54 +0100] "GET /.well-known/acme-challenge/SNFXYUW_FZCUI_VN9B1ZGHMO8MKNX-6U HTTP/1.1" 200 64 "-" "Cpanel-HTTP-Client/1.0"
104.143.83.241 - - [14/Jan/2023:03:49:22 +0100] "GET / HTTP/1.1" 302 0 "http://admin.safarimaris.com/" "Mozilla/5.0 zgrab/0.x"
104.143.83.241 - - [14/Jan/2023:03:49:22 +0100] "GET /site/login HTTP/1.1" 200 1652 "https://admin.safarimaris.com/" "Mozilla/5.0 zgrab/0.x"
46.166.171.186 - - [14/Jan/2023:03:50:24 +0100] "GET /wp-login.php HTTP/1.1" 404 2168 "http://admin.safarimaris.com/wp-login.php" "Mozilla/5.0 (Windows NT 10.0; Win64; x64; rv:96.0) Gecko/20100101 Firefox/96"
2a01:4f8:120:73eb::2 - - [14/Jan/2023:06:19:48 +0100] "GET /.well-known/acme-challenge/5T9THXMYLJA5LE1J6RGVRWUDAAPP76Y3 HTTP/1.1" 200 64 "-" "Cpanel-HTTP-Client/1.0"
3.143.5.89 - - [14/Jan/2023:06:45:18 +0100] "POST / HTTP/1.1" 302 0 "-" "Mozilla/5.0 (X11; Linux x86_64) AppleWebKit/537.36 (KHTML, like Gecko) Chrome/81.0.4044.129 Safari/537.36"
3.143.5.89 - - [14/Jan/2023:06:45:21 +0100] "GET //vendor/phpunit/phpunit/src/Util/PHP/eval-stdin.php HTTP/1.1" 404 2166 "-" "python-requests/2.26.0"
3.143.5.89 - - [14/Jan/2023:06:45:16 +0100] "GET //.env HTTP/1.1" 404 2169 "-" "Mozilla/5.0 (X11; Linux x86_64) AppleWebKit/537.36 (KHTML, like Gecko) Chrome/81.0.4044.129 Safari/537.36"
43.130.151.206 - - [14/Jan/2023:08:12:14 +0100] "GET /admin/controller/extension/extension/ HTTP/1.1" 404 2167 "binance.com" "Mozilla/5.0 (Windows NT 10.0; Win64; x64) AppleWebKit/537.36 (KHTML, like Gecko) Chrome/90.0.4430.85 Safari/537.36"
43.130.151.206 - - [14/Jan/2023:08:12:21 +0100] "GET /uploads/ HTTP/1.1" 404 2169 "binance.com" "Mozilla/5.0 (Windows NT 10.0; Win64; x64) AppleWebKit/537.36 (KHTML, like Gecko) Chrome/90.0.4430.85 Safari/537.36"
43.130.151.206 - - [14/Jan/2023:08:12:27 +0100] "GET /images/ HTTP/1.1" 200 690 "binance.com" "Mozilla/5.0 (Windows NT 10.0; Win64; x64) AppleWebKit/537.36 (KHTML, like Gecko) Chrome/90.0.4430.85 Safari/537.36"
43.130.151.206 - - [14/Jan/2023:08:11:58 +0100] "GET /.well-known/ HTTP/1.1" 200 691 "binance.com" "Mozilla/5.0 (Windows NT 10.0; Win64; x64) AppleWebKit/537.36 (KHTML, like Gecko) Chrome/90.0.4430.85 Safari/537.36"
43.130.151.206 - - [14/Jan/2023:08:12:05 +0100] "GET /sites/default/files/ HTTP/1.1" 404 2169 "binance.com" "Mozilla/5.0 (Windows NT 10.0; Win64; x64) AppleWebKit/537.36 (KHTML, like Gecko) Chrome/90.0.4430.85 Safari/537.36"
43.130.151.206 - - [14/Jan/2023:08:11:52 +0100] "GET /wp-admin/css/ HTTP/1.1" 404 2164 "binance.com" "Mozilla/5.0 (Windows NT 10.0; Win64; x64) AppleWebKit/537.36 (KHTML, like Gecko) Chrome/90.0.4430.85 Safari/537.36"
43.130.151.206 - - [14/Jan/2023:08:12:32 +0100] "GET /files/ HTTP/1.1" 404 2164 "binance.com" "Mozilla/5.0 (Windows NT 10.0; Win64; x64) AppleWebKit/537.36 (KHTML, like Gecko) Chrome/90.0.4430.85 Safari/537.36"
2a01:4f8:120:73eb::2 - - [14/Jan/2023:09:19:47 +0100] "GET /.well-known/acme-challenge/E5MERBG32V96TEKPPB566598PO75KHJ8 HTTP/1.1" 200 64 "-" "Cpanel-HTTP-Client/1.0"
2a01:4f8:120:73eb::2 - - [14/Jan/2023:12:20:01 +0100] "GET /.well-known/acme-challenge/1B7H8K2FTOJCWQOIZ23HQJ72VYLT7OVX HTTP/1.1" 200 64 "-" "Cpanel-HTTP-Client/1.0"
2a01:4f8:120:73eb::2 - - [14/Jan/2023:15:19:48 +0100] "GET /.well-known/acme-challenge/LUFDSPK7NW5CWIA_75TXUAQ8DJDO5HHV HTTP/1.1" 200 64 "-" "Cpanel-HTTP-Client/1.0"
205.210.31.33 - - [14/Jan/2023:17:31:57 +0100] "GET /site/login HTTP/1.1" 200 1648 "-" "Expanse, a Palo Alto Networks company, searches across the global IPv4 space multiple times per day to identify customers&#39; presences on the Internet. If you would like to be excluded from our scans, please send IP addresses/domains to: scaninfo@paloaltonetworks.com"
205.210.31.33 - - [14/Jan/2023:17:31:57 +0100] "GET / HTTP/1.1" 302 0 "-" "Expanse, a Palo Alto Networks company, searches across the global IPv4 space multiple times per day to identify customers&#39; presences on the Internet. If you would like to be excluded from our scans, please send IP addresses/domains to: scaninfo@paloaltonetworks.com"
2a01:4f8:120:73eb::2 - - [14/Jan/2023:18:19:47 +0100] "GET /.well-known/acme-challenge/1-HMUYB_RLSY_UEPYK84NQ7HJ738N8BQ HTTP/1.1" 200 64 "-" "Cpanel-HTTP-Client/1.0"
3.143.5.89 - - [14/Jan/2023:20:40:49 +0100] "GET /_profiler/phpinfo HTTP/1.1" 404 2164 "-" "Mozlila/5.0 (Linux; Android 7.0; SM-G892A Bulid/NRD90M; wv) AppleWebKit/537.36 (KHTML, like Gecko) Version/4.0 Chrome/60.0.3112.107 Mobile Safari/537.36"
3.143.5.89 - - [14/Jan/2023:20:40:49 +0100] "GET /phpinfo.php HTTP/1.1" 404 2167 "-" "Mozlila/5.0 (Linux; Android 7.0; SM-G892A Bulid/NRD90M; wv) AppleWebKit/537.36 (KHTML, like Gecko) Version/4.0 Chrome/60.0.3112.107 Mobile Safari/537.36"
3.143.5.89 - - [14/Jan/2023:20:40:49 +0100] "GET /phpinfo HTTP/1.1" 404 2164 "-" "Mozlila/5.0 (Linux; Android 7.0; SM-G892A Bulid/NRD90M; wv) AppleWebKit/537.36 (KHTML, like Gecko) Version/4.0 Chrome/60.0.3112.107 Mobile Safari/537.36"
3.143.5.89 - - [14/Jan/2023:20:40:51 +0100] "GET /.env HTTP/1.1" 404 2165 "-" "Mozlila/5.0 (Linux; Android 7.0; SM-G892A Bulid/NRD90M; wv) AppleWebKit/537.36 (KHTML, like Gecko) Version/4.0 Chrome/60.0.3112.107 Mobile Safari/537.36"
3.143.5.89 - - [14/Jan/2023:20:40:54 +0100] "GET /laravel/.env HTTP/1.1" 404 2164 "-" "Mozlila/5.0 (Linux; Android 7.0; SM-G892A Bulid/NRD90M; wv) AppleWebKit/537.36 (KHTML, like Gecko) Version/4.0 Chrome/60.0.3112.107 Mobile Safari/537.36"
3.143.5.89 - - [14/Jan/2023:20:41:01 +0100] "GET /.aws/credentials HTTP/1.1" 404 2164 "-" "Mozlila/5.0 (Linux; Android 7.0; SM-G892A Bulid/NRD90M; wv) AppleWebKit/537.36 (KHTML, like Gecko) Version/4.0 Chrome/60.0.3112.107 Mobile Safari/537.36"
3.143.5.89 - - [14/Jan/2023:20:41:02 +0100] "GET / HTTP/1.1" 302 0 "-" "Mozlila/5.0 (Linux; Android 7.0; SM-G892A Bulid/NRD90M; wv) AppleWebKit/537.36 (KHTML, like Gecko) Version/4.0 Chrome/60.0.3112.107 Mobile Safari/537.36"
3.143.5.89 - - [14/Jan/2023:20:41:02 +0100] "GET /site/login HTTP/1.1" 200 1648 "-" "Mozlila/5.0 (Linux; Android 7.0; SM-G892A Bulid/NRD90M; wv) AppleWebKit/537.36 (KHTML, like Gecko) Version/4.0 Chrome/60.0.3112.107 Mobile Safari/537.36"
3.143.5.89 - - [14/Jan/2023:20:41:03 +0100] "GET /config.js HTTP/1.1" 404 2163 "-" "Mozlila/5.0 (Linux; Android 7.0; SM-G892A Bulid/NRD90M; wv) AppleWebKit/537.36 (KHTML, like Gecko) Version/4.0 Chrome/60.0.3112.107 Mobile Safari/537.36"
3.143.5.89 - - [14/Jan/2023:20:40:50 +0100] "GET /aws.yml HTTP/1.1" 404 2168 "-" "Mozlila/5.0 (Linux; Android 7.0; SM-G892A Bulid/NRD90M; wv) AppleWebKit/537.36 (KHTML, like Gecko) Version/4.0 Chrome/60.0.3112.107 Mobile Safari/537.36"
3.143.5.89 - - [14/Jan/2023:20:40:58 +0100] "GET /front/.env HTTP/1.1" 404 2168 "-" "Mozlila/5.0 (Linux; Android 7.0; SM-G892A Bulid/NRD90M; wv) AppleWebKit/537.36 (KHTML, like Gecko) Version/4.0 Chrome/60.0.3112.107 Mobile Safari/537.36"
3.143.5.89 - - [14/Jan/2023:20:40:52 +0100] "GET /.env.bak HTTP/1.1" 404 2166 "-" "Mozlila/5.0 (Linux; Android 7.0; SM-G892A Bulid/NRD90M; wv) AppleWebKit/537.36 (KHTML, like Gecko) Version/4.0 Chrome/60.0.3112.107 Mobile Safari/537.36"
3.143.5.89 - - [14/Jan/2023:20:40:53 +0100] "GET /info.php HTTP/1.1" 404 2169 "-" "Mozlila/5.0 (Linux; Android 7.0; SM-G892A Bulid/NRD90M; wv) AppleWebKit/537.36 (KHTML, like Gecko) Version/4.0 Chrome/60.0.3112.107 Mobile Safari/537.36"
3.143.5.89 - - [14/Jan/2023:20:40:55 +0100] "GET /local/.env HTTP/1.1" 404 2166 "-" "Mozlila/5.0 (Linux; Android 7.0; SM-G892A Bulid/NRD90M; wv) AppleWebKit/537.36 (KHTML, like Gecko) Version/4.0 Chrome/60.0.3112.107 Mobile Safari/537.36"
3.143.5.89 - - [14/Jan/2023:20:40:55 +0100] "GET /public/.env HTTP/1.1" 404 2169 "-" "Mozlila/5.0 (Linux; Android 7.0; SM-G892A Bulid/NRD90M; wv) AppleWebKit/537.36 (KHTML, like Gecko) Version/4.0 Chrome/60.0.3112.107 Mobile Safari/537.36"
3.143.5.89 - - [14/Jan/2023:20:40:56 +0100] "GET /backend/.env HTTP/1.1" 404 2166 "-" "Mozlila/5.0 (Linux; Android 7.0; SM-G892A Bulid/NRD90M; wv) AppleWebKit/537.36 (KHTML, like Gecko) Version/4.0 Chrome/60.0.3112.107 Mobile Safari/537.36"
3.143.5.89 - - [14/Jan/2023:20:40:57 +0100] "GET /storage/.env HTTP/1.1" 404 2167 "-" "Mozlila/5.0 (Linux; Android 7.0; SM-G892A Bulid/NRD90M; wv) AppleWebKit/537.36 (KHTML, like Gecko) Version/4.0 Chrome/60.0.3112.107 Mobile Safari/537.36"
3.143.5.89 - - [14/Jan/2023:20:40:57 +0100] "GET /sessions/.env HTTP/1.1" 404 2165 "-" "Mozlila/5.0 (Linux; Android 7.0; SM-G892A Bulid/NRD90M; wv) AppleWebKit/537.36 (KHTML, like Gecko) Version/4.0 Chrome/60.0.3112.107 Mobile Safari/537.36"
3.143.5.89 - - [14/Jan/2023:20:40:58 +0100] "GET /env/.env HTTP/1.1" 404 2163 "-" "Mozlila/5.0 (Linux; Android 7.0; SM-G892A Bulid/NRD90M; wv) AppleWebKit/537.36 (KHTML, like Gecko) Version/4.0 Chrome/60.0.3112.107 Mobile Safari/537.36"
3.143.5.89 - - [14/Jan/2023:20:40:59 +0100] "GET /laravel/public/.env HTTP/1.1" 404 2164 "-" "Mozlila/5.0 (Linux; Android 7.0; SM-G892A Bulid/NRD90M; wv) AppleWebKit/537.36 (KHTML, like Gecko) Version/4.0 Chrome/60.0.3112.107 Mobile Safari/537.36"
3.143.5.89 - - [14/Jan/2023:20:41:01 +0100] "GET /back/.env HTTP/1.1" 404 2170 "-" "Mozlila/5.0 (Linux; Android 7.0; SM-G892A Bulid/NRD90M; wv) AppleWebKit/537.36 (KHTML, like Gecko) Version/4.0 Chrome/60.0.3112.107 Mobile Safari/537.36"
3.143.5.89 - - [14/Jan/2023:20:41:02 +0100] "GET /config/aws.yml HTTP/1.1" 404 2168 "-" "Mozlila/5.0 (Linux; Android 7.0; SM-G892A Bulid/NRD90M; wv) AppleWebKit/537.36 (KHTML, like Gecko) Version/4.0 Chrome/60.0.3112.107 Mobile Safari/537.36"
3.143.5.89 - - [14/Jan/2023:20:41:03 +0100] "GET / HTTP/1.1" 302 0 "-" "Mozlila/5.0 (Linux; Android 7.0; SM-G892A Bulid/NRD90M; wv) AppleWebKit/537.36 (KHTML, like Gecko) Version/4.0 Chrome/60.0.3112.107 Mobile Safari/537.36"
3.143.5.89 - - [14/Jan/2023:20:41:03 +0100] "GET /site/login HTTP/1.1" 200 1650 "-" "Mozlila/5.0 (Linux; Android 7.0; SM-G892A Bulid/NRD90M; wv) AppleWebKit/537.36 (KHTML, like Gecko) Version/4.0 Chrome/60.0.3112.107 Mobile Safari/537.36"
2a01:4f8:120:73eb::2 - - [14/Jan/2023:21:19:50 +0100] "GET /.well-known/acme-challenge/TVU3LVAT5SWKILE9ANLWNDT-_KMU9I0H HTTP/1.1" 200 64 "-" "Cpanel-HTTP-Client/1.0"
205.210.31.171 - - [14/Jan/2023:21:50:37 +0100] "GET / HTTP/1.1" 302 0 "http://172.67.204.182:80/" "Expanse, a Palo Alto Networks company, searches across the global IPv4 space multiple times per day to identify customers&#39; presences on the Internet. If you would like to be excluded from our scans, please send IP addresses/domains to: scaninfo@paloaltonetworks.com"
205.210.31.171 - - [14/Jan/2023:21:50:37 +0100] "GET /site/login HTTP/1.1" 200 1649 "-" "Expanse, a Palo Alto Networks company, searches across the global IPv4 space multiple times per day to identify customers&#39; presences on the Internet. If you would like to be excluded from our scans, please send IP addresses/domains to: scaninfo@paloaltonetworks.com"
2a01:4f8:120:73eb::2 - - [15/Jan/2023:00:19:46 +0100] "GET /.well-known/acme-challenge/-G8JBYEKZ1QZU9OEUNBEGOYFNKNNIM48 HTTP/1.1" 200 64 "-" "Cpanel-HTTP-Client/1.0"
198.235.24.3 - - [15/Jan/2023:01:43:05 +0100] "GET / HTTP/1.1" 302 0 "-" "Expanse, a Palo Alto Networks company, searches across the global IPv4 space multiple times per day to identify customers&#39; presences on the Internet. If you would like to be excluded from our scans, please send IP addresses/domains to: scaninfo@paloaltonetworks.com"
198.235.24.3 - - [15/Jan/2023:01:43:05 +0100] "GET /site/login HTTP/1.1" 200 1647 "-" "Expanse, a Palo Alto Networks company, searches across the global IPv4 space multiple times per day to identify customers&#39; presences on the Internet. If you would like to be excluded from our scans, please send IP addresses/domains to: scaninfo@paloaltonetworks.com"
2a01:4f8:120:73eb::2 - - [15/Jan/2023:03:19:45 +0100] "GET /.well-known/acme-challenge/88MSM46X5RQK0526A0FMU2RNYIVP1NOJ HTTP/1.1" 200 64 "-" "Cpanel-HTTP-Client/1.0"
104.143.83.241 - - [15/Jan/2023:03:54:02 +0100] "GET / HTTP/1.1" 302 0 "http://admin.safarimaris.com/" "Mozilla/5.0 zgrab/0.x"
104.143.83.241 - - [15/Jan/2023:03:54:02 +0100] "GET /site/login HTTP/1.1" 200 1648 "https://admin.safarimaris.com/" "Mozilla/5.0 zgrab/0.x"
2a01:4f8:120:73eb::2 - - [15/Jan/2023:06:19:46 +0100] "GET /.well-known/acme-challenge/7Y9_RK0O6FHCB_D2KVQFJ3ZN8ZN8WE8D HTTP/1.1" 200 64 "-" "Cpanel-HTTP-Client/1.0"
205.210.31.49 - - [15/Jan/2023:06:55:35 +0100] "GET / HTTP/1.1" 302 0 "http://104.21.50.100:80/" "Expanse, a Palo Alto Networks company, searches across the global IPv4 space multiple times per day to identify customers&#39; presences on the Internet. If you would like to be excluded from our scans, please send IP addresses/domains to: scaninfo@paloaltonetworks.com"
205.210.31.49 - - [15/Jan/2023:06:55:35 +0100] "GET /site/login HTTP/1.1" 200 1647 "-" "Expanse, a Palo Alto Networks company, searches across the global IPv4 space multiple times per day to identify customers&#39; presences on the Internet. If you would like to be excluded from our scans, please send IP addresses/domains to: scaninfo@paloaltonetworks.com"
43.130.151.32 - - [15/Jan/2023:08:14:57 +0100] "GET /wp-content/plugins/seoplugins/mar.php HTTP/1.1" 404 2166 "www.google.com" "Mozlila/5.0 (Linux; Android 7.0; SM-G892A Bulid/NRD90M; wv) AppleWebKit/537.36 (KHTML, like Gecko) Version/4.0 Chrome/60.0.3112.107 Moblie Safari/537.36"
43.130.151.32 - - [15/Jan/2023:08:15:17 +0100] "GET /wp-content/themes/seotheme/mar.php HTTP/1.1" 404 2164 "www.google.com" "Mozlila/5.0 (Linux; Android 7.0; SM-G892A Bulid/NRD90M; wv) AppleWebKit/537.36 (KHTML, like Gecko) Version/4.0 Chrome/60.0.3112.107 Moblie Safari/537.36"
43.130.151.32 - - [15/Jan/2023:08:14:57 +0100] "GET /wp-content/plugins/seoplugins/mar.php HTTP/1.1" 404 2164 "www.google.com" "Mozlila/5.0 (Linux; Android 7.0; SM-G892A Bulid/NRD90M; wv) AppleWebKit/537.36 (KHTML, like Gecko) Version/4.0 Chrome/60.0.3112.107 Moblie Safari/537.36"
43.130.151.32 - - [15/Jan/2023:08:15:13 +0100] "GET /wp-content/themes/seotheme/mar.php HTTP/1.1" 404 2167 "www.google.com" "Mozlila/5.0 (Linux; Android 7.0; SM-G892A Bulid/NRD90M; wv) AppleWebKit/537.36 (KHTML, like Gecko) Version/4.0 Chrome/60.0.3112.107 Moblie Safari/537.36"
2a01:4f8:120:73eb::2 - - [15/Jan/2023:09:19:47 +0100] "GET /.well-known/acme-challenge/QW0HKRBYG26Z0W8070YG878OL3MO7KDR HTTP/1.1" 200 64 "-" "Cpanel-HTTP-Client/1.0"
2a01:4f8:120:73eb::2 - - [15/Jan/2023:12:19:48 +0100] "GET /.well-known/acme-challenge/E8B5A41W8U73UO2VG84RYYSPIWPL_Z8J HTTP/1.1" 200 64 "-" "Cpanel-HTTP-Client/1.0"
2a01:4f8:120:73eb::2 - - [15/Jan/2023:15:19:47 +0100] "GET /.well-known/acme-challenge/FM-D0UU26WV7MFETT9DL75EEPYRQWK_1 HTTP/1.1" 200 64 "-" "Cpanel-HTTP-Client/1.0"
2a01:4f8:120:73eb::2 - - [15/Jan/2023:18:19:51 +0100] "GET /.well-known/acme-challenge/61N3TBGPDFV2_P_15C3A8DI6X0_TPC4Y HTTP/1.1" 200 64 "-" "Cpanel-HTTP-Client/1.0"
2a01:4f8:120:73eb::2 - - [15/Jan/2023:21:19:48 +0100] "GET /.well-known/acme-challenge/YK3YNV0SL775CCQD_IYZK-C__HWISJUO HTTP/1.1" 200 64 "-" "Cpanel-HTTP-Client/1.0"
2406:da18:ef2:900:12ca:ceda:b588:1387 - - [15/Jan/2023:21:20:53 +0100] "GET //wp-content/themes/seotheme/db.php?u HTTP/1.1" 404 2169 "http://admin.safarimaris.com//wp-content/themes/seotheme/db.php?u" "Go-http-client/2.0"
13.40.29.185 - - [15/Jan/2023:22:54:30 +0100] "GET /.git/config HTTP/1.1" 403 1229 "-" "Mozilla/5.0 (Linux; Android 9; SM-J701F) AppleWebKit/537.36 (KHTML, like Gecko) Chrome/76.0.3809.111 Mobile Safari/537.36"
2a01:4f8:120:73eb::2 - - [16/Jan/2023:00:19:44 +0100] "GET /.well-known/acme-challenge/ER7L67LUVQYSB7YZ940_6IQJMQNMYW1J HTTP/1.1" 200 64 "-" "Cpanel-HTTP-Client/1.0"
2a01:4f8:120:73eb::2 - - [16/Jan/2023:03:19:47 +0100] "GET /.well-known/acme-challenge/37SBVD0-6BRO6F7WCE-S5EGRAM7DWW4D HTTP/1.1" 200 64 "-" "Cpanel-HTTP-Client/1.0"
104.143.83.241 - - [16/Jan/2023:04:27:19 +0100] "GET / HTTP/1.1" 302 0 "http://admin.safarimaris.com/" "Mozilla/5.0 zgrab/0.x"
104.143.83.241 - - [16/Jan/2023:04:27:19 +0100] "GET /site/login HTTP/1.1" 200 1648 "https://admin.safarimaris.com/" "Mozilla/5.0 zgrab/0.x"
2a01:4f8:120:73eb::2 - - [16/Jan/2023:06:19:49 +0100] "GET /.well-known/acme-challenge/9LJ2Z16XYQ7DOYSVUXZ0JFB1SR4-_QG7 HTTP/1.1" 200 64 "-" "Cpanel-HTTP-Client/1.0"
51.195.195.183 - - [16/Jan/2023:06:39:55 +0100] "GET / HTTP/1.1" 302 0 "-" "Mozilla/5.0 (Windows NT 10.0; Win64; x64) AppleWebKit/537.36 (KHTML, like Gecko) Chrome/99.0.4844.82 Safari/537.36"
2a01:4f8:120:73eb::2 - - [16/Jan/2023:09:19:50 +0100] "GET /.well-known/acme-challenge/764XLUC4YA8KCIML7M87JRL_O4F8SQRV HTTP/1.1" 200 64 "-" "Cpanel-HTTP-Client/1.0"
2a01:4f8:120:73eb::2 - - [16/Jan/2023:12:19:47 +0100] "GET /.well-known/acme-challenge/5OI2TGT8K33L5RGQ9D2FJ4UFTTUCGYDE HTTP/1.1" 200 64 "-" "Cpanel-HTTP-Client/1.0"
2a01:4f8:120:73eb::2 - - [16/Jan/2023:15:20:14 +0100] "GET /.well-known/acme-challenge/_TOU389P0S2_3PG7QGY6HAQCE_-4CBXA HTTP/1.1" 200 64 "-" "Cpanel-HTTP-Client/1.0"
2a01:4f8:120:73eb::2 - - [16/Jan/2023:18:19:45 +0100] "GET /.well-known/acme-challenge/2TK6P8WJE5DFKCI81M45PTI03NP83S-U HTTP/1.1" 200 64 "-" "Cpanel-HTTP-Client/1.0"
2a01:4f8:120:73eb::2 - - [16/Jan/2023:21:19:45 +0100] "GET /.well-known/acme-challenge/W44EL4IQ5EYEA61E2MH3T35LAJ3ZS2_C HTTP/1.1" 200 64 "-" "Cpanel-HTTP-Client/1.0"
147.78.47.249 - - [17/Jan/2023:00:22:55 +0100] "GET /wp-includes/wlwmanifest.xml HTTP/1.1" 404 2169 "http://admin.safarimaris.com/wp-includes/wlwmanifest.xml" "Mozilla/5.0 (Windows NT 10.0; Win64; x64) AppleWebKit/537.36 (KHTML, like Gecko) Chrome/105.0.0.0 Safari/537.36"
2a01:4f8:120:73eb::2 - - [17/Jan/2023:00:19:45 +0100] "GET /.well-known/acme-challenge/1XMMKR_SVWRO4OPLPBOK8U33AHU51LGQ HTTP/1.1" 200 64 "-" "Cpanel-HTTP-Client/1.0"
147.78.47.249 - - [17/Jan/2023:00:22:51 +0100] "GET /_ignition/health-check/ HTTP/1.1" 404 2167 "http://admin.safarimaris.com/_ignition/health-check/" "Mozilla/5.0 (Windows NT 10.0; Win64; x64) AppleWebKit/537.36 (KHTML, like Gecko) Chrome/105.0.0.0 Safari/537.36"
147.78.47.249 - - [17/Jan/2023:00:22:53 +0100] "GET /public/_ignition/health-check/ HTTP/1.1" 404 2163 "http://admin.safarimaris.com/public/_ignition/health-check/" "Mozilla/5.0 (Windows NT 10.0; Win64; x64) AppleWebKit/537.36 (KHTML, like Gecko) Chrome/105.0.0.0 Safari/537.36"
188.166.237.151 - - [17/Jan/2023:02:00:26 +0100] "GET //wp-includes/ID3/license.txt HTTP/1.1" 404 2168 "-" "Mozilla/5.0 (Windows NT 10.0; Win64; x64) AppleWebKit/537.36 (KHTML, like Gecko) Chrome/95.0.4638.69 Safari/537.36"
188.166.237.151 - - [17/Jan/2023:02:00:26 +0100] "GET //feed/ HTTP/1.1" 404 2164 "-" "Mozilla/5.0 (Windows NT 10.0; Win64; x64) AppleWebKit/537.36 (KHTML, like Gecko) Chrome/95.0.4638.69 Safari/537.36"
188.166.237.151 - - [17/Jan/2023:02:00:27 +0100] "GET //xmlrpc.php?rsd HTTP/1.1" 404 2166 "-" "Mozilla/5.0 (Windows NT 10.0; Win64; x64) AppleWebKit/537.36 (KHTML, like Gecko) Chrome/95.0.4638.69 Safari/537.36"
188.166.237.151 - - [17/Jan/2023:02:00:27 +0100] "GET //blog/wp-includes/wlwmanifest.xml HTTP/1.1" 404 2166 "-" "Mozilla/5.0 (Windows NT 10.0; Win64; x64) AppleWebKit/537.36 (KHTML, like Gecko) Chrome/95.0.4638.69 Safari/537.36"
188.166.237.151 - - [17/Jan/2023:02:00:27 +0100] "GET //web/wp-includes/wlwmanifest.xml HTTP/1.1" 404 2167 "-" "Mozilla/5.0 (Windows NT 10.0; Win64; x64) AppleWebKit/537.36 (KHTML, like Gecko) Chrome/95.0.4638.69 Safari/537.36"
188.166.237.151 - - [17/Jan/2023:02:00:27 +0100] "GET //wordpress/wp-includes/wlwmanifest.xml HTTP/1.1" 404 2169 "-" "Mozilla/5.0 (Windows NT 10.0; Win64; x64) AppleWebKit/537.36 (KHTML, like Gecko) Chrome/95.0.4638.69 Safari/537.36"
188.166.237.151 - - [17/Jan/2023:02:00:27 +0100] "GET //wp/wp-includes/wlwmanifest.xml HTTP/1.1" 404 2170 "-" "Mozilla/5.0 (Windows NT 10.0; Win64; x64) AppleWebKit/537.36 (KHTML, like Gecko) Chrome/95.0.4638.69 Safari/537.36"
188.166.237.151 - - [17/Jan/2023:02:00:28 +0100] "GET //2020/wp-includes/wlwmanifest.xml HTTP/1.1" 404 2165 "-" "Mozilla/5.0 (Windows NT 10.0; Win64; x64) AppleWebKit/537.36 (KHTML, like Gecko) Chrome/95.0.4638.69 Safari/537.36"
188.166.237.151 - - [17/Jan/2023:02:00:28 +0100] "GET //2019/wp-includes/wlwmanifest.xml HTTP/1.1" 404 2170 "-" "Mozilla/5.0 (Windows NT 10.0; Win64; x64) AppleWebKit/537.36 (KHTML, like Gecko) Chrome/95.0.4638.69 Safari/537.36"
188.166.237.151 - - [17/Jan/2023:02:00:28 +0100] "GET //2021/wp-includes/wlwmanifest.xml HTTP/1.1" 404 2165 "-" "Mozilla/5.0 (Windows NT 10.0; Win64; x64) AppleWebKit/537.36 (KHTML, like Gecko) Chrome/95.0.4638.69 Safari/537.36"
188.166.237.151 - - [17/Jan/2023:02:00:28 +0100] "GET //shop/wp-includes/wlwmanifest.xml HTTP/1.1" 404 2164 "-" "Mozilla/5.0 (Windows NT 10.0; Win64; x64) AppleWebKit/537.36 (KHTML, like Gecko) Chrome/95.0.4638.69 Safari/537.36"
188.166.237.151 - - [17/Jan/2023:02:00:28 +0100] "GET //wp1/wp-includes/wlwmanifest.xml HTTP/1.1" 404 2167 "-" "Mozilla/5.0 (Windows NT 10.0; Win64; x64) AppleWebKit/537.36 (KHTML, like Gecko) Chrome/95.0.4638.69 Safari/537.36"
188.166.237.151 - - [17/Jan/2023:02:00:29 +0100] "GET //test/wp-includes/wlwmanifest.xml HTTP/1.1" 404 2165 "-" "Mozilla/5.0 (Windows NT 10.0; Win64; x64) AppleWebKit/537.36 (KHTML, like Gecko) Chrome/95.0.4638.69 Safari/537.36"
188.166.237.151 - - [17/Jan/2023:02:00:29 +0100] "GET //site/wp-includes/wlwmanifest.xml HTTP/1.1" 404 2162 "-" "Mozilla/5.0 (Windows NT 10.0; Win64; x64) AppleWebKit/537.36 (KHTML, like Gecko) Chrome/95.0.4638.69 Safari/537.36"
188.166.237.151 - - [17/Jan/2023:02:00:29 +0100] "GET //cms/wp-includes/wlwmanifest.xml HTTP/1.1" 404 2167 "-" "Mozilla/5.0 (Windows NT 10.0; Win64; x64) AppleWebKit/537.36 (KHTML, like Gecko) Chrome/95.0.4638.69 Safari/537.36"
198.235.24.179 - - [17/Jan/2023:02:01:17 +0100] "GET / HTTP/1.1" 302 0 "-" "Expanse, a Palo Alto Networks company, searches across the global IPv4 space multiple times per day to identify customers&#39; presences on the Internet. If you would like to be excluded from our scans, please send IP addresses/domains to: scaninfo@paloaltonetworks.com"
2a01:4f8:120:73eb::2 - - [17/Jan/2023:03:19:47 +0100] "GET /.well-known/acme-challenge/BDO4ODQASYKQK2ZKHDMEVWWC7FVW-KUY HTTP/1.1" 200 64 "-" "Cpanel-HTTP-Client/1.0"
104.143.83.241 - - [17/Jan/2023:03:50:38 +0100] "GET / HTTP/1.1" 302 0 "http://admin.safarimaris.com/" "Mozilla/5.0 zgrab/0.x"
104.143.83.241 - - [17/Jan/2023:03:50:38 +0100] "GET /site/login HTTP/1.1" 200 1648 "https://admin.safarimaris.com/" "Mozilla/5.0 zgrab/0.x"
2a01:4f8:120:73eb::2 - - [17/Jan/2023:06:19:46 +0100] "GET /.well-known/acme-challenge/88QASASJVRQHW_AV9T9-G9IGIFFI4T8K HTTP/1.1" 200 64 "-" "Cpanel-HTTP-Client/1.0"
2a01:4f8:120:73eb::2 - - [17/Jan/2023:09:19:46 +0100] "GET /.well-known/acme-challenge/VCF7W6_ECWX7JQCZSM44LL21PTKPTSEA HTTP/1.1" 200 64 "-" "Cpanel-HTTP-Client/1.0"
43.130.154.84 - - [17/Jan/2023:09:21:30 +0100] "GET /wp-admin/css/ HTTP/1.1" 404 2171 "binance.com" "Mozilla/5.0 (Windows NT 10.0; Win64; x64) AppleWebKit/537.36 (KHTML, like Gecko) Chrome/90.0.4430.85 Safari/537.36"
43.130.154.84 - - [17/Jan/2023:09:21:44 +0100] "GET /.well-known/ HTTP/1.1" 200 690 "binance.com" "Mozilla/5.0 (Windows NT 10.0; Win64; x64) AppleWebKit/537.36 (KHTML, like Gecko) Chrome/90.0.4430.85 Safari/537.36"
43.130.154.84 - - [17/Jan/2023:09:21:52 +0100] "GET /sites/default/files/ HTTP/1.1" 404 2169 "binance.com" "Mozilla/5.0 (Windows NT 10.0; Win64; x64) AppleWebKit/537.36 (KHTML, like Gecko) Chrome/90.0.4430.85 Safari/537.36"
43.130.154.84 - - [17/Jan/2023:09:21:58 +0100] "GET /admin/controller/extension/extension/ HTTP/1.1" 404 2166 "binance.com" "Mozilla/5.0 (Windows NT 10.0; Win64; x64) AppleWebKit/537.36 (KHTML, like Gecko) Chrome/90.0.4430.85 Safari/537.36"
43.130.154.84 - - [17/Jan/2023:09:22:09 +0100] "GET /uploads/ HTTP/1.1" 404 2165 "binance.com" "Mozilla/5.0 (Windows NT 10.0; Win64; x64) AppleWebKit/537.36 (KHTML, like Gecko) Chrome/90.0.4430.85 Safari/537.36"
43.130.154.84 - - [17/Jan/2023:09:22:15 +0100] "GET /images/ HTTP/1.1" 200 690 "binance.com" "Mozilla/5.0 (Windows NT 10.0; Win64; x64) AppleWebKit/537.36 (KHTML, like Gecko) Chrome/90.0.4430.85 Safari/537.36"
43.130.154.84 - - [17/Jan/2023:09:22:20 +0100] "GET /files/ HTTP/1.1" 404 2164 "binance.com" "Mozilla/5.0 (Windows NT 10.0; Win64; x64) AppleWebKit/537.36 (KHTML, like Gecko) Chrome/90.0.4430.85 Safari/537.36"
2a01:4f8:120:73eb::2 - - [17/Jan/2023:12:19:48 +0100] "GET /.well-known/acme-challenge/CKKIMYAR8AILM8MU_9NS7K5PIBWPAP1W HTTP/1.1" 200 64 "-" "Cpanel-HTTP-Client/1.0"
2a01:4f8:120:73eb::2 - - [17/Jan/2023:15:19:49 +0100] "GET /.well-known/acme-challenge/XGF3LH427ZB_0RXYIFSJ923B19YC1KOB HTTP/1.1" 200 64 "-" "Cpanel-HTTP-Client/1.0"
2a01:4f8:120:73eb::2 - - [17/Jan/2023:18:19:48 +0100] "GET /.well-known/acme-challenge/73P4355Y0WDA_T-P_ABG8F-UGZ_PQZW7 HTTP/1.1" 200 64 "-" "Cpanel-HTTP-Client/1.0"
212.192.24.22 - - [17/Jan/2023:20:21:51 +0100] "GET /wp-login.php HTTP/1.1" 404 2163 "http://admin.safarimaris.com/wp-login.php" "Mozilla/5.0 (Windows NT 10.0; Win64; x64; rv:96.0) Gecko/20100101 Firefox/96"
2a01:4f8:120:73eb::2 - - [17/Jan/2023:21:19:50 +0100] "GET /.well-known/acme-challenge/VM803KOO01L1OMZ45VKGDA3JQMOQX2TX HTTP/1.1" 200 64 "-" "Cpanel-HTTP-Client/1.0"
2a01:4f8:120:73eb::2 - - [18/Jan/2023:00:19:48 +0100] "GET /.well-known/acme-challenge/KLS-QAUUX8OXBU4XP9LORNRDPZGJ7CA0 HTTP/1.1" 200 64 "-" "Cpanel-HTTP-Client/1.0"
2a01:4f8:120:73eb::2 - - [18/Jan/2023:03:19:53 +0100] "GET /.well-known/acme-challenge/6R1VAGCJ-T73OEA4C-HGNOSV0EH9_LY1 HTTP/1.1" 200 64 "-" "Cpanel-HTTP-Client/1.0"
205.210.31.170 - - [18/Jan/2023:03:31:41 +0100] "GET / HTTP/1.1" 302 0 "-" "Expanse, a Palo Alto Networks company, searches across the global IPv4 space multiple times per day to identify customers&#39; presences on the Internet. If you would like to be excluded from our scans, please send IP addresses/domains to: scaninfo@paloaltonetworks.com"
104.143.83.241 - - [18/Jan/2023:04:18:16 +0100] "GET / HTTP/1.1" 302 0 "http://admin.safarimaris.com/" "Mozilla/5.0 zgrab/0.x"
104.143.83.241 - - [18/Jan/2023:04:18:16 +0100] "GET /site/login HTTP/1.1" 200 1654 "https://admin.safarimaris.com/" "Mozilla/5.0 zgrab/0.x"
2a01:4f8:120:73eb::2 - - [18/Jan/2023:06:19:50 +0100] "GET /.well-known/acme-challenge/O86OLOML21KASJDJ8-2_3JO1KYSRM2P1 HTTP/1.1" 200 64 "-" "Cpanel-HTTP-Client/1.0"
2a01:4f8:120:73eb::2 - - [18/Jan/2023:09:19:49 +0100] "GET /.well-known/acme-challenge/7O__7WJ3QF3HZXN1B5U09XQ7WFP0GCRM HTTP/1.1" 200 64 "-" "Cpanel-HTTP-Client/1.0"
2607:f130:0:d9:f485:ce36:b678:20cc - - [18/Jan/2023:11:45:38 +0100] "GET /.env HTTP/1.1" 404 2162 "-" "python-requests/2.28.1"
2607:f130:0:d9:f485:ce36:b678:20cc - - [18/Jan/2023:11:45:44 +0100] "POST / HTTP/1.1" 302 0 "-" "python-requests/2.28.1"
2a01:4f8:120:73eb::2 - - [18/Jan/2023:12:19:47 +0100] "GET /.well-known/acme-challenge/5D9JTW5M-PY-P6XY9Q-VQ8O9QDELLET_ HTTP/1.1" 200 64 "-" "Cpanel-HTTP-Client/1.0"
2a01:4f8:120:73eb::2 - - [18/Jan/2023:15:19:49 +0100] "GET /.well-known/acme-challenge/0QVTD3PBWS7IP-63JEC9NO8TW7EJW6XB HTTP/1.1" 200 64 "-" "Cpanel-HTTP-Client/1.0"
2607:f130:0:d9:f485:ce36:b678:20cc - - [18/Jan/2023:18:09:10 +0100] "GET /.env HTTP/1.1" 404 2164 "-" "python-requests/2.28.1"
2a01:4f8:120:73eb::2 - - [18/Jan/2023:18:19:48 +0100] "GET /.well-known/acme-challenge/37FSNB0GJ9DD1RRXPJFDAU6M_P_1AR5N HTTP/1.1" 200 64 "-" "Cpanel-HTTP-Client/1.0"
104.207.254.7 - - [18/Jan/2023:19:14:21 +0100] "GET /style.php?sig=rename HTTP/1.1" 404 2169 "-" "Mozilla/5.0 (Linux; Android 9; Redmi Note 7) AppleWebKit/537.36 (KHTML, like Gecko) Chrome/84.0.4147.111 Mobile Safari/537.36"
104.207.254.7 - - [18/Jan/2023:19:14:21 +0100] "GET /wp-admin/style.php?sig=rename HTTP/1.1" 404 2167 "-" "Mozilla/5.0 (Macintosh; Intel Mac OS X 11.1; rv:84.0) Gecko/20100101 Firefox/84.0"
128.199.80.18 - - [18/Jan/2023:20:30:41 +0100] "GET /wp-login.php HTTP/1.1" 404 2165 "http://admin.safarimaris.com/wp-login.php" "Mozilla/5.0 (Windows NT 10.0; Win64; x64; rv:96.0) Gecko/20100101 Firefox/96"
2a01:4f8:120:73eb::2 - - [18/Jan/2023:21:19:50 +0100] "GET /.well-known/acme-challenge/2ML1INPJA1N06OHS71W7RWWHZP39DBP0 HTTP/1.1" 200 64 "-" "Cpanel-HTTP-Client/1.0"
2a01:4f8:120:73eb::2 - - [19/Jan/2023:00:19:49 +0100] "GET /.well-known/acme-challenge/_TDFZN5THY4FE2GWD5K9U6EQFEYGGF-O HTTP/1.1" 200 64 "-" "Cpanel-HTTP-Client/1.0"
2a01:4f8:120:73eb::2 - - [19/Jan/2023:03:19:46 +0100] "GET /.well-known/acme-challenge/346JKQXW0Z4O_JAWCIGY2KLTOK1KACOS HTTP/1.1" 200 64 "-" "Cpanel-HTTP-Client/1.0"
104.143.83.241 - - [19/Jan/2023:03:55:38 +0100] "GET / HTTP/1.1" 302 0 "http://admin.safarimaris.com/" "Mozilla/5.0 zgrab/0.x"
104.143.83.241 - - [19/Jan/2023:03:55:38 +0100] "GET /site/login HTTP/1.1" 200 1649 "https://admin.safarimaris.com/" "Mozilla/5.0 zgrab/0.x"
2a01:4f8:120:73eb::2 - - [19/Jan/2023:06:19:49 +0100] "GET /.well-known/acme-challenge/SVXISYE9DELCVH9B4OX4SH3VL1QCAT_N HTTP/1.1" 200 64 "-" "Cpanel-HTTP-Client/1.0"
104.243.33.125 - - [19/Jan/2023:09:21:07 +0100] "GET /wp-content/themes/seotheme/db.php?u HTTP/1.1" 404 2171 "www.google.com" "Mozlila/5.0 (Linux; Android 7.0; SM-G892A Bulid/NRD90M; wv) AppleWebKit/537.36 (KHTML, like Gecko) Version/4.0 Chrome/60.0.3112.107 Moblie Safari/537.36"
104.243.33.125 - - [19/Jan/2023:09:21:08 +0100] "GET /wp-content/themes/seotheme/db.php?u HTTP/1.1" 404 2166 "www.google.com" "Mozlila/5.0 (Linux; Android 7.0; SM-G892A Bulid/NRD90M; wv) AppleWebKit/537.36 (KHTML, like Gecko) Version/4.0 Chrome/60.0.3112.107 Moblie Safari/537.36"
2a01:4f8:120:73eb::2 - - [19/Jan/2023:09:19:51 +0100] "GET /.well-known/acme-challenge/KQCMHWNOBCUFJU8HDEP8H0H7LB0SPH8H HTTP/1.1" 200 64 "-" "Cpanel-HTTP-Client/1.0"
104.243.33.125 - - [19/Jan/2023:09:21:08 +0100] "POST /wp-plain.php HTTP/1.1" 404 2167 "www.google.com" "Mozilla/5.0 (Linux; Android 7.0; SM-G892A Bulid/NRD90M; wv) AppleWebKit/537.36 (KHTML, like Gecko) Version/4.0 Chrome/60.0.3112.107 Moblie Safari/537.36"
104.243.33.125 - - [19/Jan/2023:09:21:08 +0100] "GET /diimvixd.php?Fox=d3wL7 HTTP/1.1" 404 2165 "www.google.com" "Mozilla/5.0 (Linux; Android 7.0; SM-G892A Bulid/NRD90M; wv) AppleWebKit/537.36 (KHTML, like Gecko) Version/4.0 Chrome/60.0.3112.107 Moblie Safari/537.36"
104.243.33.125 - - [19/Jan/2023:09:21:07 +0100] "GET / HTTP/1.1" 302 0 "-" "Mozlila/5.0 (Linux; Android 7.0; SM-G892A Bulid/NRD90M; wv) AppleWebKit/537.36 (KHTML, like Gecko) Version/4.0 Chrome/60.0.3112.107 Moblie Safari/537.36"
104.243.33.125 - - [19/Jan/2023:09:21:07 +0100] "POST /ALFA_DATA/alfacgiapi/perl.alfa HTTP/1.1" 404 2162 "www.google.com" "Mozlila/5.0 (Linux; Android 7.0; SM-G892A Bulid/NRD90M; wv) AppleWebKit/537.36 (KHTML, like Gecko) Version/4.0 Chrome/60.0.3112.107 Moblie Safari/537.36"
104.243.33.125 - - [19/Jan/2023:09:21:08 +0100] "GET /site/login HTTP/1.1" 200 1646 "-" "Mozlila/5.0 (Linux; Android 7.0; SM-G892A Bulid/NRD90M; wv) AppleWebKit/537.36 (KHTML, like Gecko) Version/4.0 Chrome/60.0.3112.107 Moblie Safari/537.36"
104.243.33.125 - - [19/Jan/2023:09:21:08 +0100] "POST /alfacgiapi/perl.alfa HTTP/1.1" 404 2166 "www.google.com" "Mozlila/5.0 (Linux; Android 7.0; SM-G892A Bulid/NRD90M; wv) AppleWebKit/537.36 (KHTML, like Gecko) Version/4.0 Chrome/60.0.3112.107 Moblie Safari/537.36"
2a01:4f8:120:73eb::2 - - [19/Jan/2023:12:19:52 +0100] "GET /.well-known/acme-challenge/RA1DA452E-X90ON4U2ON-WD5O6Y5ZUW1 HTTP/1.1" 200 64 "-" "Cpanel-HTTP-Client/1.0"
87.236.176.217 - - [19/Jan/2023:14:44:13 +0100] "GET /site/login HTTP/1.1" 200 1649 "https://admin.safarimaris.com/" "Mozilla/5.0 (compatible; InternetMeasurement/1.0; +https://internet-measurement.com/)"
3.125.3.108 - - [19/Jan/2023:14:43:16 +0100] "GET / HTTP/1.1" 302 0 "-" "webprosbot/2.0 (+mailto:abuse-6337@webpros.com)"
2a06:4880:3000::20 - - [19/Jan/2023:14:44:14 +0100] "GET /favicon.ico HTTP/1.1" 200 318 "-" "Mozilla/5.0 (Windows NT 10.0; Win64; x64) AppleWebKit/537.36 (KHTML, like Gecko) Chrome/95.0.4638.69 Safari/537.36"
3.125.3.108 - - [19/Jan/2023:14:42:57 +0100] "GET /robots.txt HTTP/1.1" 200 54 "-" "webprosbot/2.0 (+mailto:abuse-6337@webpros.com)"
87.236.176.217 - - [19/Jan/2023:14:44:13 +0100] "GET / HTTP/1.1" 302 0 "http://admin.safarimaris.com:8880" "Mozilla/5.0 (compatible; InternetMeasurement/1.0; +https://internet-measurement.com/)"
2a01:4f8:120:73eb::2 - - [19/Jan/2023:15:19:49 +0100] "GET /.well-known/acme-challenge/EOG1NKXSHQ62ENL_JAVEBJHWES_LLFO_ HTTP/1.1" 200 64 "-" "Cpanel-HTTP-Client/1.0"
185.150.191.61 - - [19/Jan/2023:15:12:28 +0100] "GET /wp-content/themes/seotheme/db.php?u HTTP/1.1" 404 2167 "www.google.com" "Mozlila/5.0 (Linux; Android 7.0; SM-G892A Bulid/NRD90M; wv) AppleWebKit/537.36 (KHTML, like Gecko) Version/4.0 Chrome/60.0.3112.107 Moblie Safari/537.36"
185.150.191.61 - - [19/Jan/2023:15:12:26 +0100] "POST /wp-plain.php HTTP/1.1" 404 2169 "www.google.com" "Mozilla/5.0 (Linux; Android 7.0; SM-G892A Bulid/NRD90M; wv) AppleWebKit/537.36 (KHTML, like Gecko) Version/4.0 Chrome/60.0.3112.107 Moblie Safari/537.36"
185.150.191.61 - - [19/Jan/2023:15:12:26 +0100] "GET /nzydviws.php?Fox=d3wL7 HTTP/1.1" 404 2168 "www.google.com" "Mozilla/5.0 (Linux; Android 7.0; SM-G892A Bulid/NRD90M; wv) AppleWebKit/537.36 (KHTML, like Gecko) Version/4.0 Chrome/60.0.3112.107 Moblie Safari/537.36"
185.15.121.98 - - [19/Jan/2023:16:42:18 +0100] "GET /wp-commentin.php HTTP/1.1" 404 2168 "-" "Mozilla/5.0 (iPhone; CPU iPhone OS 14_6 like Mac OS X) AppleWebKit/605.1.15 (KHTML, like Gecko) CriOS/91.0.4472.80 Mobile/15E148 Safari/604.1"
185.15.121.98 - - [19/Jan/2023:16:42:18 +0100] "GET /wp-cc.php HTTP/1.1" 404 2166 "-" "Mozilla/5.0 (Windows NT 10.0; Win64; x64) AppleWebKit/537.36 (KHTML, like Gecko) Chrome/86.0.4240.75 Safari/537.36"
2a01:4f8:120:73eb::2 - - [19/Jan/2023:18:19:49 +0100] "GET /.well-known/acme-challenge/MVJ_FKAGU8GXNJV5I051ADVJW4D8-7SX HTTP/1.1" 200 64 "-" "Cpanel-HTTP-Client/1.0"
2a01:4f8:120:73eb::2 - - [19/Jan/2023:21:19:47 +0100] "GET /.well-known/acme-challenge/A01HICPSYL3GCTLX9YAZNFPV8FM4IMWQ HTTP/1.1" 200 64 "-" "Cpanel-HTTP-Client/1.0"
103.129.178.69 - - [19/Jan/2023:22:28:07 +0100] "GET /wp-login.php HTTP/1.1" 404 2167 "http://admin.safarimaris.com/wp-login.php" "Mozilla/5.0 (Windows NT 10.0; Win64; x64; rv:96.0) Gecko/20100101 Firefox/96"
2a01:4f8:120:73eb::2 - - [20/Jan/2023:00:19:49 +0100] "GET /.well-known/acme-challenge/ADQSWQ9MSME8EG12X3YZS_66OMUTF5NF HTTP/1.1" 200 64 "-" "Cpanel-HTTP-Client/1.0"
2a01:4f8:120:73eb::2 - - [20/Jan/2023:03:19:49 +0100] "GET /.well-known/acme-challenge/VOCMIC8N8_-YZH6B4EDQSNMFLX9LS7_L HTTP/1.1" 200 64 "-" "Cpanel-HTTP-Client/1.0"
104.143.83.241 - - [20/Jan/2023:03:49:33 +0100] "GET / HTTP/1.1" 302 0 "http://admin.safarimaris.com/" "Mozilla/5.0 zgrab/0.x"
104.143.83.241 - - [20/Jan/2023:03:49:33 +0100] "GET /site/login HTTP/1.1" 200 1645 "https://admin.safarimaris.com/" "Mozilla/5.0 zgrab/0.x"
2a01:4f8:120:73eb::2 - - [20/Jan/2023:06:19:47 +0100] "GET /.well-known/acme-challenge/4C77DZJ45OLPZS0IOIJ274PWI9523VS3 HTTP/1.1" 200 64 "-" "Cpanel-HTTP-Client/1.0"
2a01:4f8:120:73eb::2 - - [20/Jan/2023:09:19:48 +0100] "GET /.well-known/acme-challenge/V2Q0JW9C99E9LT-I15_LE6_4952OW3Y5 HTTP/1.1" 200 64 "-" "Cpanel-HTTP-Client/1.0"
2607:f130:0:d9:f485:ce36:b678:20cc - - [20/Jan/2023:11:52:47 +0100] "GET /.env HTTP/1.1" 404 2169 "-" "python-requests/2.28.1"
2607:f130:0:d9:f485:ce36:b678:20cc - - [20/Jan/2023:11:52:53 +0100] "POST / HTTP/1.1" 302 0 "-" "python-requests/2.28.1"
2a01:4f8:120:73eb::2 - - [20/Jan/2023:12:19:48 +0100] "GET /.well-known/acme-challenge/H9R05U6-OG6KTIF9TNSXIWKX4IJ1R6Z0 HTTP/1.1" 200 64 "-" "Cpanel-HTTP-Client/1.0"
2607:f130:0:d9:f485:ce36:b678:20cc - - [20/Jan/2023:14:07:46 +0100] "GET /.env HTTP/1.1" 404 2165 "-" "python-requests/2.28.1"
2a01:4f8:120:73eb::2 - - [20/Jan/2023:15:19:49 +0100] "GET /.well-known/acme-challenge/NKMKI6KJ72_WFBIH-_H9RBI30MSX9_HZ HTTP/1.1" 200 64 "-" "Cpanel-HTTP-Client/1.0"
2a01:4f8:120:73eb::2 - - [20/Jan/2023:18:19:54 +0100] "GET /.well-known/acme-challenge/1Y-E9SM9ID2BR8N45-3QCF36KBDU_S4G HTTP/1.1" 200 64 "-" "Cpanel-HTTP-Client/1.0"
198.235.24.184 - - [20/Jan/2023:20:46:29 +0100] "GET / HTTP/1.1" 302 0 "-" "Expanse, a Palo Alto Networks company, searches across the global IPv4 space multiple times per day to identify customers&#39; presences on the Internet. If you would like to be excluded from our scans, please send IP addresses/domains to: scaninfo@paloaltonetworks.com"
2a01:4f8:120:73eb::2 - - [20/Jan/2023:21:19:46 +0100] "GET /.well-known/acme-challenge/YN6DBNTGZNUHES_-LRBMZJ3I9HTCKIZD HTTP/1.1" 200 64 "-" "Cpanel-HTTP-Client/1.0"
2a01:4f8:120:73eb::2 - - [21/Jan/2023:00:19:46 +0100] "GET /.well-known/acme-challenge/Q_AESQSG2ASS-J1QXG3C7RNMC7F8M3F_ HTTP/1.1" 200 64 "-" "Cpanel-HTTP-Client/1.0"
2a01:4f8:120:73eb::2 - - [21/Jan/2023:03:19:50 +0100] "GET /.well-known/acme-challenge/79BK0KWT2XOQ5T1570HXDBTBF7L6S78A HTTP/1.1" 200 64 "-" "Cpanel-HTTP-Client/1.0"
67.205.148.7 - - [21/Jan/2023:03:57:36 +0100] "GET /wp-login.php HTTP/1.1" 404 2164 "http://admin.safarimaris.com/wp-login.php" "Mozilla/5.0 (Windows NT 10.0; Win64; x64; rv:96.0) Gecko/20100101 Firefox/96"
104.143.83.241 - - [21/Jan/2023:03:51:12 +0100] "GET / HTTP/1.1" 302 0 "http://admin.safarimaris.com/" "Mozilla/5.0 zgrab/0.x"
104.143.83.241 - - [21/Jan/2023:03:51:12 +0100] "GET /site/login HTTP/1.1" 200 1649 "https://admin.safarimaris.com/" "Mozilla/5.0 zgrab/0.x"
2a01:4f8:120:73eb::2 - - [21/Jan/2023:06:19:51 +0100] "GET /.well-known/acme-challenge/ZCAA70OV09OY353UMNJE03UOM9-WE7-N HTTP/1.1" 200 64 "-" "Cpanel-HTTP-Client/1.0"
2a01:4f8:120:73eb::2 - - [21/Jan/2023:09:19:47 +0100] "GET /.well-known/acme-challenge/INJ9WDQRD18MPCGVYRA6JTQSCWELI8ON HTTP/1.1" 200 64 "-" "Cpanel-HTTP-Client/1.0"
198.235.24.176 - - [21/Jan/2023:09:46:11 +0100] "GET / HTTP/1.1" 302 0 "-" "Expanse, a Palo Alto Networks company, searches across the global IPv4 space multiple times per day to identify customers&#39; presences on the Internet. If you would like to be excluded from our scans, please send IP addresses/domains to: scaninfo@paloaltonetworks.com"
2a01:4f8:120:73eb::2 - - [21/Jan/2023:12:19:48 +0100] "GET /.well-known/acme-challenge/L-7HCKMPPI7R8AITFZPACKWFGE6ISR2Y HTTP/1.1" 200 64 "-" "Cpanel-HTTP-Client/1.0"
198.235.24.165 - - [21/Jan/2023:13:04:47 +0100] "GET / HTTP/1.1" 302 0 "http://172.67.204.182:80/" "Expanse, a Palo Alto Networks company, searches across the global IPv4 space multiple times per day to identify customers&#39; presences on the Internet. If you would like to be excluded from our scans, please send IP addresses/domains to: scaninfo@paloaltonetworks.com"
198.235.24.165 - - [21/Jan/2023:13:04:47 +0100] "GET /site/login HTTP/1.1" 200 1652 "-" "Expanse, a Palo Alto Networks company, searches across the global IPv4 space multiple times per day to identify customers&#39; presences on the Internet. If you would like to be excluded from our scans, please send IP addresses/domains to: scaninfo@paloaltonetworks.com"
2a01:4f8:120:73eb::2 - - [21/Jan/2023:15:19:49 +0100] "GET /.well-known/acme-challenge/2KZ5QEL64SKAMD2DD1V-U4KBH02G3M4W HTTP/1.1" 200 64 "-" "Cpanel-HTTP-Client/1.0"
205.210.31.43 - - [21/Jan/2023:16:29:47 +0100] "GET / HTTP/1.1" 302 0 "-" "Expanse, a Palo Alto Networks company, searches across the global IPv4 space multiple times per day to identify customers&#39; presences on the Internet. If you would like to be excluded from our scans, please send IP addresses/domains to: scaninfo@paloaltonetworks.com"
205.210.31.43 - - [21/Jan/2023:16:29:47 +0100] "GET /site/login HTTP/1.1" 200 1645 "-" "Expanse, a Palo Alto Networks company, searches across the global IPv4 space multiple times per day to identify customers&#39; presences on the Internet. If you would like to be excluded from our scans, please send IP addresses/domains to: scaninfo@paloaltonetworks.com"
2a01:4f8:120:73eb::2 - - [21/Jan/2023:18:19:50 +0100] "GET /.well-known/acme-challenge/NL7P5HG8_IMSYC63UI-HSSWKRSARSBU0 HTTP/1.1" 200 64 "-" "Cpanel-HTTP-Client/1.0"
205.210.31.181 - - [21/Jan/2023:19:35:56 +0100] "GET / HTTP/1.1" 302 0 "http://104.21.50.100:80/" "Expanse, a Palo Alto Networks company, searches across the global IPv4 space multiple times per day to identify customers&#39; presences on the Internet. If you would like to be excluded from our scans, please send IP addresses/domains to: scaninfo@paloaltonetworks.com"
205.210.31.181 - - [21/Jan/2023:19:35:57 +0100] "GET /site/login HTTP/1.1" 200 1643 "-" "Expanse, a Palo Alto Networks company, searches across the global IPv4 space multiple times per day to identify customers&#39; presences on the Internet. If you would like to be excluded from our scans, please send IP addresses/domains to: scaninfo@paloaltonetworks.com"
2a01:4f8:120:73eb::2 - - [21/Jan/2023:21:19:48 +0100] "GET /.well-known/acme-challenge/SZD8FF7UASUWE6JJIGJ68LXCRYR21J4F HTTP/1.1" 200 64 "-" "Cpanel-HTTP-Client/1.0"
2a01:4f8:120:73eb::2 - - [22/Jan/2023:00:19:47 +0100] "GET /.well-known/acme-challenge/ULNNGSLRJM75JIXXDV_7VYZXYBTEGOKI HTTP/1.1" 200 64 "-" "Cpanel-HTTP-Client/1.0"
2a01:4f8:120:73eb::2 - - [22/Jan/2023:03:19:47 +0100] "GET /.well-known/acme-challenge/O-D5IF3IKLU2T08U0ADI43-WIVD_1AJ2 HTTP/1.1" 200 64 "-" "Cpanel-HTTP-Client/1.0"
104.143.83.241 - - [22/Jan/2023:03:59:16 +0100] "GET / HTTP/1.1" 302 0 "http://admin.safarimaris.com/" "Mozilla/5.0 zgrab/0.x"
104.143.83.241 - - [22/Jan/2023:03:59:16 +0100] "GET /site/login HTTP/1.1" 200 1649 "https://admin.safarimaris.com/" "Mozilla/5.0 zgrab/0.x"
2a01:4f8:120:73eb::2 - - [22/Jan/2023:06:19:46 +0100] "GET /.well-known/acme-challenge/PWC49LUY42N7_H3N1KWNVB5JVA4U3050 HTTP/1.1" 200 64 "-" "Cpanel-HTTP-Client/1.0"
92.205.53.115 - - [22/Jan/2023:08:03:39 +0100] "GET /style.php?sig=rename HTTP/1.1" 404 2167 "-" "Mozilla/5.0 (iPhone; CPU iPhone OS 12_4_8 like Mac OS X) AppleWebKit/605.1.15 (KHTML, like Gecko) Version/12.1.2 Mobile/15E148 Safari/604.1"
92.205.53.115 - - [22/Jan/2023:08:03:39 +0100] "GET /wp-admin/style.php?sig=rename HTTP/1.1" 404 2170 "-" "Mozilla/5.0 (Windows NT 10.0; Win64; x64) AppleWebKit/537.36 (KHTML, like Gecko) Chrome/87.0.4280.66 Safari/537.36"
2a01:4f8:120:73eb::2 - - [22/Jan/2023:09:19:46 +0100] "GET /.well-known/acme-challenge/QNI6UT4B0E73Y09BXJCOMKJ08X-TI4WN HTTP/1.1" 200 64 "-" "Cpanel-HTTP-Client/1.0"
159.223.173.153 - - [22/Jan/2023:10:09:55 +0100] "GET /wordpress/wp-login.php HTTP/1.1" 404 2165 "http://admin.safarimaris.com" "Mozilla/5.0 (Windows NT 6.1) AppleWebKit/537.36 (KHTML, like Gecko) Chrome/28.0.1468.0 Safari/537.36"
159.223.173.153 - - [22/Jan/2023:10:09:54 +0100] "HEAD / HTTP/1.1" 302 0 "https://www.bing.com" "Mozilla/5.0 (Windows NT 6.1) AppleWebKit/537.36 (KHTML, like Gecko) Chrome/28.0.1468.0 Safari/537.36"
159.223.173.153 - - [22/Jan/2023:10:09:55 +0100] "GET /blog/wp-login.php HTTP/1.1" 404 2169 "http://admin.safarimaris.com" "Mozilla/5.0 (Windows NT 6.1) AppleWebKit/537.36 (KHTML, like Gecko) Chrome/28.0.1468.0 Safari/537.36"
159.223.173.153 - - [22/Jan/2023:10:09:54 +0100] "HEAD /site/login HTTP/1.1" 200 0 "https://www.bing.com" "Mozilla/5.0 (Windows NT 6.1) AppleWebKit/537.36 (KHTML, like Gecko) Chrome/28.0.1468.0 Safari/537.36"
159.223.173.153 - - [22/Jan/2023:10:09:54 +0100] "GET /wp-login.php HTTP/1.1" 404 2168 "http://admin.safarimaris.com" "Mozilla/5.0 (Windows NT 6.1) AppleWebKit/537.36 (KHTML, like Gecko) Chrome/28.0.1468.0 Safari/537.36"
159.223.173.153 - - [22/Jan/2023:10:09:55 +0100] "GET /wp/wp-login.php HTTP/1.1" 404 2163 "http://admin.safarimaris.com" "Mozilla/5.0 (Windows NT 6.1) AppleWebKit/537.36 (KHTML, like Gecko) Chrome/28.0.1468.0 Safari/537.36"
198.235.24.18 - - [22/Jan/2023:12:31:31 +0100] "GET /site/login HTTP/1.1" 200 1647 "-" "Expanse, a Palo Alto Networks company, searches across the global IPv4 space multiple times per day to identify customers&#39; presences on the Internet. If you would like to be excluded from our scans, please send IP addresses/domains to: scaninfo@paloaltonetworks.com"
