40.124.54.226 - - [07/Jan/2023:21:19:50 +0100] "GET //doc.php HTTP/1.1" 404 2165 "http://admin.safarimaris.com//doc.php" "Go-http-client/2.0"
40.124.54.226 - - [07/Jan/2023:21:19:51 +0100] "GET //haxor.php HTTP/1.1" 404 2168 "http://admin.safarimaris.com//haxor.php" "Go-http-client/2.0"
40.124.54.226 - - [07/Jan/2023:21:19:51 +0100] "GET //marijuana.php HTTP/1.1" 404 2170 "http://admin.safarimaris.com//marijuana.php" "Go-http-client/2.0"
40.124.54.226 - - [07/Jan/2023:21:19:51 +0100] "GET //mass.php HTTP/1.1" 404 2169 "http://admin.safarimaris.com//mass.php" "Go-http-client/2.0"
40.124.54.226 - - [07/Jan/2023:21:19:52 +0100] "GET //mini.php HTTP/1.1" 404 2165 "http://admin.safarimaris.com//mini.php" "Go-http-client/2.0"
40.124.54.226 - - [07/Jan/2023:21:19:52 +0100] "GET //priv8.php HTTP/1.1" 404 2164 "http://admin.safarimaris.com//priv8.php" "Go-http-client/2.0"
40.124.54.226 - - [07/Jan/2023:21:19:52 +0100] "GET //shell.php HTTP/1.1" 404 2169 "http://admin.safarimaris.com//shell.php" "Go-http-client/2.0"
40.124.54.226 - - [07/Jan/2023:21:19:53 +0100] "GET //small.php HTTP/1.1" 404 2164 "http://admin.safarimaris.com//small.php" "Go-http-client/2.0"
40.124.54.226 - - [07/Jan/2023:21:19:53 +0100] "GET //wso.php HTTP/1.1" 404 2166 "http://admin.safarimaris.com//wso.php" "Go-http-client/2.0"
40.124.54.226 - - [07/Jan/2023:21:19:53 +0100] "GET //mininew.php HTTP/1.1" 404 2170 "http://admin.safarimaris.com//mininew.php" "Go-http-client/2.0"
40.124.54.226 - - [07/Jan/2023:21:19:53 +0100] "GET //xleet.php HTTP/1.1" 404 2167 "http://admin.safarimaris.com//xleet.php" "Go-http-client/2.0"
40.124.54.226 - - [07/Jan/2023:21:19:54 +0100] "GET //1337.php HTTP/1.1" 404 2169 "http://admin.safarimaris.com//1337.php" "Go-http-client/2.0"
40.124.54.226 - - [07/Jan/2023:21:19:54 +0100] "GET //wxo.php HTTP/1.1" 404 2167 "http://admin.safarimaris.com//wxo.php" "Go-http-client/2.0"
40.124.54.226 - - [07/Jan/2023:21:19:54 +0100] "GET //wp-info.php HTTP/1.1" 404 2164 "http://admin.safarimaris.com//wp-info.php" "Go-http-client/2.0"
40.124.54.226 - - [07/Jan/2023:21:19:55 +0100] "GET //up-kon.php HTTP/1.1" 404 2163 "http://admin.safarimaris.com//up-kon.php" "Go-http-client/2.0"
40.124.54.226 - - [07/Jan/2023:21:19:55 +0100] "GET //hehe.php HTTP/1.1" 404 2163 "http://admin.safarimaris.com//hehe.php" "Go-http-client/2.0"
40.124.54.226 - - [07/Jan/2023:21:19:55 +0100] "GET //3x.php?3x=3x HTTP/1.1" 404 2166 "http://admin.safarimaris.com//3x.php?3x=3x" "Go-http-client/2.0"
40.124.54.226 - - [07/Jan/2023:21:19:56 +0100] "GET //xmlrqc.php HTTP/1.1" 404 2166 "http://admin.safarimaris.com//xmlrqc.php" "Go-http-client/2.0"
40.124.54.226 - - [07/Jan/2023:21:19:56 +0100] "GET //wp-blog.php HTTP/1.1" 404 2168 "http://admin.safarimaris.com//wp-blog.php" "Go-http-client/2.0"
40.124.54.226 - - [07/Jan/2023:21:19:56 +0100] "GET //xwxx.php HTTP/1.1" 404 2168 "http://admin.safarimaris.com//xwxx.php" "Go-http-client/2.0"
40.124.54.226 - - [07/Jan/2023:21:19:56 +0100] "GET //wp-content/plugins/fighter/fk.php HTTP/1.1" 404 2171 "http://admin.safarimaris.com//wp-content/plugins/fighter/fk.php" "Go-http-client/2.0"
40.124.54.226 - - [07/Jan/2023:21:19:57 +0100] "GET //wp-x.php HTTP/1.1" 404 2167 "http://admin.safarimaris.com//wp-x.php" "Go-http-client/2.0"
40.124.54.226 - - [07/Jan/2023:21:19:58 +0100] "GET //xl.php HTTP/1.1" 404 2166 "http://admin.safarimaris.com//xl.php" "Go-http-client/2.0"
40.124.54.226 - - [07/Jan/2023:21:19:58 +0100] "GET //wp-god.php HTTP/1.1" 404 2171 "http://admin.safarimaris.com//wp-god.php" "Go-http-client/2.0"
40.124.54.226 - - [07/Jan/2023:21:19:58 +0100] "GET //wp-easy.php HTTP/1.1" 404 2168 "http://admin.safarimaris.com//wp-easy.php" "Go-http-client/2.0"
40.124.54.226 - - [07/Jan/2023:21:20:00 +0100] "GET //wp-content/plugins/easybusy/wp-blog.php HTTP/1.1" 404 2170 "http://admin.safarimaris.com//wp-content/plugins/easybusy/wp-blog.php" "Go-http-client/2.0"
40.124.54.226 - - [07/Jan/2023:21:20:01 +0100] "GET //DKIZ.php?DKIZ HTTP/1.1" 404 2168 "http://admin.safarimaris.com//DKIZ.php?DKIZ" "Go-http-client/2.0"
40.124.54.226 - - [07/Jan/2023:21:20:01 +0100] "GET //pi.php HTTP/1.1" 404 2164 "http://admin.safarimaris.com//pi.php" "Go-http-client/2.0"
40.124.54.226 - - [07/Jan/2023:21:20:01 +0100] "GET //wp-includes/assets/pi.php HTTP/1.1" 404 2170 "http://admin.safarimaris.com//wp-includes/assets/pi.php" "Go-http-client/2.0"
40.124.54.226 - - [07/Jan/2023:21:20:02 +0100] "GET //XxX.php HTTP/1.1" 404 2168 "http://admin.safarimaris.com//XxX.php" "Go-http-client/2.0"
40.124.54.226 - - [07/Jan/2023:21:20:03 +0100] "GET //new-index.php HTTP/1.1" 404 2167 "http://admin.safarimaris.com//new-index.php" "Go-http-client/2.0"
40.124.54.226 - - [07/Jan/2023:21:20:03 +0100] "GET //xml.php HTTP/1.1" 404 2169 "http://admin.safarimaris.com//xml.php" "Go-http-client/2.0"
40.124.54.226 - - [07/Jan/2023:21:20:03 +0100] "GET //wp_logx.php HTTP/1.1" 404 2168 "http://admin.safarimaris.com//wp_logx.php" "Go-http-client/2.0"
40.124.54.226 - - [07/Jan/2023:21:20:04 +0100] "GET //wp-content/upload.php HTTP/1.1" 404 2165 "http://admin.safarimaris.com//wp-content/upload.php" "Go-http-client/2.0"
40.124.54.226 - - [07/Jan/2023:21:20:04 +0100] "GET //crypted.php HTTP/1.1" 404 2169 "http://admin.safarimaris.com//crypted.php" "Go-http-client/2.0"
40.124.54.226 - - [07/Jan/2023:21:20:04 +0100] "GET //wpx.php HTTP/1.1" 404 2166 "http://admin.safarimaris.com//wpx.php" "Go-http-client/2.0"
40.124.54.226 - - [07/Jan/2023:21:20:04 +0100] "GET //ini.php HTTP/1.1" 404 2169 "http://admin.safarimaris.com//ini.php" "Go-http-client/2.0"
40.124.54.226 - - [07/Jan/2023:21:20:05 +0100] "GET /xx.php HTTP/1.1" 404 2164 "http://admin.safarimaris.com/xx.php" "Go-http-client/2.0"
40.124.54.226 - - [07/Jan/2023:21:20:05 +0100] "GET //reminder.php HTTP/1.1" 404 2167 "http://admin.safarimaris.com//reminder.php" "Go-http-client/2.0"
40.124.54.226 - - [07/Jan/2023:21:20:06 +0100] "GET //wp-content/plugins//masterx/wpx.php HTTP/1.1" 404 2172 "http://admin.safarimaris.com//wp-content/plugins//masterx/wpx.php" "Go-http-client/2.0"
40.124.54.226 - - [07/Jan/2023:21:20:06 +0100] "GET //image/screenshot_1.php HTTP/1.1" 404 2166 "http://admin.safarimaris.com//image/screenshot_1.php" "Go-http-client/2.0"
40.124.54.226 - - [07/Jan/2023:21:20:07 +0100] "GET //screenshot_1.php HTTP/1.1" 404 2162 "http://admin.safarimaris.com//screenshot_1.php" "Go-http-client/2.0"
40.124.54.226 - - [07/Jan/2023:21:20:07 +0100] "GET //mad.php HTTP/1.1" 404 2170 "http://admin.safarimaris.com//mad.php" "Go-http-client/2.0"
40.124.54.226 - - [07/Jan/2023:21:20:07 +0100] "GET //admin/controller/extension/wpm.php HTTP/1.1" 404 2168 "http://admin.safarimaris.com//admin/controller/extension/wpm.php" "Go-http-client/2.0"
40.124.54.226 - - [07/Jan/2023:21:20:08 +0100] "GET //xlt.php HTTP/1.1" 404 2168 "http://admin.safarimaris.com//xlt.php" "Go-http-client/2.0"
40.124.54.226 - - [07/Jan/2023:21:20:09 +0100] "GET //xl.php HTTP/1.1" 404 2163 "http://admin.safarimaris.com//xl.php" "Go-http-client/2.0"
40.124.54.226 - - [07/Jan/2023:21:20:09 +0100] "GET //lufix.php HTTP/1.1" 404 2164 "http://admin.safarimaris.com//lufix.php" "Go-http-client/2.0"
40.124.54.226 - - [07/Jan/2023:21:20:09 +0100] "GET //uploads/up.php HTTP/1.1" 404 2168 "http://admin.safarimaris.com//uploads/up.php" "Go-http-client/2.0"
40.124.54.226 - - [07/Jan/2023:21:20:09 +0100] "GET //images/vuln.php HTTP/1.1" 404 2163 "http://admin.safarimaris.com//images/vuln.php" "Go-http-client/2.0"
40.124.54.226 - - [07/Jan/2023:21:20:10 +0100] "GET //up.php HTTP/1.1" 404 2160 "http://admin.safarimaris.com//up.php" "Go-http-client/2.0"
40.124.54.226 - - [07/Jan/2023:21:20:10 +0100] "GET //media-admin.php HTTP/1.1" 404 2172 "http://admin.safarimaris.com//media-admin.php" "Go-http-client/2.0"
40.124.54.226 - - [07/Jan/2023:21:20:10 +0100] "GET //1index.php HTTP/1.1" 404 2166 "http://admin.safarimaris.com//1index.php" "Go-http-client/2.0"
40.124.54.226 - - [07/Jan/2023:21:20:11 +0100] "GET //payout.php HTTP/1.1" 404 2165 "http://admin.safarimaris.com//payout.php" "Go-http-client/2.0"
40.124.54.226 - - [07/Jan/2023:21:20:11 +0100] "GET //google.php HTTP/1.1" 404 2166 "http://admin.safarimaris.com//google.php" "Go-http-client/2.0"
40.124.54.226 - - [07/Jan/2023:21:20:11 +0100] "GET //srx.php HTTP/1.1" 404 2167 "http://admin.safarimaris.com//srx.php" "Go-http-client/2.0"
40.124.54.226 - - [07/Jan/2023:21:20:12 +0100] "GET //x.php HTTP/1.1" 404 2166 "http://admin.safarimaris.com//x.php" "Go-http-client/2.0"
2a01:4f8:120:73eb::2 - - [07/Jan/2023:21:19:48 +0100] "GET /.well-known/acme-challenge/9IVAC3M48WD7NQ9GS9XEYTJBHE2O3JLY HTTP/1.1" 200 64 "-" "Cpanel-HTTP-Client/1.0"
40.124.54.226 - - [07/Jan/2023:21:20:12 +0100] "GET //upload.php HTTP/1.1" 404 2170 "http://admin.safarimaris.com//upload.php" "Go-http-client/2.0"
40.124.54.226 - - [07/Jan/2023:21:20:12 +0100] "GET //ups.php HTTP/1.1" 404 2167 "http://admin.safarimaris.com//ups.php" "Go-http-client/2.0"
2a01:4f8:120:73eb::2 - - [08/Jan/2023:00:19:47 +0100] "GET /.well-known/acme-challenge/U4MZ5PVE-DBEJVQBURNVIKN-L4UGQD2O HTTP/1.1" 200 64 "-" "Cpanel-HTTP-Client/1.0"
2a01:4f8:120:73eb::2 - - [08/Jan/2023:03:19:50 +0100] "GET /.well-known/acme-challenge/NCKTC3HE7BXGO0__CICCHK42CS2EMZB_ HTTP/1.1" 200 64 "-" "Cpanel-HTTP-Client/1.0"
2a01:4f8:120:73eb::2 - - [08/Jan/2023:06:19:50 +0100] "GET /.well-known/acme-challenge/DHWXY7QNQQYCBMB5NMGHWYSWILZ9YSSK HTTP/1.1" 200 64 "-" "Cpanel-HTTP-Client/1.0"
2a01:4f8:120:73eb::2 - - [08/Jan/2023:09:19:48 +0100] "GET /.well-known/acme-challenge/KCHE-ENKV6Q3ED7QOUX7--2ICGV8393A HTTP/1.1" 200 64 "-" "Cpanel-HTTP-Client/1.0"
2a01:4f8:120:73eb::2 - - [08/Jan/2023:12:19:49 +0100] "GET /.well-known/acme-challenge/IL3ZQX7HMRP5WJBG1BIVX_W8-PJ-SJM0 HTTP/1.1" 200 64 "-" "Cpanel-HTTP-Client/1.0"
2a01:4f8:120:73eb::2 - - [08/Jan/2023:15:19:55 +0100] "GET /.well-known/acme-challenge/GVKVQZBI3YER833KN_AEDGVVB5SZVR6L HTTP/1.1" 200 64 "-" "Cpanel-HTTP-Client/1.0"
2a01:4f8:120:73eb::2 - - [08/Jan/2023:18:19:56 +0100] "GET /.well-known/acme-challenge/I_ZNWDDB9BQW4ZFWX4C8R58RMXTVIPQQ HTTP/1.1" 200 64 "-" "Cpanel-HTTP-Client/1.0"
2a01:4f8:120:73eb::2 - - [08/Jan/2023:21:19:49 +0100] "GET /.well-known/acme-challenge/Y0SANOV09OU1U8PXCYJ5DJP9PEFII-NB HTTP/1.1" 200 64 "-" "Cpanel-HTTP-Client/1.0"
92.205.56.212 - - [08/Jan/2023:23:23:41 +0100] "GET /.well-known/ HTTP/1.1" 200 689 "binance.com" "Mozilla/5.0 (Windows NT 10.0; Win64; x64) AppleWebKit/537.36 (KHTML, like Gecko) Chrome/90.0.4430.85 Safari/537.36"
92.205.56.212 - - [08/Jan/2023:23:23:42 +0100] "GET /admin/controller/extension/extension/ HTTP/1.1" 404 2168 "binance.com" "Mozilla/5.0 (Windows NT 10.0; Win64; x64) AppleWebKit/537.36 (KHTML, like Gecko) Chrome/90.0.4430.85 Safari/537.36"
92.205.56.212 - - [08/Jan/2023:23:23:44 +0100] "GET /files/ HTTP/1.1" 404 2163 "binance.com" "Mozilla/5.0 (Windows NT 10.0; Win64; x64) AppleWebKit/537.36 (KHTML, like Gecko) Chrome/90.0.4430.85 Safari/537.36"
92.205.56.212 - - [08/Jan/2023:23:23:42 +0100] "GET /sites/default/files/ HTTP/1.1" 404 2170 "binance.com" "Mozilla/5.0 (Windows NT 10.0; Win64; x64) AppleWebKit/537.36 (KHTML, like Gecko) Chrome/90.0.4430.85 Safari/537.36"
92.205.56.212 - - [08/Jan/2023:23:23:40 +0100] "GET /wp-admin/css/ HTTP/1.1" 404 2165 "binance.com" "Mozilla/5.0 (Windows NT 10.0; Win64; x64) AppleWebKit/537.36 (KHTML, like Gecko) Chrome/90.0.4430.85 Safari/537.36"
92.205.56.212 - - [08/Jan/2023:23:23:43 +0100] "GET /uploads/ HTTP/1.1" 404 2168 "binance.com" "Mozilla/5.0 (Windows NT 10.0; Win64; x64) AppleWebKit/537.36 (KHTML, like Gecko) Chrome/90.0.4430.85 Safari/537.36"
92.205.56.212 - - [08/Jan/2023:23:23:43 +0100] "GET /images/ HTTP/1.1" 200 690 "binance.com" "Mozilla/5.0 (Windows NT 10.0; Win64; x64) AppleWebKit/537.36 (KHTML, like Gecko) Chrome/90.0.4430.85 Safari/537.36"
3.236.208.93 - - [08/Jan/2023:23:47:53 +0100] "GET /sftp-config.json HTTP/1.1" 404 2168 "-" "Mozilla/5.0 (Macintosh; Intel Mac OS X 10.15; rv:77.0) Gecko/20100101 Firefox/77.0"
3.236.208.93 - - [08/Jan/2023:23:47:54 +0100] "GET /.vscode/sftp.json HTTP/1.1" 404 2167 "-" "Mozilla/5.0 (Macintosh; Intel Mac OS X 10.15; rv:77.0) Gecko/20100101 Firefox/77.0"
2a01:4f8:120:73eb::2 - - [09/Jan/2023:00:19:48 +0100] "GET /.well-known/acme-challenge/UKGLDOEU5EF-TF1SH0LOTARW8CQ13V_R HTTP/1.1" 200 64 "-" "Cpanel-HTTP-Client/1.0"
2a10:cc45:100:0:a5fe:bc73:4327:4b1b - - [09/Jan/2023:02:34:27 +0100] "GET / HTTP/1.1" 302 0 "-" "python-requests/2.27.1"
2a10:cc45:100:0:a5fe:bc73:4327:4b1b - - [09/Jan/2023:02:34:27 +0100] "GET /site/login HTTP/1.1" 200 1645 "-" "python-requests/2.27.1"
5.161.135.92 - - [09/Jan/2023:02:46:33 +0100] "GET / HTTP/1.1" 302 0 "-" "Mozilla/5.0 (Windows NT 10.0; Win64; x64) AppleWebKit/537.36 (KHTML, like Gecko) Chrome/89.0.4389.114 Safari/537.36"
5.161.135.92 - - [09/Jan/2023:02:46:33 +0100] "GET /site/login/wp-includes/wlwmanifest.xml HTTP/1.1" 404 2166 "-" "Mozilla/5.0 (Windows NT 10.0; Win64; x64) AppleWebKit/537.36 (KHTML, like Gecko) Chrome/89.0.4389.114 Safari/537.36"
5.161.135.92 - - [09/Jan/2023:02:46:33 +0100] "GET /site/login/xmlrpc.php?rsd HTTP/1.1" 404 2165 "-" "Mozilla/5.0 (Windows NT 10.0; Win64; x64) AppleWebKit/537.36 (KHTML, like Gecko) Chrome/89.0.4389.114 Safari/537.36"
5.161.135.92 - - [09/Jan/2023:02:46:33 +0100] "GET /site/login HTTP/1.1" 200 1651 "-" "Mozilla/5.0 (Windows NT 10.0; Win64; x64) AppleWebKit/537.36 (KHTML, like Gecko) Chrome/89.0.4389.114 Safari/537.36"
5.161.135.92 - - [09/Jan/2023:02:46:33 +0100] "GET /site/login/blog/wp-includes/wlwmanifest.xml HTTP/1.1" 404 2166 "-" "Mozilla/5.0 (Windows NT 10.0; Win64; x64) AppleWebKit/537.36 (KHTML, like Gecko) Chrome/89.0.4389.114 Safari/537.36"
5.161.135.92 - - [09/Jan/2023:02:46:34 +0100] "GET /site/login/web/wp-includes/wlwmanifest.xml HTTP/1.1" 404 2165 "-" "Mozilla/5.0 (Windows NT 10.0; Win64; x64) AppleWebKit/537.36 (KHTML, like Gecko) Chrome/89.0.4389.114 Safari/537.36"
5.161.135.92 - - [09/Jan/2023:02:46:34 +0100] "GET /site/login/wordpress/wp-includes/wlwmanifest.xml HTTP/1.1" 404 2168 "-" "Mozilla/5.0 (Windows NT 10.0; Win64; x64) AppleWebKit/537.36 (KHTML, like Gecko) Chrome/89.0.4389.114 Safari/537.36"
5.161.135.92 - - [09/Jan/2023:02:46:34 +0100] "GET /site/login/website/wp-includes/wlwmanifest.xml HTTP/1.1" 404 2168 "-" "Mozilla/5.0 (Windows NT 10.0; Win64; x64) AppleWebKit/537.36 (KHTML, like Gecko) Chrome/89.0.4389.114 Safari/537.36"
5.161.135.92 - - [09/Jan/2023:02:46:34 +0100] "GET /site/login/wp/wp-includes/wlwmanifest.xml HTTP/1.1" 404 2168 "-" "Mozilla/5.0 (Windows NT 10.0; Win64; x64) AppleWebKit/537.36 (KHTML, like Gecko) Chrome/89.0.4389.114 Safari/537.36"
5.161.135.92 - - [09/Jan/2023:02:46:34 +0100] "GET /site/login/news/wp-includes/wlwmanifest.xml HTTP/1.1" 404 2167 "-" "Mozilla/5.0 (Windows NT 10.0; Win64; x64) AppleWebKit/537.36 (KHTML, like Gecko) Chrome/89.0.4389.114 Safari/537.36"
5.161.135.92 - - [09/Jan/2023:02:46:34 +0100] "GET /site/login/2020/wp-includes/wlwmanifest.xml HTTP/1.1" 404 2165 "-" "Mozilla/5.0 (Windows NT 10.0; Win64; x64) AppleWebKit/537.36 (KHTML, like Gecko) Chrome/89.0.4389.114 Safari/537.36"
5.161.135.92 - - [09/Jan/2023:02:46:34 +0100] "GET /site/login/2019/wp-includes/wlwmanifest.xml HTTP/1.1" 404 2170 "-" "Mozilla/5.0 (Windows NT 10.0; Win64; x64) AppleWebKit/537.36 (KHTML, like Gecko) Chrome/89.0.4389.114 Safari/537.36"
5.161.135.92 - - [09/Jan/2023:02:46:35 +0100] "GET /site/login/shop/wp-includes/wlwmanifest.xml HTTP/1.1" 404 2169 "-" "Mozilla/5.0 (Windows NT 10.0; Win64; x64) AppleWebKit/537.36 (KHTML, like Gecko) Chrome/89.0.4389.114 Safari/537.36"
5.161.135.92 - - [09/Jan/2023:02:46:35 +0100] "GET /site/login/wp1/wp-includes/wlwmanifest.xml HTTP/1.1" 404 2165 "-" "Mozilla/5.0 (Windows NT 10.0; Win64; x64) AppleWebKit/537.36 (KHTML, like Gecko) Chrome/89.0.4389.114 Safari/537.36"
5.161.135.92 - - [09/Jan/2023:02:46:35 +0100] "GET /site/login/test/wp-includes/wlwmanifest.xml HTTP/1.1" 404 2166 "-" "Mozilla/5.0 (Windows NT 10.0; Win64; x64) AppleWebKit/537.36 (KHTML, like Gecko) Chrome/89.0.4389.114 Safari/537.36"
5.161.135.92 - - [09/Jan/2023:02:46:35 +0100] "GET /site/login/wp2/wp-includes/wlwmanifest.xml HTTP/1.1" 404 2168 "-" "Mozilla/5.0 (Windows NT 10.0; Win64; x64) AppleWebKit/537.36 (KHTML, like Gecko) Chrome/89.0.4389.114 Safari/537.36"
5.161.135.92 - - [09/Jan/2023:02:46:35 +0100] "GET /site/login/site/wp-includes/wlwmanifest.xml HTTP/1.1" 404 2169 "-" "Mozilla/5.0 (Windows NT 10.0; Win64; x64) AppleWebKit/537.36 (KHTML, like Gecko) Chrome/89.0.4389.114 Safari/537.36"
5.161.135.92 - - [09/Jan/2023:02:46:35 +0100] "GET /site/login/cms/wp-includes/wlwmanifest.xml HTTP/1.1" 404 2164 "-" "Mozilla/5.0 (Windows NT 10.0; Win64; x64) AppleWebKit/537.36 (KHTML, like Gecko) Chrome/89.0.4389.114 Safari/537.36"
5.161.135.92 - - [09/Jan/2023:02:46:36 +0100] "GET /site/login/sito/wp-includes/wlwmanifest.xml HTTP/1.1" 404 2165 "-" "Mozilla/5.0 (Windows NT 10.0; Win64; x64) AppleWebKit/537.36 (KHTML, like Gecko) Chrome/89.0.4389.114 Safari/537.36"
2a01:4f8:120:73eb::2 - - [09/Jan/2023:03:19:47 +0100] "GET /.well-known/acme-challenge/8R6AAN_B2HWKTSTHZK5Y9V5BMP5R3CJV HTTP/1.1" 200 64 "-" "Cpanel-HTTP-Client/1.0"
167.172.28.85 - - [09/Jan/2023:03:32:14 +0100] "GET / HTTP/1.1" 302 0 "-" "Mozilla/5.0 (compatible; NetcraftSurveyAgent/1.0; +info@netcraft.com)"
104.143.83.241 - - [09/Jan/2023:04:02:50 +0100] "GET / HTTP/1.1" 302 0 "http://admin.safarimaris.com/" "Mozilla/5.0 zgrab/0.x"
104.143.83.241 - - [09/Jan/2023:04:02:50 +0100] "GET /site/login HTTP/1.1" 200 1648 "https://admin.safarimaris.com/" "Mozilla/5.0 zgrab/0.x"
2a01:4f8:120:73eb::2 - - [09/Jan/2023:06:19:48 +0100] "GET /.well-known/acme-challenge/KTBJ97RS8JJAT6CTOZB1VIBI0_-3-4BY HTTP/1.1" 200 64 "-" "Cpanel-HTTP-Client/1.0"
2a01:4f8:120:73eb::2 - - [09/Jan/2023:09:19:50 +0100] "GET /.well-known/acme-challenge/DCDCX5QKJIBI28BH7E90YFCFQA436X2I HTTP/1.1" 200 64 "-" "Cpanel-HTTP-Client/1.0"
2a01:4f8:120:73eb::2 - - [09/Jan/2023:12:19:51 +0100] "GET /.well-known/acme-challenge/KEPAMA4W8RB8YN1B0A_OO_3Z7EVS07PR HTTP/1.1" 200 64 "-" "Cpanel-HTTP-Client/1.0"
2a01:4f8:120:73eb::2 - - [09/Jan/2023:15:19:49 +0100] "GET /.well-known/acme-challenge/L1CMVABL2AGX3KUF8B73R4G-PK024YI8 HTTP/1.1" 200 64 "-" "Cpanel-HTTP-Client/1.0"
141.95.110.165 - - [09/Jan/2023:18:07:16 +0100] "GET /wp-content/plugins/apikey/apikey.php?test=hello HTTP/1.1" 404 2167 "-" "Mozilla/5.0 (Windows; U; Windows NT 6.1; en-US; rv:1.9.1.5) Gecko/20091102 Firefox/3.5.5 (.NET CLR 3.5.30729)"
141.95.110.165 - - [09/Jan/2023:18:07:15 +0100] "GET /wp-content/plugins/t_file_wp/t_file_wp.php?test=hello HTTP/1.1" 404 2169 "-" "Mozilla/5.0 (Windows; U; Windows NT 6.1; en-US; rv:1.9.1.5) Gecko/20091102 Firefox/3.5.5 (.NET CLR 3.5.30729)"
2a01:4f8:120:73eb::2 - - [09/Jan/2023:18:19:49 +0100] "GET /.well-known/acme-challenge/-XGB3_7H6QIY6K7IZJXWO-UHZJ8O0PEC HTTP/1.1" 200 64 "-" "Cpanel-HTTP-Client/1.0"
165.232.163.168 - - [09/Jan/2023:18:42:19 +0100] "GET /_ignition/execute-solution HTTP/1.1" 404 2164 "-" "python-requests/2.18.4"
2a01:4f8:120:73eb::2 - - [09/Jan/2023:21:19:50 +0100] "GET /.well-known/acme-challenge/_7LSL3C14ON2PHA6EIAZSLU9XC55EZ_9 HTTP/1.1" 200 64 "-" "Cpanel-HTTP-Client/1.0"
165.227.93.224 - - [09/Jan/2023:23:02:46 +0100] "GET /wp-login.php HTTP/1.1" 404 2169 "http://admin.safarimaris.com/wp-login.php" "Mozilla/5.0 (Windows NT 10.0; Win64; x64; rv:96.0) Gecko/20100101 Firefox/96"
2a01:4f8:120:73eb::2 - - [10/Jan/2023:00:19:49 +0100] "GET /.well-known/acme-challenge/WIL3-M4DRA5ZR1OVG1WBOOW-BK0RAY83 HTTP/1.1" 200 64 "-" "Cpanel-HTTP-Client/1.0"
2a01:4f8:120:73eb::2 - - [10/Jan/2023:03:19:50 +0100] "GET /.well-known/acme-challenge/7WCOB73TS481SEMGL554XQ7UYSWST_T4 HTTP/1.1" 200 64 "-" "Cpanel-HTTP-Client/1.0"
104.143.83.241 - - [10/Jan/2023:03:56:55 +0100] "GET / HTTP/1.1" 302 0 "http://admin.safarimaris.com/" "Mozilla/5.0 zgrab/0.x"
104.143.83.241 - - [10/Jan/2023:03:56:55 +0100] "GET /site/login HTTP/1.1" 200 1645 "https://admin.safarimaris.com/" "Mozilla/5.0 zgrab/0.x"
2a01:4f8:120:73eb::2 - - [10/Jan/2023:06:19:47 +0100] "GET /.well-known/acme-challenge/QM1K1MIKYBG-KYMGARIT60V550O0WLK5 HTTP/1.1" 200 64 "-" "Cpanel-HTTP-Client/1.0"
2a01:4f8:120:73eb::2 - - [10/Jan/2023:09:19:51 +0100] "GET /.well-known/acme-challenge/UUWX1LB-V_LCM9L7_VJR9YT8CGLLQM11 HTTP/1.1" 200 64 "-" "Cpanel-HTTP-Client/1.0"
23.225.199.250 - - [10/Jan/2023:11:44:56 +0100] "GET / HTTP/1.1" 302 0 "http://admin.safarimaris.com/" "Mozilla/5.0 (iPhone; CPU iPhone OS 10_3_1 like Mac OS X) AppleWebKit/603.1.30 (KHTML, like Gecko) Version/10.0 Mobile/14E304 Safari/602.1"
23.225.199.250 - - [10/Jan/2023:11:44:56 +0100] "GET /site/login HTTP/1.1" 200 1650 "https://admin.safarimaris.com/" "Mozilla/5.0 (iPhone; CPU iPhone OS 10_3_1 like Mac OS X) AppleWebKit/603.1.30 (KHTML, like Gecko) Version/10.0 Mobile/14E304 Safari/602.1"
2a01:4f8:120:73eb::2 - - [10/Jan/2023:12:19:45 +0100] "GET /.well-known/acme-challenge/BN4F7_NZ5DDLAWB3EO9JMWFZ2VFE3540 HTTP/1.1" 200 64 "-" "Cpanel-HTTP-Client/1.0"
2a10:cc45:100:0:a5fe:bc73:4327:4b1b - - [10/Jan/2023:13:25:10 +0100] "GET / HTTP/1.1" 302 0 "-" "python-requests/2.27.1"
2a10:cc45:100:0:a5fe:bc73:4327:4b1b - - [10/Jan/2023:13:25:10 +0100] "GET /site/login HTTP/1.1" 200 1649 "-" "python-requests/2.27.1"
2a01:4f8:120:73eb::2 - - [10/Jan/2023:15:19:44 +0100] "GET /.well-known/acme-challenge/U86UEQ_HHKDETG_H_IXK_5WB8LYGLUGH HTTP/1.1" 200 64 "-" "Cpanel-HTTP-Client/1.0"
2a01:4f8:120:73eb::2 - - [10/Jan/2023:18:19:45 +0100] "GET /.well-known/acme-challenge/YWYY7ROF2Q7S-QSMUN4-SCSI5-VHYYNW HTTP/1.1" 200 64 "-" "Cpanel-HTTP-Client/1.0"
2a01:4f8:120:73eb::2 - - [10/Jan/2023:21:19:49 +0100] "GET /.well-known/acme-challenge/EFT108OO6XU0TRR0N_M_7K-O4LIAN40G HTTP/1.1" 200 64 "-" "Cpanel-HTTP-Client/1.0"
2a01:4f8:120:73eb::2 - - [11/Jan/2023:00:19:47 +0100] "GET /.well-known/acme-challenge/9ORDXBN732-4FVRG-LAKCLUYBMV_YCN8 HTTP/1.1" 200 64 "-" "Cpanel-HTTP-Client/1.0"
2a02:4780:a:1::a - - [11/Jan/2023:00:57:32 +0100] "GET /wp-commentin.php HTTP/1.1" 404 2164 "-" "Mozilla/5.0 (iPhone; CPU iPhone OS 12_3_1 like Mac OS X) AppleWebKit/605.1.15 (KHTML, like Gecko) Version/12.1.1 Mobile/15E148 Safari/604.1"
147.78.47.249 - - [11/Jan/2023:02:41:20 +0100] "GET /_ignition/health-check/ HTTP/1.1" 404 2165 "http://admin.safarimaris.com/_ignition/health-check/" "Mozilla/5.0 (Windows NT 10.0; Win64; x64) AppleWebKit/537.36 (KHTML, like Gecko) Chrome/105.0.0.0 Safari/537.36"
147.78.47.249 - - [11/Jan/2023:02:41:18 +0100] "GET /public/_ignition/health-check/ HTTP/1.1" 404 2164 "http://admin.safarimaris.com/public/_ignition/health-check/" "Mozilla/5.0 (Windows NT 10.0; Win64; x64) AppleWebKit/537.36 (KHTML, like Gecko) Chrome/105.0.0.0 Safari/537.36"
147.78.47.249 - - [11/Jan/2023:02:41:22 +0100] "GET /wp-includes/wlwmanifest.xml HTTP/1.1" 404 2160 "http://admin.safarimaris.com/wp-includes/wlwmanifest.xml" "Mozilla/5.0 (Windows NT 10.0; Win64; x64) AppleWebKit/537.36 (KHTML, like Gecko) Chrome/105.0.0.0 Safari/537.36"
2a01:4f8:120:73eb::2 - - [11/Jan/2023:03:19:47 +0100] "GET /.well-known/acme-challenge/ZCAB5K9THML3N44Q8JCZ6WPUT8_BF41Q HTTP/1.1" 200 64 "-" "Cpanel-HTTP-Client/1.0"
104.143.83.241 - - [11/Jan/2023:03:48:36 +0100] "GET / HTTP/1.1" 302 0 "http://admin.safarimaris.com/" "Mozilla/5.0 zgrab/0.x"
104.143.83.241 - - [11/Jan/2023:03:48:36 +0100] "GET /site/login HTTP/1.1" 200 1648 "https://admin.safarimaris.com/" "Mozilla/5.0 zgrab/0.x"
2a01:4f8:120:73eb::2 - - [11/Jan/2023:06:19:49 +0100] "GET /.well-known/acme-challenge/CJ5US32MK0EBIBIT96ROIU3AOO5MEL-L HTTP/1.1" 200 64 "-" "Cpanel-HTTP-Client/1.0"
194.163.137.108 - - [11/Jan/2023:06:30:52 +0100] "GET /blog/ HTTP/1.1" 404 2166 "-" "Mozilla/5.0 (Windows NT 6.3; Win64; x64; rv:63.0) Gecko/20100101 Firefox/63.0"
194.163.137.108 - - [11/Jan/2023:06:30:52 +0100] "GET /wordpress/ HTTP/1.1" 404 2167 "-" "Mozilla/5.0 (Windows NT 6.3; Win64; x64; rv:63.0) Gecko/20100101 Firefox/63.0"
194.163.137.108 - - [11/Jan/2023:06:30:52 +0100] "GET /wp/ HTTP/1.1" 404 2167 "-" "Mozilla/5.0 (Windows NT 6.3; Win64; x64; rv:63.0) Gecko/20100101 Firefox/63.0"
194.163.137.108 - - [11/Jan/2023:06:30:53 +0100] "GET /new/ HTTP/1.1" 404 2167 "-" "Mozilla/5.0 (Windows NT 6.3; Win64; x64; rv:63.0) Gecko/20100101 Firefox/63.0"
194.163.137.108 - - [11/Jan/2023:06:30:53 +0100] "GET /test/ HTTP/1.1" 404 2167 "-" "Mozilla/5.0 (Windows NT 6.3; Win64; x64; rv:63.0) Gecko/20100101 Firefox/63.0"
194.163.137.108 - - [11/Jan/2023:06:30:53 +0100] "GET /backup/ HTTP/1.1" 404 2166 "-" "Mozilla/5.0 (Windows NT 6.3; Win64; x64; rv:63.0) Gecko/20100101 Firefox/63.0"
194.163.137.108 - - [11/Jan/2023:06:30:53 +0100] "GET /old/ HTTP/1.1" 404 2166 "-" "Mozilla/5.0 (Windows NT 6.3; Win64; x64; rv:63.0) Gecko/20100101 Firefox/63.0"
194.163.137.108 - - [11/Jan/2023:06:30:53 +0100] "GET /temp/ HTTP/1.1" 404 2165 "-" "Mozilla/5.0 (Windows NT 6.3; Win64; x64; rv:63.0) Gecko/20100101 Firefox/63.0"
194.163.137.108 - - [11/Jan/2023:06:30:53 +0100] "GET / HTTP/1.1" 302 0 "-" "Mozilla/5.0 (Windows NT 6.3; Win64; x64; rv:63.0) Gecko/20100101 Firefox/63.0"
194.163.137.108 - - [11/Jan/2023:06:30:54 +0100] "GET /site/login HTTP/1.1" 200 1644 "-" "Mozilla/5.0 (Windows NT 6.3; Win64; x64; rv:63.0) Gecko/20100101 Firefox/63.0"
2a01:4f8:120:73eb::2 - - [11/Jan/2023:09:19:47 +0100] "GET /.well-known/acme-challenge/I-Y3NTUR82LXNS9ROY00URCQ_QIU97U8 HTTP/1.1" 200 64 "-" "Cpanel-HTTP-Client/1.0"
57.128.85.20 - - [11/Jan/2023:11:50:40 +0100] "GET / HTTP/1.1" 302 0 "-" "Mozilla/5.0 (Windows NT 10.0; Win64; x64) AppleWebKit/537.36 (KHTML, like Gecko) Chrome/89.0.4389.114 Safari/537.36"
57.128.85.20 - - [11/Jan/2023:11:50:40 +0100] "GET /site/login/wp-includes/wlwmanifest.xml HTTP/1.1" 404 2164 "-" "Mozilla/5.0 (Windows NT 10.0; Win64; x64) AppleWebKit/537.36 (KHTML, like Gecko) Chrome/89.0.4389.114 Safari/537.36"
57.128.85.20 - - [11/Jan/2023:11:50:40 +0100] "GET /site/login/xmlrpc.php?rsd HTTP/1.1" 404 2167 "-" "Mozilla/5.0 (Windows NT 10.0; Win64; x64) AppleWebKit/537.36 (KHTML, like Gecko) Chrome/89.0.4389.114 Safari/537.36"
57.128.85.20 - - [11/Jan/2023:11:50:40 +0100] "GET /site/login HTTP/1.1" 200 1646 "-" "Mozilla/5.0 (Windows NT 10.0; Win64; x64) AppleWebKit/537.36 (KHTML, like Gecko) Chrome/89.0.4389.114 Safari/537.36"
57.128.85.20 - - [11/Jan/2023:11:50:40 +0100] "GET /site/login/blog/wp-includes/wlwmanifest.xml HTTP/1.1" 404 2172 "-" "Mozilla/5.0 (Windows NT 10.0; Win64; x64) AppleWebKit/537.36 (KHTML, like Gecko) Chrome/89.0.4389.114 Safari/537.36"
57.128.85.20 - - [11/Jan/2023:11:50:40 +0100] "GET /site/login/web/wp-includes/wlwmanifest.xml HTTP/1.1" 404 2169 "-" "Mozilla/5.0 (Windows NT 10.0; Win64; x64) AppleWebKit/537.36 (KHTML, like Gecko) Chrome/89.0.4389.114 Safari/537.36"
57.128.85.20 - - [11/Jan/2023:11:50:40 +0100] "GET /site/login/wordpress/wp-includes/wlwmanifest.xml HTTP/1.1" 404 2169 "-" "Mozilla/5.0 (Windows NT 10.0; Win64; x64) AppleWebKit/537.36 (KHTML, like Gecko) Chrome/89.0.4389.114 Safari/537.36"
57.128.85.20 - - [11/Jan/2023:11:50:40 +0100] "GET /site/login/website/wp-includes/wlwmanifest.xml HTTP/1.1" 404 2167 "-" "Mozilla/5.0 (Windows NT 10.0; Win64; x64) AppleWebKit/537.36 (KHTML, like Gecko) Chrome/89.0.4389.114 Safari/537.36"
57.128.85.20 - - [11/Jan/2023:11:50:40 +0100] "GET /site/login/wp/wp-includes/wlwmanifest.xml HTTP/1.1" 404 2168 "-" "Mozilla/5.0 (Windows NT 10.0; Win64; x64) AppleWebKit/537.36 (KHTML, like Gecko) Chrome/89.0.4389.114 Safari/537.36"
57.128.85.20 - - [11/Jan/2023:11:50:40 +0100] "GET /site/login/news/wp-includes/wlwmanifest.xml HTTP/1.1" 404 2165 "-" "Mozilla/5.0 (Windows NT 10.0; Win64; x64) AppleWebKit/537.36 (KHTML, like Gecko) Chrome/89.0.4389.114 Safari/537.36"
57.128.85.20 - - [11/Jan/2023:11:50:40 +0100] "GET /site/login/2020/wp-includes/wlwmanifest.xml HTTP/1.1" 404 2166 "-" "Mozilla/5.0 (Windows NT 10.0; Win64; x64) AppleWebKit/537.36 (KHTML, like Gecko) Chrome/89.0.4389.114 Safari/537.36"
57.128.85.20 - - [11/Jan/2023:11:50:40 +0100] "GET /site/login/2019/wp-includes/wlwmanifest.xml HTTP/1.1" 404 2167 "-" "Mozilla/5.0 (Windows NT 10.0; Win64; x64) AppleWebKit/537.36 (KHTML, like Gecko) Chrome/89.0.4389.114 Safari/537.36"
57.128.85.20 - - [11/Jan/2023:11:50:40 +0100] "GET /site/login/shop/wp-includes/wlwmanifest.xml HTTP/1.1" 404 2166 "-" "Mozilla/5.0 (Windows NT 10.0; Win64; x64) AppleWebKit/537.36 (KHTML, like Gecko) Chrome/89.0.4389.114 Safari/537.36"
57.128.85.20 - - [11/Jan/2023:11:50:40 +0100] "GET /site/login/wp1/wp-includes/wlwmanifest.xml HTTP/1.1" 404 2169 "-" "Mozilla/5.0 (Windows NT 10.0; Win64; x64) AppleWebKit/537.36 (KHTML, like Gecko) Chrome/89.0.4389.114 Safari/537.36"
57.128.85.20 - - [11/Jan/2023:11:50:40 +0100] "GET /site/login/test/wp-includes/wlwmanifest.xml HTTP/1.1" 404 2167 "-" "Mozilla/5.0 (Windows NT 10.0; Win64; x64) AppleWebKit/537.36 (KHTML, like Gecko) Chrome/89.0.4389.114 Safari/537.36"
57.128.85.20 - - [11/Jan/2023:11:50:40 +0100] "GET /site/login/wp2/wp-includes/wlwmanifest.xml HTTP/1.1" 404 2168 "-" "Mozilla/5.0 (Windows NT 10.0; Win64; x64) AppleWebKit/537.36 (KHTML, like Gecko) Chrome/89.0.4389.114 Safari/537.36"
57.128.85.20 - - [11/Jan/2023:11:50:40 +0100] "GET /site/login/site/wp-includes/wlwmanifest.xml HTTP/1.1" 404 2164 "-" "Mozilla/5.0 (Windows NT 10.0; Win64; x64) AppleWebKit/537.36 (KHTML, like Gecko) Chrome/89.0.4389.114 Safari/537.36"
3.236.244.215 - - [11/Jan/2023:11:52:26 +0100] "GET /sftp-config.json HTTP/1.1" 404 2166 "-" "Mozilla/5.0 (Macintosh; Intel Mac OS X 10.15; rv:77.0) Gecko/20100101 Firefox/77.0"
57.128.85.20 - - [11/Jan/2023:11:50:40 +0100] "GET /site/login/cms/wp-includes/wlwmanifest.xml HTTP/1.1" 404 2169 "-" "Mozilla/5.0 (Windows NT 10.0; Win64; x64) AppleWebKit/537.36 (KHTML, like Gecko) Chrome/89.0.4389.114 Safari/537.36"
57.128.85.20 - - [11/Jan/2023:11:50:40 +0100] "GET /site/login/sito/wp-includes/wlwmanifest.xml HTTP/1.1" 404 2173 "-" "Mozilla/5.0 (Windows NT 10.0; Win64; x64) AppleWebKit/537.36 (KHTML, like Gecko) Chrome/89.0.4389.114 Safari/537.36"
3.236.244.215 - - [11/Jan/2023:11:52:27 +0100] "GET /.vscode/sftp.json HTTP/1.1" 404 2169 "-" "Mozilla/5.0 (Macintosh; Intel Mac OS X 10.15; rv:77.0) Gecko/20100101 Firefox/77.0"
2a01:4f8:120:73eb::2 - - [11/Jan/2023:12:19:48 +0100] "GET /.well-known/acme-challenge/QN_SETAHXG1HOAOHTE5RYPH9SEJU8JKW HTTP/1.1" 200 64 "-" "Cpanel-HTTP-Client/1.0"
194.169.175.71 - - [11/Jan/2023:13:58:34 +0100] "GET /.well-known/ HTTP/1.1" 200 689 "binance.com" "Mozilla/5.0 (Windows NT 10.0; Win64; x64) AppleWebKit/537.36 (KHTML, like Gecko) Chrome/90.0.4430.85 Safari/537.36"
194.169.175.71 - - [11/Jan/2023:13:59:14 +0100] "GET /admin/controller/extension/extension/ HTTP/1.1" 404 2165 "binance.com" "Mozilla/5.0 (Windows NT 10.0; Win64; x64) AppleWebKit/537.36 (KHTML, like Gecko) Chrome/90.0.4430.85 Safari/537.36"
194.169.175.71 - - [11/Jan/2023:13:58:57 +0100] "GET /sites/default/files/ HTTP/1.1" 404 2167 "binance.com" "Mozilla/5.0 (Windows NT 10.0; Win64; x64) AppleWebKit/537.36 (KHTML, like Gecko) Chrome/90.0.4430.85 Safari/537.36"
194.169.175.71 - - [11/Jan/2023:13:58:11 +0100] "GET /wp-admin/css/ HTTP/1.1" 404 2166 "binance.com" "Mozilla/5.0 (Windows NT 10.0; Win64; x64) AppleWebKit/537.36 (KHTML, like Gecko) Chrome/90.0.4430.85 Safari/537.36"
194.169.175.71 - - [11/Jan/2023:13:59:36 +0100] "GET /uploads/ HTTP/1.1" 404 2169 "binance.com" "Mozilla/5.0 (Windows NT 10.0; Win64; x64) AppleWebKit/537.36 (KHTML, like Gecko) Chrome/90.0.4430.85 Safari/537.36"
194.169.175.71 - - [11/Jan/2023:14:19:58 +0100] "GET /images/ HTTP/1.1" 200 690 "binance.com" "Mozilla/5.0 (Windows NT 10.0; Win64; x64) AppleWebKit/537.36 (KHTML, like Gecko) Chrome/90.0.4430.85 Safari/537.36"
194.169.175.71 - - [11/Jan/2023:14:20:19 +0100] "GET /files/ HTTP/1.1" 404 2167 "binance.com" "Mozilla/5.0 (Windows NT 10.0; Win64; x64) AppleWebKit/537.36 (KHTML, like Gecko) Chrome/90.0.4430.85 Safari/537.36"
2001:41d0:203:4a77:: - - [11/Jan/2023:15:21:27 +0100] "POST /wallet/.env HTTP/1.1" 404 2162 "-" "curl/7.64.0"
2a01:4f8:120:73eb::2 - - [11/Jan/2023:15:19:48 +0100] "GET /.well-known/acme-challenge/4DDZU07GCGRYYITRO621XTSW-E2F1-EW HTTP/1.1" 200 64 "-" "Cpanel-HTTP-Client/1.0"
87.236.176.60 - - [11/Jan/2023:17:27:17 +0100] "GET /site/login HTTP/1.1" 200 1648 "https://admin.safarimaris.com/" "Mozilla/5.0 (compatible; InternetMeasurement/1.0; +https://internet-measurement.com/)"
2a06:4880:f000::c5 - - [11/Jan/2023:17:27:18 +0100] "GET /favicon.ico HTTP/1.1" 200 318 "-" "Mozilla/5.0 (Windows NT 10.0; Win64; x64) AppleWebKit/537.36 (KHTML, like Gecko) Chrome/95.0.4638.69 Safari/537.36"
87.236.176.60 - - [11/Jan/2023:17:27:17 +0100] "GET / HTTP/1.1" 302 0 "http://admin.safarimaris.com:2095" "Mozilla/5.0 (compatible; InternetMeasurement/1.0; +https://internet-measurement.com/)"
2a01:4f8:120:73eb::2 - - [11/Jan/2023:18:19:49 +0100] "GET /.well-known/acme-challenge/260X0J8ME-HKSQG4D27YJ9QMPIDJ0O18 HTTP/1.1" 200 64 "-" "Cpanel-HTTP-Client/1.0"
216.131.89.38 - - [11/Jan/2023:18:13:23 +0100] "GET / HTTP/1.1" 302 0 "http://admin.safarimaris.com/" "Go-http-client/2.0"
216.131.89.38 - - [11/Jan/2023:18:13:23 +0100] "GET /site/login HTTP/1.1" 200 1649 "https://admin.safarimaris.com/" "Go-http-client/2.0"
216.131.89.38 - - [11/Jan/2023:18:13:23 +0100] "GET /wp-includes/css/buttons.css HTTP/1.1" 404 2165 "http://admin.safarimaris.com/wp-includes/css/buttons.css" "Go-http-client/2.0"
216.131.89.38 - - [11/Jan/2023:18:13:23 +0100] "GET /media/system/js/core.js HTTP/1.1" 404 2166 "http://admin.safarimaris.com/media/system/js/core.js" "Go-http-client/2.0"
103.154.185.167 - - [11/Jan/2023:20:10:30 +0100] "GET /wp-login.php HTTP/1.1" 404 2170 "http://admin.safarimaris.com/wp-login.php" "Mozilla/5.0 (Windows NT 10.0; Win64; x64; rv:96.0) Gecko/20100101 Firefox/96"
2a01:4f8:120:73eb::2 - - [11/Jan/2023:21:19:48 +0100] "GET /.well-known/acme-challenge/9WQK392Z9CCF0SH4EN7MKYFF2ZWTHDSN HTTP/1.1" 200 64 "-" "Cpanel-HTTP-Client/1.0"
20.225.220.28 - - [11/Jan/2023:22:46:34 +0100] "GET //wp-includes/ID3/license.txt HTTP/1.1" 404 2168 "-" "Mozilla/5.0 (Windows NT 10.0; Win64; x64) AppleWebKit/537.36 (KHTML, like Gecko) Chrome/95.0.4638.69 Safari/537.36"
20.225.220.28 - - [11/Jan/2023:22:46:34 +0100] "GET //feed/ HTTP/1.1" 404 2165 "-" "Mozilla/5.0 (Windows NT 10.0; Win64; x64) AppleWebKit/537.36 (KHTML, like Gecko) Chrome/95.0.4638.69 Safari/537.36"
20.225.220.28 - - [11/Jan/2023:22:46:34 +0100] "GET //xmlrpc.php?rsd HTTP/1.1" 404 2169 "-" "Mozilla/5.0 (Windows NT 10.0; Win64; x64) AppleWebKit/537.36 (KHTML, like Gecko) Chrome/95.0.4638.69 Safari/537.36"
20.225.220.28 - - [11/Jan/2023:22:46:34 +0100] "GET //blog/wp-includes/wlwmanifest.xml HTTP/1.1" 404 2168 "-" "Mozilla/5.0 (Windows NT 10.0; Win64; x64) AppleWebKit/537.36 (KHTML, like Gecko) Chrome/95.0.4638.69 Safari/537.36"
20.225.220.28 - - [11/Jan/2023:22:46:34 +0100] "GET //web/wp-includes/wlwmanifest.xml HTTP/1.1" 404 2166 "-" "Mozilla/5.0 (Windows NT 10.0; Win64; x64) AppleWebKit/537.36 (KHTML, like Gecko) Chrome/95.0.4638.69 Safari/537.36"
20.225.220.28 - - [11/Jan/2023:22:46:35 +0100] "GET //wordpress/wp-includes/wlwmanifest.xml HTTP/1.1" 404 2162 "-" "Mozilla/5.0 (Windows NT 10.0; Win64; x64) AppleWebKit/537.36 (KHTML, like Gecko) Chrome/95.0.4638.69 Safari/537.36"
20.225.220.28 - - [11/Jan/2023:22:46:35 +0100] "GET //wp/wp-includes/wlwmanifest.xml HTTP/1.1" 404 2167 "-" "Mozilla/5.0 (Windows NT 10.0; Win64; x64) AppleWebKit/537.36 (KHTML, like Gecko) Chrome/95.0.4638.69 Safari/537.36"
20.225.220.28 - - [11/Jan/2023:22:46:35 +0100] "GET //2020/wp-includes/wlwmanifest.xml HTTP/1.1" 404 2167 "-" "Mozilla/5.0 (Windows NT 10.0; Win64; x64) AppleWebKit/537.36 (KHTML, like Gecko) Chrome/95.0.4638.69 Safari/537.36"
20.225.220.28 - - [11/Jan/2023:22:46:35 +0100] "GET //2019/wp-includes/wlwmanifest.xml HTTP/1.1" 404 2168 "-" "Mozilla/5.0 (Windows NT 10.0; Win64; x64) AppleWebKit/537.36 (KHTML, like Gecko) Chrome/95.0.4638.69 Safari/537.36"
20.225.220.28 - - [11/Jan/2023:22:46:35 +0100] "GET //2021/wp-includes/wlwmanifest.xml HTTP/1.1" 404 2167 "-" "Mozilla/5.0 (Windows NT 10.0; Win64; x64) AppleWebKit/537.36 (KHTML, like Gecko) Chrome/95.0.4638.69 Safari/537.36"
20.225.220.28 - - [11/Jan/2023:22:46:36 +0100] "GET //shop/wp-includes/wlwmanifest.xml HTTP/1.1" 404 2171 "-" "Mozilla/5.0 (Windows NT 10.0; Win64; x64) AppleWebKit/537.36 (KHTML, like Gecko) Chrome/95.0.4638.69 Safari/537.36"
20.225.220.28 - - [11/Jan/2023:22:46:36 +0100] "GET //wp1/wp-includes/wlwmanifest.xml HTTP/1.1" 404 2164 "-" "Mozilla/5.0 (Windows NT 10.0; Win64; x64) AppleWebKit/537.36 (KHTML, like Gecko) Chrome/95.0.4638.69 Safari/537.36"
20.225.220.28 - - [11/Jan/2023:22:46:36 +0100] "GET //test/wp-includes/wlwmanifest.xml HTTP/1.1" 404 2165 "-" "Mozilla/5.0 (Windows NT 10.0; Win64; x64) AppleWebKit/537.36 (KHTML, like Gecko) Chrome/95.0.4638.69 Safari/537.36"
20.225.220.28 - - [11/Jan/2023:22:46:36 +0100] "GET //site/wp-includes/wlwmanifest.xml HTTP/1.1" 404 2170 "-" "Mozilla/5.0 (Windows NT 10.0; Win64; x64) AppleWebKit/537.36 (KHTML, like Gecko) Chrome/95.0.4638.69 Safari/537.36"
20.225.220.28 - - [11/Jan/2023:22:46:36 +0100] "GET //cms/wp-includes/wlwmanifest.xml HTTP/1.1" 404 2170 "-" "Mozilla/5.0 (Windows NT 10.0; Win64; x64) AppleWebKit/537.36 (KHTML, like Gecko) Chrome/95.0.4638.69 Safari/537.36"
199.195.250.129 - - [11/Jan/2023:23:23:00 +0100] "GET /?a=fetch HTTP/1.1" 302 0 "-" "Mozilla/5.0 (X11; Linux x86_64; rv:68.0) Gecko/20100101 Firefox/68.0"
199.195.250.129 - - [11/Jan/2023:23:23:00 +0100] "GET /.env HTTP/1.1" 404 2172 "-" "Mozilla/5.0 (Macintosh; Intel Mac OS X 10_8_4) AppleWebKit/537.36 (KHTML, like Gecko) Chrome/49.0.2656.18 Safari/537.36"
199.195.250.129 - - [11/Jan/2023:23:23:00 +0100] "GET /sqlbuddy/login.php HTTP/1.1" 404 2162 "-" "Mozilla/5.0 (X11; Ubuntu; Linux i686 on x86_64) AppleWebKit/537.36 (KHTML, like Gecko) Chrome/53.0.2820.59 Safari/537.36"
165.22.20.154 - - [12/Jan/2023:00:09:34 +0100] "GET /wp-login.php HTTP/1.1" 404 2165 "http://admin.safarimaris.com" "Mozilla/5.0 (Windows NT 6.3; WOW64) AppleWebKit/537.36 (KHTML, like Gecko) Chrome/41.0.2226.0 Safari/537.36"
165.22.20.154 - - [12/Jan/2023:00:09:35 +0100] "GET /wp/wp-login.php HTTP/1.1" 404 2166 "http://admin.safarimaris.com" "Mozilla/5.0 (Windows NT 6.3; WOW64) AppleWebKit/537.36 (KHTML, like Gecko) Chrome/41.0.2226.0 Safari/537.36"
165.22.20.154 - - [12/Jan/2023:00:09:34 +0100] "HEAD / HTTP/1.1" 302 0 "https://www.bing.com" "Mozilla/5.0 (Windows NT 6.3; WOW64) AppleWebKit/537.36 (KHTML, like Gecko) Chrome/41.0.2226.0 Safari/537.36"
165.22.20.154 - - [12/Jan/2023:00:09:34 +0100] "HEAD /site/login HTTP/1.1" 200 0 "https://www.bing.com" "Mozilla/5.0 (Windows NT 6.3; WOW64) AppleWebKit/537.36 (KHTML, like Gecko) Chrome/41.0.2226.0 Safari/537.36"
165.22.20.154 - - [12/Jan/2023:00:09:34 +0100] "GET /wordpress/wp-login.php HTTP/1.1" 404 2171 "http://admin.safarimaris.com" "Mozilla/5.0 (Windows NT 6.3; WOW64) AppleWebKit/537.36 (KHTML, like Gecko) Chrome/41.0.2226.0 Safari/537.36"
165.22.20.154 - - [12/Jan/2023:00:09:35 +0100] "GET /blog/wp-login.php HTTP/1.1" 404 2164 "http://admin.safarimaris.com" "Mozilla/5.0 (Windows NT 6.3; WOW64) AppleWebKit/537.36 (KHTML, like Gecko) Chrome/41.0.2226.0 Safari/537.36"
2a01:4f8:120:73eb::2 - - [12/Jan/2023:00:19:45 +0100] "GET /.well-known/acme-challenge/61JP3VI0H0W_UX7U4161I5EXA-NJH-BE HTTP/1.1" 200 64 "-" "Cpanel-HTTP-Client/1.0"
199.195.250.129 - - [12/Jan/2023:00:52:01 +0100] "POST /spread.php HTTP/1.1" 404 2169 "-" "Mozilla/5.0 (Macintosh; Intel Mac OS X 10_15_8) AppleWebKit/538.36 (KHTML, like Gecko)"
199.195.250.129 - - [12/Jan/2023:00:52:08 +0100] "POST /vendor/phpunit/phpunit/src/Util/PHP/eval-stdin.php HTTP/1.1" 404 2165 "-" "Mozilla/5.0 (X11; Linux x86_64; rv:68.0) Gecko/20100101 Firefox/68.0"
2a01:4f8:120:73eb::2 - - [12/Jan/2023:03:19:48 +0100] "GET /.well-known/acme-challenge/OEGWQFDDD321__93A46XXAJ6SRG9BY2F HTTP/1.1" 200 64 "-" "Cpanel-HTTP-Client/1.0"
104.143.83.241 - - [12/Jan/2023:04:00:08 +0100] "GET / HTTP/1.1" 302 0 "http://admin.safarimaris.com/" "Mozilla/5.0 zgrab/0.x"
104.143.83.241 - - [12/Jan/2023:04:00:08 +0100] "GET /site/login HTTP/1.1" 200 1644 "https://admin.safarimaris.com/" "Mozilla/5.0 zgrab/0.x"
54.225.24.23 - - [12/Jan/2023:05:05:36 +0100] "GET /php.php HTTP/1.1" 404 2172 "-" "Mozilla/5.0 (Macintosh; Intel Mac OS X 10.15; rv:77.0) Gecko/20100101 Firefox/77.0"
54.225.24.23 - - [12/Jan/2023:05:05:33 +0100] "GET /phpinfo.php HTTP/1.1" 404 2167 "-" "Mozilla/5.0 (Macintosh; Intel Mac OS X 10.15; rv:77.0) Gecko/20100101 Firefox/77.0"
54.225.24.23 - - [12/Jan/2023:05:05:35 +0100] "GET /.env HTTP/1.1" 404 2166 "-" "Mozilla/5.0 (Macintosh; Intel Mac OS X 10.15; rv:77.0) Gecko/20100101 Firefox/77.0"
54.225.24.23 - - [12/Jan/2023:05:05:39 +0100] "GET /info.php HTTP/1.1" 404 2168 "-" "Mozilla/5.0 (Macintosh; Intel Mac OS X 10.15; rv:77.0) Gecko/20100101 Firefox/77.0"
2a01:4f8:120:73eb::2 - - [12/Jan/2023:06:21:19 +0100] "GET /.well-known/acme-challenge/9TK42TVQFFM4Y9FXM4747Y7ZV42SLUZR HTTP/1.1" 200 64 "-" "Cpanel-HTTP-Client/1.0"
184.168.116.165 - - [12/Jan/2023:06:32:33 +0100] "GET /style.php?sig=rename HTTP/1.1" 404 2169 "-" "Mozilla/5.0 (iPhone; CPU iPhone OS 13_5_1 like Mac OS X) AppleWebKit/605.1.15 (KHTML, like Gecko) Version/13.1.1 Mobile/15E148 Safari/604.1"
184.168.116.165 - - [12/Jan/2023:06:32:33 +0100] "GET /wp-admin/style.php?sig=rename HTTP/1.1" 404 2164 "-" "Mozilla/5.0 (Windows NT 10.0; Win64; x64) AppleWebKit/537.36 (KHTML, like Gecko) Chrome/81.0.4044.138 Safari/537.36"
2a01:4f8:120:73eb::2 - - [12/Jan/2023:09:19:48 +0100] "GET /.well-known/acme-challenge/78D5N6QI2CG7U6X32UIIO6ZES1TEDSIC HTTP/1.1" 200 64 "-" "Cpanel-HTTP-Client/1.0"
54.185.170.203 - - [12/Jan/2023:09:55:32 +0100] "GET /assets/7a387416/js/adminlte.min.js?v=1631880436 HTTP/1.1" 200 3511 "https://admin.safarimaris.com/site/login" "Mozilla/5.0 (Windows NT 10.0; Win64; x64; rv:57.0) Gecko/20100101 Firefox/57.0"
54.185.170.203 - - [12/Jan/2023:09:55:32 +0100] "GET /assets/451acc87/js/bootstrap.js?v=1631880436 HTTP/1.1" 200 14437 "https://admin.safarimaris.com/site/login" "Mozilla/5.0 (Windows NT 10.0; Win64; x64; rv:57.0) Gecko/20100101 Firefox/57.0"
54.185.170.203 - - [12/Jan/2023:09:55:32 +0100] "GET /assets/fda5a263/yii.js?v=1631880436 HTTP/1.1" 200 5773 "https://admin.safarimaris.com/site/login" "Mozilla/5.0 (Windows NT 10.0; Win64; x64; rv:57.0) Gecko/20100101 Firefox/57.0"
54.185.170.203 - - [12/Jan/2023:09:55:32 +0100] "GET /assets/fda5a263/yii.validation.js?v=1631880436 HTTP/1.1" 200 2998 "https://admin.safarimaris.com/site/login" "Mozilla/5.0 (Windows NT 10.0; Win64; x64; rv:57.0) Gecko/20100101 Firefox/57.0"
54.191.62.50 - - [12/Jan/2023:09:55:34 +0100] "GET /favicon.ico HTTP/1.1" 200 318 "http://admin.safarimaris.com/favicon.ico" "curl/7.58.0"
54.185.170.203 - - [12/Jan/2023:09:55:32 +0100] "GET /assets/fda5a263/yii.activeForm.js?v=1631880436 HTTP/1.1" 200 7145 "https://admin.safarimaris.com/site/login" "Mozilla/5.0 (Windows NT 10.0; Win64; x64; rv:57.0) Gecko/20100101 Firefox/57.0"
54.185.170.203 - - [12/Jan/2023:09:55:32 +0100] "GET /js/all.js?v=1633535724 HTTP/1.1" 200 191 "https://admin.safarimaris.com/site/login" "Mozilla/5.0 (Windows NT 10.0; Win64; x64; rv:57.0) Gecko/20100101 Firefox/57.0"
54.185.170.203 - - [12/Jan/2023:09:55:32 +0100] "GET /css/site.css?v=1637931491 HTTP/1.1" 200 1226 "https://admin.safarimaris.com/site/login" "Mozilla/5.0 (Windows NT 10.0; Win64; x64; rv:57.0) Gecko/20100101 Firefox/57.0"
54.185.170.203 - - [12/Jan/2023:09:55:31 +0100] "GET / HTTP/1.1" 302 0 "-" "Mozilla/5.0 (Windows NT 10.0; Win64; x64; rv:57.0) Gecko/20100101 Firefox/57.0"
54.185.170.203 - - [12/Jan/2023:09:55:31 +0100] "GET /site/login HTTP/1.1" 200 1652 "-" "Mozilla/5.0 (Windows NT 10.0; Win64; x64; rv:57.0) Gecko/20100101 Firefox/57.0"
54.185.170.203 - - [12/Jan/2023:09:55:32 +0100] "GET /assets/3087338e/css/font-awesome.min.css?v=1631880436 HTTP/1.1" 200 6989 "https://admin.safarimaris.com/site/login" "Mozilla/5.0 (Windows NT 10.0; Win64; x64; rv:57.0) Gecko/20100101 Firefox/57.0"
54.185.170.203 - - [12/Jan/2023:09:55:32 +0100] "GET /assets/ae905078/jquery.js?v=1631880436 HTTP/1.1" 200 76517 "https://admin.safarimaris.com/site/login" "Mozilla/5.0 (Windows NT 10.0; Win64; x64; rv:57.0) Gecko/20100101 Firefox/57.0"
54.185.170.203 - - [12/Jan/2023:09:55:32 +0100] "GET /assets/451acc87/css/bootstrap.css?v=1631880436 HTTP/1.1" 200 21312 "https://admin.safarimaris.com/site/login" "Mozilla/5.0 (Windows NT 10.0; Win64; x64; rv:57.0) Gecko/20100101 Firefox/57.0"
54.185.170.203 - - [12/Jan/2023:09:55:32 +0100] "GET /assets/7a387416/css/skins/_all-skins.min.css?v=1631880436 HTTP/1.1" 200 3359 "https://admin.safarimaris.com/site/login" "Mozilla/5.0 (Windows NT 10.0; Win64; x64; rv:57.0) Gecko/20100101 Firefox/57.0"
54.185.170.203 - - [12/Jan/2023:09:55:32 +0100] "GET /assets/7a387416/css/AdminLTE.min.css?v=1631880436 HTTP/1.1" 200 16883 "https://admin.safarimaris.com/site/login" "Mozilla/5.0 (Windows NT 10.0; Win64; x64; rv:57.0) Gecko/20100101 Firefox/57.0"
2a01:4f8:120:73eb::2 - - [12/Jan/2023:12:19:52 +0100] "GET /.well-known/acme-challenge/Y53IC3LG8UIHOW6FPQN4G5DZR4EVJZ4X HTTP/1.1" 200 64 "-" "Cpanel-HTTP-Client/1.0"
2a01:4f8:120:73eb::2 - - [12/Jan/2023:15:19:51 +0100] "GET /.well-known/acme-challenge/-QBOAXJ0T3MI29R0GC2LSY473397DJEA HTTP/1.1" 200 64 "-" "Cpanel-HTTP-Client/1.0"
87.236.176.234 - - [12/Jan/2023:17:27:58 +0100] "GET / HTTP/1.1" 302 0 "http://admin.safarimaris.com:2082" "Mozilla/5.0 (compatible; InternetMeasurement/1.0; +https://internet-measurement.com/)"
2a06:4880:3000::34 - - [12/Jan/2023:17:27:59 +0100] "GET /favicon.ico HTTP/1.1" 200 318 "-" "Mozilla/5.0 (Windows NT 10.0; Win64; x64) AppleWebKit/537.36 (KHTML, like Gecko) Chrome/95.0.4638.69 Safari/537.36"
87.236.176.234 - - [12/Jan/2023:17:27:58 +0100] "GET /site/login HTTP/1.1" 200 1646 "https://admin.safarimaris.com/" "Mozilla/5.0 (compatible; InternetMeasurement/1.0; +https://internet-measurement.com/)"
199.195.250.129 - - [12/Jan/2023:17:30:41 +0100] "POST /bin/sh HTTP/1.1" 404 2167 "-" "Mozilla/5.0 (X11; Linux x86_64; rv:88.0) Gecko/20100101 Firefox/88.0"
2a01:4f8:120:73eb::2 - - [12/Jan/2023:18:19:50 +0100] "GET /.well-known/acme-challenge/2Y693TKRHAEU_RO1DL7C8HY5_EBZIBU2 HTTP/1.1" 200 64 "-" "Cpanel-HTTP-Client/1.0"
43.130.90.169 - - [12/Jan/2023:18:32:57 +0100] "GET /wp-admin/css/ HTTP/1.1" 404 2167 "binance.com" "Mozilla/5.0 (Windows NT 10.0; Win64; x64) AppleWebKit/537.36 (KHTML, like Gecko) Chrome/90.0.4430.85 Safari/537.36"
43.130.90.169 - - [12/Jan/2023:18:33:05 +0100] "GET /sites/default/files/ HTTP/1.1" 404 2164 "binance.com" "Mozilla/5.0 (Windows NT 10.0; Win64; x64) AppleWebKit/537.36 (KHTML, like Gecko) Chrome/90.0.4430.85 Safari/537.36"
43.130.90.169 - - [12/Jan/2023:18:33:07 +0100] "GET /admin/controller/extension/extension/ HTTP/1.1" 404 2169 "binance.com" "Mozilla/5.0 (Windows NT 10.0; Win64; x64) AppleWebKit/537.36 (KHTML, like Gecko) Chrome/90.0.4430.85 Safari/537.36"
43.130.90.169 - - [12/Jan/2023:18:33:01 +0100] "GET /.well-known/ HTTP/1.1" 200 690 "binance.com" "Mozilla/5.0 (Windows NT 10.0; Win64; x64) AppleWebKit/537.36 (KHTML, like Gecko) Chrome/90.0.4430.85 Safari/537.36"
43.130.90.169 - - [12/Jan/2023:18:33:08 +0100] "GET /uploads/ HTTP/1.1" 404 2170 "binance.com" "Mozilla/5.0 (Windows NT 10.0; Win64; x64) AppleWebKit/537.36 (KHTML, like Gecko) Chrome/90.0.4430.85 Safari/537.36"
43.130.90.169 - - [12/Jan/2023:18:33:11 +0100] "GET /images/ HTTP/1.1" 200 690 "binance.com" "Mozilla/5.0 (Windows NT 10.0; Win64; x64) AppleWebKit/537.36 (KHTML, like Gecko) Chrome/90.0.4430.85 Safari/537.36"
43.130.90.169 - - [12/Jan/2023:18:33:13 +0100] "GET /files/ HTTP/1.1" 404 2168 "binance.com" "Mozilla/5.0 (Windows NT 10.0; Win64; x64) AppleWebKit/537.36 (KHTML, like Gecko) Chrome/90.0.4430.85 Safari/537.36"
185.92.73.113 - - [12/Jan/2023:19:23:07 +0100] "GET /.git/config HTTP/1.1" 403 1229 "-" "python-requests/2.20.1"
199.195.250.129 - - [12/Jan/2023:19:41:32 +0100] "GET /TP/public/index.php?s=index/\\think\\app/invokefunction&function=call_user_func_array&vars[0]=md5&vars[1][]=HelloThinkPHP21 HTTP/1.1" 404 2166 "-" "Mozilla/5.0 (Windows NT 5.1) AppleWebKit/537.36 (KHTML, like Gecko) Chrome/35.0.2117.157 Safari/537.36"
2a01:4f8:120:73eb::2 - - [12/Jan/2023:21:19:52 +0100] "GET /.well-known/acme-challenge/OOI1ADP2I0C5_9M-CUUI6W5WUUZ8D_KY HTTP/1.1" 200 64 "-" "Cpanel-HTTP-Client/1.0"
2a01:4f8:120:73eb::2 - - [13/Jan/2023:00:19:49 +0100] "GET /.well-known/acme-challenge/QLEU538O-KY7T6DUUN0CEZI7CJGNIKEO HTTP/1.1" 200 64 "-" "Cpanel-HTTP-Client/1.0"
20.163.95.5 - - [13/Jan/2023:01:39:29 +0100] "GET /.well-known/ HTTP/1.1" 200 690 "binance.com" "Mozilla/5.0 (Windows NT 10.0; Win64; x64) AppleWebKit/537.36 (KHTML, like Gecko) Chrome/90.0.4430.85 Safari/537.36"
20.163.95.5 - - [13/Jan/2023:01:39:20 +0100] "GET /wp-admin/css/ HTTP/1.1" 404 2166 "binance.com" "Mozilla/5.0 (Windows NT 10.0; Win64; x64) AppleWebKit/537.36 (KHTML, like Gecko) Chrome/90.0.4430.85 Safari/537.36"
20.163.95.5 - - [13/Jan/2023:01:39:47 +0100] "GET /sites/default/files/ HTTP/1.1" 404 2167 "binance.com" "Mozilla/5.0 (Windows NT 10.0; Win64; x64) AppleWebKit/537.36 (KHTML, like Gecko) Chrome/90.0.4430.85 Safari/537.36"
20.163.95.5 - - [13/Jan/2023:01:40:08 +0100] "GET /admin/controller/extension/extension/ HTTP/1.1" 404 2167 "binance.com" "Mozilla/5.0 (Windows NT 10.0; Win64; x64) AppleWebKit/537.36 (KHTML, like Gecko) Chrome/90.0.4430.85 Safari/537.36"
20.163.95.5 - - [13/Jan/2023:01:40:13 +0100] "GET /uploads/ HTTP/1.1" 404 2167 "binance.com" "Mozilla/5.0 (Windows NT 10.0; Win64; x64) AppleWebKit/537.36 (KHTML, like Gecko) Chrome/90.0.4430.85 Safari/537.36"
20.163.95.5 - - [13/Jan/2023:01:40:17 +0100] "GET /images/ HTTP/1.1" 200 690 "binance.com" "Mozilla/5.0 (Windows NT 10.0; Win64; x64) AppleWebKit/537.36 (KHTML, like Gecko) Chrome/90.0.4430.85 Safari/537.36"
20.163.95.5 - - [13/Jan/2023:01:40:21 +0100] "GET /files/ HTTP/1.1" 404 2165 "binance.com" "Mozilla/5.0 (Windows NT 10.0; Win64; x64) AppleWebKit/537.36 (KHTML, like Gecko) Chrome/90.0.4430.85 Safari/537.36"
